{"id":319852,"date":"2026-02-19T11:21:47","date_gmt":"2026-02-19T16:21:47","guid":{"rendered":"https:\/\/arriendo.com\/co\/%es_type%\/%address_city%\/%neighborhood%\/bello-cabanitas-apartamento-en-arriendo-en-b6c5a0\/"},"modified":"2026-02-19T11:21:47","modified_gmt":"2026-02-19T16:21:47","slug":"AR-319852","status":"publish","type":"properties","link":"https:\/\/arriendo.com\/co\/apartamentos\/bello\/cabanitas\/AR-319852\/","title":{"rendered":"Apartamento en Arriendo en Caba\u00f1itas, Bello"},"content":{"rendered":"<p>Se arrienda apartamento de 2 habitaciones, cada una equipada con closet, ideal para tu comodidad. Cuenta con 2 ba\u00f1os cabinados, perfectos para mantener la privacidad. La cocina integral es espaciosa y funcional, ideal para preparar tus platillos favoritos. Disfruta de un acogedor balc\u00f3n, perfecto para relajarte al aire libre. Adem\u00e1s, el apartamento incluye parqueadero privado, brindando seguridad y comodidad para tu veh\u00edculo. Ubicado en una excelente zona de La Frontera, Envigado, cerca de comercios, transporte p\u00fablico y \u00e1reas recreativas. \u00a1No pierdas la oportunidad de vivir en este maravilloso lugar !Para m\u00e1s informaci\u00f3n o para agendar una visita, no dudes en contactarnos. ***<\/p>\n","protected":false},"excerpt":{"rendered":"Se arrienda apartamento de 2 habitaciones, cada una equipada con...","protected":false},"author":8198,"featured_media":319855,"template":"","es_locations":[79,538,2863],"es_categories":[124],"es_types":[114],"es_rent_periods":[],"es_labels":[],"es_statuses":[],"es_parkings":[],"es_roofs":[],"es_exterior_materials":[],"es_basements":[],"es_floor_coverings":[],"es_features":[2263,2145,2146,2147,2388,2178,145,2216,2272,2182,2228,2241,2151,2185,2152],"es_amenities":[2269,2153,2155,2156,2395,2193,2160,156,2273,159,2258,2259,162,2173,2162],"es_neighborhoods":[],"es_tags":[],"class_list":["post-319852","properties","type-properties","status-publish","has-post-thumbnail","hentry","es_location-antioquia","es_location-bello","es_location-cabanitas","es_category-arriendo","es_type-apartamentos","es_feature-barra-estilo-americano","es_feature-calentador","es_feature-cocina-integral","es_feature-cocina-tipo-americano","es_feature-control-de-acceso-digital","es_feature-garaje-cubierto","es_feature-instalacion-de-gas","es_feature-parqueadero-visitantes","es_feature-piso-en-baldosa-marmol","es_feature-salon-comunal","es_feature-ventilacion-natural","es_feature-vigilancia-24x7","es_feature-zona-de-lavanderia","es_feature-zona-infantil","es_feature-zona-residencial","es_amenity-barra-estilo-americano","es_amenity-calentador","es_amenity-cocina-integral","es_amenity-cocina-tipo-americano","es_amenity-control-de-acceso-digital","es_amenity-garaje-cubierto","es_amenity-instalacion-de-gas","es_amenity-parqueadero-visitantes","es_amenity-piso-en-baldosa-marmol","es_amenity-salon-comunal","es_amenity-ventilacion-natural","es_amenity-vigilancia-24x7","es_amenity-zona-de-lavanderia","es_amenity-zona-infantil","es_amenity-zona-residencial","es-post-entity"],"_links":{"self":[{"href":"https:\/\/arriendo.com\/co\/wp-json\/wp\/v2\/properties\/319852","targetHints":{"allow":["GET"]}}],"collection":[{"href":"https:\/\/arriendo.com\/co\/wp-json\/wp\/v2\/properties"}],"about":[{"href":"https:\/\/arriendo.com\/co\/wp-json\/wp\/v2\/types\/properties"}],"author":[{"embeddable":true,"href":"https:\/\/arriendo.com\/co\/wp-json\/wp\/v2\/users\/8198"}],"version-history":[{"count":0,"href":"https:\/\/arriendo.com\/co\/wp-json\/wp\/v2\/properties\/319852\/revisions"}],"wp:featuredmedia":[{"embeddable":true,"href":"https:\/\/arriendo.com\/co\/wp-json\/wp\/v2\/media\/319855"}],"wp:attachment":[{"href":"https:\/\/arriendo.com\/co\/wp-json\/wp\/v2\/media?parent=319852"}],"wp:term":[{"taxonomy":"es_location","embeddable":true,"href":"https:\/\/arriendo.com\/co\/wp-json\/wp\/v2\/es_locations?post=319852"},{"taxonomy":"es_category","embeddable":true,"href":"https:\/\/arriendo.com\/co\/wp-json\/wp\/v2\/es_categories?post=319852"},{"taxonomy":"es_type","embeddable":true,"href":"https:\/\/arriendo.com\/co\/wp-json\/wp\/v2\/es_types?post=319852"},{"taxonomy":"es_rent_period","embeddable":true,"href":"https:\/\/arriendo.com\/co\/wp-json\/wp\/v2\/es_rent_periods?post=319852"},{"taxonomy":"es_label","embeddable":true,"href":"https:\/\/arriendo.com\/co\/wp-json\/wp\/v2\/es_labels?post=319852"},{"taxonomy":"es_status","embeddable":true,"href":"https:\/\/arriendo.com\/co\/wp-json\/wp\/v2\/es_statuses?post=319852"},{"taxonomy":"es_parking","embeddable":true,"href":"https:\/\/arriendo.com\/co\/wp-json\/wp\/v2\/es_parkings?post=319852"},{"taxonomy":"es_roof","embeddable":true,"href":"https:\/\/arriendo.com\/co\/wp-json\/wp\/v2\/es_roofs?post=319852"},{"taxonomy":"es_exterior_material","embeddable":true,"href":"https:\/\/arriendo.com\/co\/wp-json\/wp\/v2\/es_exterior_materials?post=319852"},{"taxonomy":"es_basement","embeddable":true,"href":"https:\/\/arriendo.com\/co\/wp-json\/wp\/v2\/es_basements?post=319852"},{"taxonomy":"es_floor_covering","embeddable":true,"href":"https:\/\/arriendo.com\/co\/wp-json\/wp\/v2\/es_floor_coverings?post=319852"},{"taxonomy":"es_feature","embeddable":true,"href":"https:\/\/arriendo.com\/co\/wp-json\/wp\/v2\/es_features?post=319852"},{"taxonomy":"es_amenity","embeddable":true,"href":"https:\/\/arriendo.com\/co\/wp-json\/wp\/v2\/es_amenities?post=319852"},{"taxonomy":"es_neighborhood","embeddable":true,"href":"https:\/\/arriendo.com\/co\/wp-json\/wp\/v2\/es_neighborhoods?post=319852"},{"taxonomy":"es_tag","embeddable":true,"href":"https:\/\/arriendo.com\/co\/wp-json\/wp\/v2\/es_tags?post=319852"}],"curies":[{"name":"wp","href":"https:\/\/api.w.org\/{rel}","templated":true}]}}

Apartamento en Arriendo en Cabañitas, Bello

<p>Se arrienda apartamento de 2 habitaciones, cada una equipada con closet, ideal para tu comodidad. Cuenta con 2 baños cabinados, perfectos para mantener la privacidad. La cocina integral es espaciosa y funcional, ideal para preparar tus platillos favoritos. Disfruta de un acogedor balcón, perfecto para relajarte al aire libre. Además, el apartamento incluye parqueadero privado, brindando seguridad y comodidad para tu vehículo. Ubicado en una excelente zona de La Frontera, Envigado, cerca de comercios, transporte público y áreas recreativas. ¡No pierdas la oportunidad de vivir en este maravilloso lugar !Para más información o para agendar una visita, no dudes en contactarnos. ***</p>
