{"id":318862,"date":"2026-02-19T11:00:08","date_gmt":"2026-02-19T16:00:08","guid":{"rendered":"https:\/\/arriendo.com\/co\/%es_type%\/%address_city%\/%neighborhood%\/envigado-la-abadia-apartamento-en-arriendo-en-86709d\/"},"modified":"2026-02-19T11:00:08","modified_gmt":"2026-02-19T16:00:08","slug":"AR-318862","status":"publish","type":"properties","link":"https:\/\/arriendo.com\/co\/apartamentos\/envigado\/la-abadia\/AR-318862\/","title":{"rendered":"Apartamento en Arriendo en La abadia, Envigado"},"content":{"rendered":"<p>Apartamento de 140 m\u00b2 en arriendo, ubicado en el  sector La Abad\u00eda de Envigado. Este hogar, situado en el piso 13 de una urbanizaci\u00f3n cerrada, ofrece un estilo de vida tranquilo y seguro. Disfrute de amplios espacios que incluyen una luminosa sala comedor, una moderna cocina integral equipada con horno y extractor, y una pr\u00e1ctica zona de ropas.<\/p>\n<p>La propiedad cuenta con tres espaciosas alcobas, una de ellas con vestier y las otras dos con cl\u00f3set, adem\u00e1s de una alcoba de servicio con ba\u00f1o privado, sumando un total de cinco ba\u00f1os elegantemente terminados. Un estudio independiente proporciona el espacio ideal para trabajar<br \/>\nRel\u00e1jese y admire las vistas desde sus dos balcones privados.<\/p>\n<p>Complementan esta oferta dos parqueaderos paralelos y un cuarto \u00fatil, garantizando comodidad y almacenamiento adicional. Todo esto por un precio de $7\u2019800.000. No pierda la oportunidad<\/p>\n","protected":false},"excerpt":{"rendered":"Apartamento de 140 m\u00b2 en arriendo, ubicado en el sector...","protected":false},"author":8360,"featured_media":318865,"template":"","es_locations":[79,511,3078],"es_categories":[124],"es_types":[114],"es_rent_periods":[],"es_labels":[],"es_statuses":[],"es_parkings":[],"es_roofs":[],"es_exterior_materials":[],"es_basements":[],"es_floor_coverings":[],"es_features":[131,132,2212,2145,2211,2131,133,2146,2196,136,145,2216,2132,2272,2133,2181,2150,2136,144,2185,2152,2204],"es_amenities":[152,2186,2217,2153,2210,2139,2154,2155,2197,2158,2160,156,2140,2273,158,2161,2143,161,2289,2173,2162,2209],"es_neighborhoods":[],"es_tags":[],"class_list":["post-318862","properties","type-properties","status-publish","has-post-thumbnail","hentry","es_location-antioquia","es_location-envigado","es_location-la-abadia","es_category-arriendo","es_type-apartamentos","es_feature-ascensor","es_feature-balcon","es_feature-bano-auxiliar","es_feature-calentador","es_feature-canchas-deportivas","es_feature-circuito-cerrado-de-tv","es_feature-citofono","es_feature-cocina-integral","es_feature-en-conjunto-cerrado","es_feature-estudio","es_feature-instalacion-de-gas","es_feature-parqueadero-visitantes","es_feature-parques-cercanos","es_feature-piso-en-baldosa-marmol","es_feature-porteria-recepcion","es_feature-porteria-vigilancia","es_feature-supermercados-c-comerciales","es_feature-trans-publico-cercano","es_feature-vista-panoramica","es_feature-zona-infantil","es_feature-zona-residencial","es_feature-zonas-verdes","es_amenity-ascensor-privado","es_amenity-balcon","es_amenity-bano-auxiliar","es_amenity-calentador","es_amenity-canchas-deportivas","es_amenity-circuito-cerrado-de-tv","es_amenity-citofono","es_amenity-cocina-integral","es_amenity-en-conjunto-cerrado","es_amenity-estudio","es_amenity-instalacion-de-gas","es_amenity-parqueadero-visitantes","es_amenity-parques-cercanos","es_amenity-piso-en-baldosa-marmol","es_amenity-porteria-recepcion","es_amenity-supermercados-c-comerciales","es_amenity-trans-publico-cercano","es_amenity-vigilancia-24-7","es_amenity-vista-panoramica","es_amenity-zona-infantil","es_amenity-zona-residencial","es_amenity-zonas-verdes","es-post-entity"],"_links":{"self":[{"href":"https:\/\/arriendo.com\/co\/wp-json\/wp\/v2\/properties\/318862","targetHints":{"allow":["GET"]}}],"collection":[{"href":"https:\/\/arriendo.com\/co\/wp-json\/wp\/v2\/properties"}],"about":[{"href":"https:\/\/arriendo.com\/co\/wp-json\/wp\/v2\/types\/properties"}],"author":[{"embeddable":true,"href":"https:\/\/arriendo.com\/co\/wp-json\/wp\/v2\/users\/8360"}],"version-history":[{"count":0,"href":"https:\/\/arriendo.com\/co\/wp-json\/wp\/v2\/properties\/318862\/revisions"}],"wp:featuredmedia":[{"embeddable":true,"href":"https:\/\/arriendo.com\/co\/wp-json\/wp\/v2\/media\/318865"}],"wp:attachment":[{"href":"https:\/\/arriendo.com\/co\/wp-json\/wp\/v2\/media?parent=318862"}],"wp:term":[{"taxonomy":"es_location","embeddable":true,"href":"https:\/\/arriendo.com\/co\/wp-json\/wp\/v2\/es_locations?post=318862"},{"taxonomy":"es_category","embeddable":true,"href":"https:\/\/arriendo.com\/co\/wp-json\/wp\/v2\/es_categories?post=318862"},{"taxonomy":"es_type","embeddable":true,"href":"https:\/\/arriendo.com\/co\/wp-json\/wp\/v2\/es_types?post=318862"},{"taxonomy":"es_rent_period","embeddable":true,"href":"https:\/\/arriendo.com\/co\/wp-json\/wp\/v2\/es_rent_periods?post=318862"},{"taxonomy":"es_label","embeddable":true,"href":"https:\/\/arriendo.com\/co\/wp-json\/wp\/v2\/es_labels?post=318862"},{"taxonomy":"es_status","embeddable":true,"href":"https:\/\/arriendo.com\/co\/wp-json\/wp\/v2\/es_statuses?post=318862"},{"taxonomy":"es_parking","embeddable":true,"href":"https:\/\/arriendo.com\/co\/wp-json\/wp\/v2\/es_parkings?post=318862"},{"taxonomy":"es_roof","embeddable":true,"href":"https:\/\/arriendo.com\/co\/wp-json\/wp\/v2\/es_roofs?post=318862"},{"taxonomy":"es_exterior_material","embeddable":true,"href":"https:\/\/arriendo.com\/co\/wp-json\/wp\/v2\/es_exterior_materials?post=318862"},{"taxonomy":"es_basement","embeddable":true,"href":"https:\/\/arriendo.com\/co\/wp-json\/wp\/v2\/es_basements?post=318862"},{"taxonomy":"es_floor_covering","embeddable":true,"href":"https:\/\/arriendo.com\/co\/wp-json\/wp\/v2\/es_floor_coverings?post=318862"},{"taxonomy":"es_feature","embeddable":true,"href":"https:\/\/arriendo.com\/co\/wp-json\/wp\/v2\/es_features?post=318862"},{"taxonomy":"es_amenity","embeddable":true,"href":"https:\/\/arriendo.com\/co\/wp-json\/wp\/v2\/es_amenities?post=318862"},{"taxonomy":"es_neighborhood","embeddable":true,"href":"https:\/\/arriendo.com\/co\/wp-json\/wp\/v2\/es_neighborhoods?post=318862"},{"taxonomy":"es_tag","embeddable":true,"href":"https:\/\/arriendo.com\/co\/wp-json\/wp\/v2\/es_tags?post=318862"}],"curies":[{"name":"wp","href":"https:\/\/api.w.org\/{rel}","templated":true}]}}

<p>Apartamento de 140 m² en arriendo, ubicado en el  sector La Abadía de Envigado. Este hogar, situado en el piso 13 de una urbanización cerrada, ofrece un estilo de vida tranquilo y seguro. Disfrute de amplios espacios que incluyen una luminosa sala comedor, una moderna cocina integral equipada con horno y extractor, y una práctica zona de ropas.</p>
<p>La propiedad cuenta con tres espaciosas alcobas, una de ellas con vestier y las otras dos con clóset, además de una alcoba de servicio con baño privado, sumando un total de cinco baños elegantemente terminados. Un estudio independiente proporciona el espacio ideal para trabajar<br />
Relájese y admire las vistas desde sus dos balcones privados.</p>
<p>Complementan esta oferta dos parqueaderos paralelos y un cuarto útil, garantizando comodidad y almacenamiento adicional. Todo esto por un precio de $7’800.000. No pierda la oportunidad</p>
