{"id":318797,"date":"2026-02-19T10:59:10","date_gmt":"2026-02-19T15:59:10","guid":{"rendered":"https:\/\/arriendo.com\/co\/%es_type%\/%address_city%\/%neighborhood%\/sabaneta-calle-larga-oficina-en-arriendo-en-e56fcd\/"},"modified":"2026-02-19T10:59:10","modified_gmt":"2026-02-19T15:59:10","slug":"AR-318797","status":"publish","type":"properties","link":"https:\/\/arriendo.com\/co\/oficinas\/sabaneta\/calle-larga\/AR-318797\/","title":{"rendered":"Oficina en Arriendo en Calle larga, Sabaneta"},"content":{"rendered":"<p>Oficina de 11 m\u00b2 en el sector de Calle Larga, Sabaneta. Ideal para profesionales y emprendedores que buscan un espacio funcional y bien ubicado. Disfrute de la comodidad de un ba\u00f1o social y la facilidad de parqueaderos para visitantes. Su ubicaci\u00f3n estrat\u00e9gica garantiza excelentes rutas de transporte p\u00fablico y cercan\u00eda a la estaci\u00f3n del metro, facilitando el acceso para usted y sus clientes. Adem\u00e1s, estar\u00e1 inmerso en una din\u00e1mica zona comercial con todos los servicios a su alcance. Todo esto por un valor de $950.000 + IVA.<\/p>\n","protected":false},"excerpt":{"rendered":"Oficina de 11 m\u00b2 en el sector de Calle Larga,...","protected":false},"author":8360,"featured_media":318800,"template":"","es_locations":[79,3161,473],"es_categories":[124],"es_types":[116],"es_rent_periods":[],"es_labels":[],"es_statuses":[],"es_parkings":[],"es_roofs":[],"es_exterior_materials":[],"es_basements":[],"es_floor_coverings":[],"es_features":[131,2130,2216,2135,2136,2137,2300,2152],"es_amenities":[152,2138,156,2142,2143,2144,2301,2162],"es_neighborhoods":[],"es_tags":[],"class_list":["post-318797","properties","type-properties","status-publish","has-post-thumbnail","hentry","es_location-antioquia","es_location-calle-larga","es_location-sabaneta","es_category-arriendo","es_type-oficinas","es_feature-ascensor","es_feature-banos-comunales","es_feature-parqueadero-visitantes","es_feature-sobre-via-principal","es_feature-trans-publico-cercano","es_feature-zona-comercial","es_feature-zona-industrial","es_feature-zona-residencial","es_amenity-ascensor-privado","es_amenity-banos-comunales","es_amenity-parqueadero-visitantes","es_amenity-sobre-via-principal","es_amenity-trans-publico-cercano","es_amenity-zona-comercial","es_amenity-zona-industrial","es_amenity-zona-residencial","es-post-entity"],"_links":{"self":[{"href":"https:\/\/arriendo.com\/co\/wp-json\/wp\/v2\/properties\/318797","targetHints":{"allow":["GET"]}}],"collection":[{"href":"https:\/\/arriendo.com\/co\/wp-json\/wp\/v2\/properties"}],"about":[{"href":"https:\/\/arriendo.com\/co\/wp-json\/wp\/v2\/types\/properties"}],"author":[{"embeddable":true,"href":"https:\/\/arriendo.com\/co\/wp-json\/wp\/v2\/users\/8360"}],"version-history":[{"count":0,"href":"https:\/\/arriendo.com\/co\/wp-json\/wp\/v2\/properties\/318797\/revisions"}],"wp:featuredmedia":[{"embeddable":true,"href":"https:\/\/arriendo.com\/co\/wp-json\/wp\/v2\/media\/318800"}],"wp:attachment":[{"href":"https:\/\/arriendo.com\/co\/wp-json\/wp\/v2\/media?parent=318797"}],"wp:term":[{"taxonomy":"es_location","embeddable":true,"href":"https:\/\/arriendo.com\/co\/wp-json\/wp\/v2\/es_locations?post=318797"},{"taxonomy":"es_category","embeddable":true,"href":"https:\/\/arriendo.com\/co\/wp-json\/wp\/v2\/es_categories?post=318797"},{"taxonomy":"es_type","embeddable":true,"href":"https:\/\/arriendo.com\/co\/wp-json\/wp\/v2\/es_types?post=318797"},{"taxonomy":"es_rent_period","embeddable":true,"href":"https:\/\/arriendo.com\/co\/wp-json\/wp\/v2\/es_rent_periods?post=318797"},{"taxonomy":"es_label","embeddable":true,"href":"https:\/\/arriendo.com\/co\/wp-json\/wp\/v2\/es_labels?post=318797"},{"taxonomy":"es_status","embeddable":true,"href":"https:\/\/arriendo.com\/co\/wp-json\/wp\/v2\/es_statuses?post=318797"},{"taxonomy":"es_parking","embeddable":true,"href":"https:\/\/arriendo.com\/co\/wp-json\/wp\/v2\/es_parkings?post=318797"},{"taxonomy":"es_roof","embeddable":true,"href":"https:\/\/arriendo.com\/co\/wp-json\/wp\/v2\/es_roofs?post=318797"},{"taxonomy":"es_exterior_material","embeddable":true,"href":"https:\/\/arriendo.com\/co\/wp-json\/wp\/v2\/es_exterior_materials?post=318797"},{"taxonomy":"es_basement","embeddable":true,"href":"https:\/\/arriendo.com\/co\/wp-json\/wp\/v2\/es_basements?post=318797"},{"taxonomy":"es_floor_covering","embeddable":true,"href":"https:\/\/arriendo.com\/co\/wp-json\/wp\/v2\/es_floor_coverings?post=318797"},{"taxonomy":"es_feature","embeddable":true,"href":"https:\/\/arriendo.com\/co\/wp-json\/wp\/v2\/es_features?post=318797"},{"taxonomy":"es_amenity","embeddable":true,"href":"https:\/\/arriendo.com\/co\/wp-json\/wp\/v2\/es_amenities?post=318797"},{"taxonomy":"es_neighborhood","embeddable":true,"href":"https:\/\/arriendo.com\/co\/wp-json\/wp\/v2\/es_neighborhoods?post=318797"},{"taxonomy":"es_tag","embeddable":true,"href":"https:\/\/arriendo.com\/co\/wp-json\/wp\/v2\/es_tags?post=318797"}],"curies":[{"name":"wp","href":"https:\/\/api.w.org\/{rel}","templated":true}]}}

<p>Oficina de 11 m² en el sector de Calle Larga, Sabaneta. Ideal para profesionales y emprendedores que buscan un espacio funcional y bien ubicado. Disfrute de la comodidad de un baño social y la facilidad de parqueaderos para visitantes. Su ubicación estratégica garantiza excelentes rutas de transporte público y cercanía a la estación del metro, facilitando el acceso para usted y sus clientes. Además, estará inmerso en una dinámica zona comercial con todos los servicios a su alcance. Todo esto por un valor de $950.000 + IVA.</p>
