{"id":317958,"date":"2026-02-19T10:34:44","date_gmt":"2026-02-19T15:34:44","guid":{"rendered":"https:\/\/arriendo.com\/co\/%es_type%\/%address_city%\/%neighborhood%\/pereira-sector-plaza-de-bolivar-oficina-en-arriendo-en-467a4a\/"},"modified":"2026-02-19T10:34:44","modified_gmt":"2026-02-19T15:34:44","slug":"AR-317958","status":"publish","type":"properties","link":"https:\/\/arriendo.com\/co\/oficinas\/pereira\/sector-plaza-de-bolivar\/AR-317958\/","title":{"rendered":"Oficina en arriendo en Sector plaza de bolivar, Pereira"},"content":{"rendered":"<p>Se renta local amplio primer piso 270m2,  segundo piso 270m2,  tercer piso 370m2 y parqueadero 200m2,  cuenta con 6 ba\u00f1os,  3 cocinetas,  2 dep\u00f3sitos,  terraza,  2 tanques de reserva,  el parqueadero tiene capacidad aproximadamente para 15 motos y 8 carros,  tambi\u00e9n cuenta con 4 botones de p\u00e1nico,  4 de humo y sensores de movimiento. El valor de $30.000.000 es mas IVA.<\/p>\n","protected":false},"excerpt":{"rendered":"Se renta local amplio primer piso 270m2, segundo piso 270m2,...","protected":false},"author":1753,"featured_media":317961,"template":"","es_locations":[231,102,2704],"es_categories":[124],"es_types":[116],"es_rent_periods":[],"es_labels":[],"es_statuses":[],"es_parkings":[],"es_roofs":[],"es_exterior_materials":[],"es_basements":[],"es_floor_coverings":[],"es_features":[2427,2328,2302,2132,2272,2134,2135,2136,2137],"es_amenities":[2431,2330,2303,2140,2273,2141,2142,2143,2144],"es_neighborhoods":[],"es_tags":[],"class_list":["post-317958","properties","type-properties","status-publish","has-post-thumbnail","hentry","es_location-pereira","es_location-risaralda","es_location-sector-plaza-de-bolivar","es_category-arriendo","es_type-oficinas","es_feature-alarma-contra-incendio","es_feature-banos-mixtos","es_feature-cocineta","es_feature-parques-cercanos","es_feature-piso-en-baldosa-marmol","es_feature-servicios-publicos","es_feature-sobre-via-principal","es_feature-trans-publico-cercano","es_feature-zona-comercial","es_amenity-alarma-contra-incendio","es_amenity-banos-mixtos","es_amenity-cocineta","es_amenity-parques-cercanos","es_amenity-piso-en-baldosa-marmol","es_amenity-servicios-publicos","es_amenity-sobre-via-principal","es_amenity-trans-publico-cercano","es_amenity-zona-comercial","es-post-entity"],"_links":{"self":[{"href":"https:\/\/arriendo.com\/co\/wp-json\/wp\/v2\/properties\/317958","targetHints":{"allow":["GET"]}}],"collection":[{"href":"https:\/\/arriendo.com\/co\/wp-json\/wp\/v2\/properties"}],"about":[{"href":"https:\/\/arriendo.com\/co\/wp-json\/wp\/v2\/types\/properties"}],"author":[{"embeddable":true,"href":"https:\/\/arriendo.com\/co\/wp-json\/wp\/v2\/users\/1753"}],"version-history":[{"count":0,"href":"https:\/\/arriendo.com\/co\/wp-json\/wp\/v2\/properties\/317958\/revisions"}],"wp:featuredmedia":[{"embeddable":true,"href":"https:\/\/arriendo.com\/co\/wp-json\/wp\/v2\/media\/317961"}],"wp:attachment":[{"href":"https:\/\/arriendo.com\/co\/wp-json\/wp\/v2\/media?parent=317958"}],"wp:term":[{"taxonomy":"es_location","embeddable":true,"href":"https:\/\/arriendo.com\/co\/wp-json\/wp\/v2\/es_locations?post=317958"},{"taxonomy":"es_category","embeddable":true,"href":"https:\/\/arriendo.com\/co\/wp-json\/wp\/v2\/es_categories?post=317958"},{"taxonomy":"es_type","embeddable":true,"href":"https:\/\/arriendo.com\/co\/wp-json\/wp\/v2\/es_types?post=317958"},{"taxonomy":"es_rent_period","embeddable":true,"href":"https:\/\/arriendo.com\/co\/wp-json\/wp\/v2\/es_rent_periods?post=317958"},{"taxonomy":"es_label","embeddable":true,"href":"https:\/\/arriendo.com\/co\/wp-json\/wp\/v2\/es_labels?post=317958"},{"taxonomy":"es_status","embeddable":true,"href":"https:\/\/arriendo.com\/co\/wp-json\/wp\/v2\/es_statuses?post=317958"},{"taxonomy":"es_parking","embeddable":true,"href":"https:\/\/arriendo.com\/co\/wp-json\/wp\/v2\/es_parkings?post=317958"},{"taxonomy":"es_roof","embeddable":true,"href":"https:\/\/arriendo.com\/co\/wp-json\/wp\/v2\/es_roofs?post=317958"},{"taxonomy":"es_exterior_material","embeddable":true,"href":"https:\/\/arriendo.com\/co\/wp-json\/wp\/v2\/es_exterior_materials?post=317958"},{"taxonomy":"es_basement","embeddable":true,"href":"https:\/\/arriendo.com\/co\/wp-json\/wp\/v2\/es_basements?post=317958"},{"taxonomy":"es_floor_covering","embeddable":true,"href":"https:\/\/arriendo.com\/co\/wp-json\/wp\/v2\/es_floor_coverings?post=317958"},{"taxonomy":"es_feature","embeddable":true,"href":"https:\/\/arriendo.com\/co\/wp-json\/wp\/v2\/es_features?post=317958"},{"taxonomy":"es_amenity","embeddable":true,"href":"https:\/\/arriendo.com\/co\/wp-json\/wp\/v2\/es_amenities?post=317958"},{"taxonomy":"es_neighborhood","embeddable":true,"href":"https:\/\/arriendo.com\/co\/wp-json\/wp\/v2\/es_neighborhoods?post=317958"},{"taxonomy":"es_tag","embeddable":true,"href":"https:\/\/arriendo.com\/co\/wp-json\/wp\/v2\/es_tags?post=317958"}],"curies":[{"name":"wp","href":"https:\/\/api.w.org\/{rel}","templated":true}]}}

<p>Se renta local amplio primer piso 270m2,  segundo piso 270m2,  tercer piso 370m2 y parqueadero 200m2,  cuenta con 6 baños,  3 cocinetas,  2 depósitos,  terraza,  2 tanques de reserva,  el parqueadero tiene capacidad aproximadamente para 15 motos y 8 carros,  también cuenta con 4 botones de pánico,  4 de humo y sensores de movimiento. El valor de $30.000.000 es mas IVA.</p>
