{"id":317917,"date":"2026-02-19T10:33:56","date_gmt":"2026-02-19T15:33:56","guid":{"rendered":"https:\/\/arriendo.com\/co\/%es_type%\/%address_city%\/%neighborhood%\/pereira-san-jose-sur-apartamento-en-arriendo-en-4526ac\/"},"modified":"2026-02-19T10:33:56","modified_gmt":"2026-02-19T15:33:56","slug":"AR-317917","status":"publish","type":"properties","link":"https:\/\/arriendo.com\/co\/apartamentos\/pereira\/san-jose-sur\/AR-317917\/","title":{"rendered":"Apartamento en arriendo en San jose sur, Pereira"},"content":{"rendered":"<p>e renta Excelente aparta estudio amoblado en el centro de la ciudad incluye servicio de internet, cerca de universidades, supermercados, parques, restaurantes, el aparta estudio est\u00e1 en \u00f3ptimas condiciones y muy completo. Para mayor informaci\u00f3n cont\u00e1ctanos<\/p>\n","protected":false},"excerpt":{"rendered":"e renta Excelente aparta estudio amoblado en el centro de...","protected":false},"author":1753,"featured_media":317920,"template":"","es_locations":[231,102,2705],"es_categories":[124],"es_types":[114],"es_rent_periods":[],"es_labels":[],"es_statuses":[],"es_parkings":[],"es_roofs":[],"es_exterior_materials":[],"es_basements":[],"es_floor_coverings":[],"es_features":[2145,2146,145,2368,2272,2135,2150,2136,2137],"es_amenities":[2153,2155,2160,2369,2273,2142,2161,2143,2144],"es_neighborhoods":[],"es_tags":[],"class_list":["post-317917","properties","type-properties","status-publish","has-post-thumbnail","hentry","es_location-pereira","es_location-risaralda","es_location-san-jose-sur","es_category-arriendo","es_type-apartamentos","es_feature-calentador","es_feature-cocina-integral","es_feature-instalacion-de-gas","es_feature-loft","es_feature-piso-en-baldosa-marmol","es_feature-sobre-via-principal","es_feature-supermercados-c-comerciales","es_feature-trans-publico-cercano","es_feature-zona-comercial","es_amenity-calentador","es_amenity-cocina-integral","es_amenity-instalacion-de-gas","es_amenity-loft","es_amenity-piso-en-baldosa-marmol","es_amenity-sobre-via-principal","es_amenity-supermercados-c-comerciales","es_amenity-trans-publico-cercano","es_amenity-zona-comercial","es-post-entity"],"_links":{"self":[{"href":"https:\/\/arriendo.com\/co\/wp-json\/wp\/v2\/properties\/317917","targetHints":{"allow":["GET"]}}],"collection":[{"href":"https:\/\/arriendo.com\/co\/wp-json\/wp\/v2\/properties"}],"about":[{"href":"https:\/\/arriendo.com\/co\/wp-json\/wp\/v2\/types\/properties"}],"author":[{"embeddable":true,"href":"https:\/\/arriendo.com\/co\/wp-json\/wp\/v2\/users\/1753"}],"version-history":[{"count":0,"href":"https:\/\/arriendo.com\/co\/wp-json\/wp\/v2\/properties\/317917\/revisions"}],"wp:featuredmedia":[{"embeddable":true,"href":"https:\/\/arriendo.com\/co\/wp-json\/wp\/v2\/media\/317920"}],"wp:attachment":[{"href":"https:\/\/arriendo.com\/co\/wp-json\/wp\/v2\/media?parent=317917"}],"wp:term":[{"taxonomy":"es_location","embeddable":true,"href":"https:\/\/arriendo.com\/co\/wp-json\/wp\/v2\/es_locations?post=317917"},{"taxonomy":"es_category","embeddable":true,"href":"https:\/\/arriendo.com\/co\/wp-json\/wp\/v2\/es_categories?post=317917"},{"taxonomy":"es_type","embeddable":true,"href":"https:\/\/arriendo.com\/co\/wp-json\/wp\/v2\/es_types?post=317917"},{"taxonomy":"es_rent_period","embeddable":true,"href":"https:\/\/arriendo.com\/co\/wp-json\/wp\/v2\/es_rent_periods?post=317917"},{"taxonomy":"es_label","embeddable":true,"href":"https:\/\/arriendo.com\/co\/wp-json\/wp\/v2\/es_labels?post=317917"},{"taxonomy":"es_status","embeddable":true,"href":"https:\/\/arriendo.com\/co\/wp-json\/wp\/v2\/es_statuses?post=317917"},{"taxonomy":"es_parking","embeddable":true,"href":"https:\/\/arriendo.com\/co\/wp-json\/wp\/v2\/es_parkings?post=317917"},{"taxonomy":"es_roof","embeddable":true,"href":"https:\/\/arriendo.com\/co\/wp-json\/wp\/v2\/es_roofs?post=317917"},{"taxonomy":"es_exterior_material","embeddable":true,"href":"https:\/\/arriendo.com\/co\/wp-json\/wp\/v2\/es_exterior_materials?post=317917"},{"taxonomy":"es_basement","embeddable":true,"href":"https:\/\/arriendo.com\/co\/wp-json\/wp\/v2\/es_basements?post=317917"},{"taxonomy":"es_floor_covering","embeddable":true,"href":"https:\/\/arriendo.com\/co\/wp-json\/wp\/v2\/es_floor_coverings?post=317917"},{"taxonomy":"es_feature","embeddable":true,"href":"https:\/\/arriendo.com\/co\/wp-json\/wp\/v2\/es_features?post=317917"},{"taxonomy":"es_amenity","embeddable":true,"href":"https:\/\/arriendo.com\/co\/wp-json\/wp\/v2\/es_amenities?post=317917"},{"taxonomy":"es_neighborhood","embeddable":true,"href":"https:\/\/arriendo.com\/co\/wp-json\/wp\/v2\/es_neighborhoods?post=317917"},{"taxonomy":"es_tag","embeddable":true,"href":"https:\/\/arriendo.com\/co\/wp-json\/wp\/v2\/es_tags?post=317917"}],"curies":[{"name":"wp","href":"https:\/\/api.w.org\/{rel}","templated":true}]}}

<p>e renta Excelente aparta estudio amoblado en el centro de la ciudad incluye servicio de internet, cerca de universidades, supermercados, parques, restaurantes, el aparta estudio está en óptimas condiciones y muy completo. Para mayor información contáctanos</p>
