{"id":317874,"date":"2026-02-19T10:33:09","date_gmt":"2026-02-19T15:33:09","guid":{"rendered":"https:\/\/arriendo.com\/co\/%es_type%\/%address_city%\/%neighborhood%\/pereira-los-alpes-apartaestudio-en-arriendo-en-5e5d7d\/"},"modified":"2026-02-19T10:33:10","modified_gmt":"2026-02-19T15:33:10","slug":"AR-317874","status":"publish","type":"properties","link":"https:\/\/arriendo.com\/co\/apartaestudios\/pereira\/los-alpes\/AR-317874\/","title":{"rendered":"Apartaestudio en Arriendo en Los alpes, Pereira"},"content":{"rendered":"<p>Se arrienda apartaestudio amoblado en la Circunvalar de Pereira, consta de 1 habitaci\u00f3n, 2 ba\u00f1os, sala-comedor, cocina, zona de ropa, balc\u00f3n y parqueadero, se encuentra cerca de centros comerciales, droguer\u00edas, restaurantes, v\u00eda principal, f\u00e1cil acceso al transporte p\u00fablico para m\u00e1s informaci\u00f3n comunicarse al ***<\/p>\n","protected":false},"excerpt":{"rendered":"Se arrienda apartaestudio amoblado en la Circunvalar de Pereira, consta...","protected":false},"author":1753,"featured_media":317877,"template":"","es_locations":[2768,231,102],"es_categories":[124],"es_types":[299],"es_rent_periods":[],"es_labels":[],"es_statuses":[],"es_parkings":[],"es_roofs":[],"es_exterior_materials":[],"es_basements":[],"es_floor_coverings":[],"es_features":[2262,131,132,2145,133,2146,2148,2149,145,2216,2132,2133,2181,2182,2135,2150,2136,2137],"es_amenities":[2267,152,2186,2153,2154,2155,2157,2159,2160,156,2140,158,159,2142,2161,2143,161,2144],"es_neighborhoods":[],"es_tags":[],"class_list":["post-317874","properties","type-properties","status-publish","has-post-thumbnail","hentry","es_location-los-alpes","es_location-pereira","es_location-risaralda","es_category-arriendo","es_type-apartaestudios","es_feature-amoblado","es_feature-ascensor","es_feature-balcon","es_feature-calentador","es_feature-citofono","es_feature-cocina-integral","es_feature-colegios-universidades","es_feature-garajes","es_feature-instalacion-de-gas","es_feature-parqueadero-visitantes","es_feature-parques-cercanos","es_feature-porteria-recepcion","es_feature-porteria-vigilancia","es_feature-salon-comunal","es_feature-sobre-via-principal","es_feature-supermercados-c-comerciales","es_feature-trans-publico-cercano","es_feature-zona-comercial","es_amenity-amoblado","es_amenity-ascensor-privado","es_amenity-balcon","es_amenity-calentador","es_amenity-citofono","es_amenity-cocina-integral","es_amenity-colegios-universidades","es_amenity-garajes","es_amenity-instalacion-de-gas","es_amenity-parqueadero-visitantes","es_amenity-parques-cercanos","es_amenity-porteria-recepcion","es_amenity-salon-comunal","es_amenity-sobre-via-principal","es_amenity-supermercados-c-comerciales","es_amenity-trans-publico-cercano","es_amenity-vigilancia-24-7","es_amenity-zona-comercial","es-post-entity"],"_links":{"self":[{"href":"https:\/\/arriendo.com\/co\/wp-json\/wp\/v2\/properties\/317874","targetHints":{"allow":["GET"]}}],"collection":[{"href":"https:\/\/arriendo.com\/co\/wp-json\/wp\/v2\/properties"}],"about":[{"href":"https:\/\/arriendo.com\/co\/wp-json\/wp\/v2\/types\/properties"}],"author":[{"embeddable":true,"href":"https:\/\/arriendo.com\/co\/wp-json\/wp\/v2\/users\/1753"}],"version-history":[{"count":0,"href":"https:\/\/arriendo.com\/co\/wp-json\/wp\/v2\/properties\/317874\/revisions"}],"wp:featuredmedia":[{"embeddable":true,"href":"https:\/\/arriendo.com\/co\/wp-json\/wp\/v2\/media\/317877"}],"wp:attachment":[{"href":"https:\/\/arriendo.com\/co\/wp-json\/wp\/v2\/media?parent=317874"}],"wp:term":[{"taxonomy":"es_location","embeddable":true,"href":"https:\/\/arriendo.com\/co\/wp-json\/wp\/v2\/es_locations?post=317874"},{"taxonomy":"es_category","embeddable":true,"href":"https:\/\/arriendo.com\/co\/wp-json\/wp\/v2\/es_categories?post=317874"},{"taxonomy":"es_type","embeddable":true,"href":"https:\/\/arriendo.com\/co\/wp-json\/wp\/v2\/es_types?post=317874"},{"taxonomy":"es_rent_period","embeddable":true,"href":"https:\/\/arriendo.com\/co\/wp-json\/wp\/v2\/es_rent_periods?post=317874"},{"taxonomy":"es_label","embeddable":true,"href":"https:\/\/arriendo.com\/co\/wp-json\/wp\/v2\/es_labels?post=317874"},{"taxonomy":"es_status","embeddable":true,"href":"https:\/\/arriendo.com\/co\/wp-json\/wp\/v2\/es_statuses?post=317874"},{"taxonomy":"es_parking","embeddable":true,"href":"https:\/\/arriendo.com\/co\/wp-json\/wp\/v2\/es_parkings?post=317874"},{"taxonomy":"es_roof","embeddable":true,"href":"https:\/\/arriendo.com\/co\/wp-json\/wp\/v2\/es_roofs?post=317874"},{"taxonomy":"es_exterior_material","embeddable":true,"href":"https:\/\/arriendo.com\/co\/wp-json\/wp\/v2\/es_exterior_materials?post=317874"},{"taxonomy":"es_basement","embeddable":true,"href":"https:\/\/arriendo.com\/co\/wp-json\/wp\/v2\/es_basements?post=317874"},{"taxonomy":"es_floor_covering","embeddable":true,"href":"https:\/\/arriendo.com\/co\/wp-json\/wp\/v2\/es_floor_coverings?post=317874"},{"taxonomy":"es_feature","embeddable":true,"href":"https:\/\/arriendo.com\/co\/wp-json\/wp\/v2\/es_features?post=317874"},{"taxonomy":"es_amenity","embeddable":true,"href":"https:\/\/arriendo.com\/co\/wp-json\/wp\/v2\/es_amenities?post=317874"},{"taxonomy":"es_neighborhood","embeddable":true,"href":"https:\/\/arriendo.com\/co\/wp-json\/wp\/v2\/es_neighborhoods?post=317874"},{"taxonomy":"es_tag","embeddable":true,"href":"https:\/\/arriendo.com\/co\/wp-json\/wp\/v2\/es_tags?post=317874"}],"curies":[{"name":"wp","href":"https:\/\/api.w.org\/{rel}","templated":true}]}}

<p>Se arrienda apartaestudio amoblado en la Circunvalar de Pereira, consta de 1 habitación, 2 baños, sala-comedor, cocina, zona de ropa, balcón y parqueadero, se encuentra cerca de centros comerciales, droguerías, restaurantes, vía principal, fácil acceso al transporte público para más información comunicarse al ***</p>
