{"id":317789,"date":"2026-02-19T10:31:25","date_gmt":"2026-02-19T15:31:25","guid":{"rendered":"https:\/\/arriendo.com\/co\/%es_type%\/%address_city%\/%neighborhood%\/pereira-centenario-apartaestudio-en-arriendo-en-d3ad86\/"},"modified":"2026-02-19T10:31:25","modified_gmt":"2026-02-19T15:31:25","slug":"AR-317789","status":"publish","type":"properties","link":"https:\/\/arriendo.com\/co\/apartaestudios\/pereira\/centenario\/AR-317789\/","title":{"rendered":"Apartaestudio en Arriendo en Centenario, Pereira"},"content":{"rendered":"<p>Descubra este funcional apartaestudio disponible para arriendo en Centenario, Comuna Oriente, Pereira, Risaralda. Una opci\u00f3n ideal para quienes buscan un espacio pr\u00e1ctico y bien distribuido, con la ventaja de una ubicaci\u00f3n estrat\u00e9gica y acceso a zonas de inter\u00e9s en la ciudad. El inmueble cuenta con una habitacion con closet,  cocina,  ba\u00f1o sencillo y funcional, dispone de lavamanos de pedestal, zona de lavander\u00eda Este apartaestudio es una excelente oportunidad para quienes buscan una propiedad individual con todas las comodidades esenciales, es importante tener en cuenta que el valor incluye todos los servicios agua, energia, gas, internet y TV.<br \/>\nPara mayor informaci\u00f2n se puede comunicar en el ***.<\/p>\n","protected":false},"excerpt":{"rendered":"Descubra este funcional apartaestudio disponible para arriendo en Centenario, Comuna...","protected":false},"author":1753,"featured_media":317792,"template":"","es_locations":[1287,231,102],"es_categories":[124],"es_types":[299],"es_rent_periods":[],"es_labels":[],"es_statuses":[],"es_parkings":[],"es_roofs":[],"es_exterior_materials":[],"es_basements":[],"es_floor_coverings":[],"es_features":[2145,133,2148,2132,2135,2150,2136,2151,2152],"es_amenities":[2153,2154,2157,2140,2142,2161,2143,162,2162],"es_neighborhoods":[],"es_tags":[],"class_list":["post-317789","properties","type-properties","status-publish","has-post-thumbnail","hentry","es_location-centenario","es_location-pereira","es_location-risaralda","es_category-arriendo","es_type-apartaestudios","es_feature-calentador","es_feature-citofono","es_feature-colegios-universidades","es_feature-parques-cercanos","es_feature-sobre-via-principal","es_feature-supermercados-c-comerciales","es_feature-trans-publico-cercano","es_feature-zona-de-lavanderia","es_feature-zona-residencial","es_amenity-calentador","es_amenity-citofono","es_amenity-colegios-universidades","es_amenity-parques-cercanos","es_amenity-sobre-via-principal","es_amenity-supermercados-c-comerciales","es_amenity-trans-publico-cercano","es_amenity-zona-de-lavanderia","es_amenity-zona-residencial","es-post-entity"],"_links":{"self":[{"href":"https:\/\/arriendo.com\/co\/wp-json\/wp\/v2\/properties\/317789","targetHints":{"allow":["GET"]}}],"collection":[{"href":"https:\/\/arriendo.com\/co\/wp-json\/wp\/v2\/properties"}],"about":[{"href":"https:\/\/arriendo.com\/co\/wp-json\/wp\/v2\/types\/properties"}],"author":[{"embeddable":true,"href":"https:\/\/arriendo.com\/co\/wp-json\/wp\/v2\/users\/1753"}],"version-history":[{"count":0,"href":"https:\/\/arriendo.com\/co\/wp-json\/wp\/v2\/properties\/317789\/revisions"}],"wp:featuredmedia":[{"embeddable":true,"href":"https:\/\/arriendo.com\/co\/wp-json\/wp\/v2\/media\/317792"}],"wp:attachment":[{"href":"https:\/\/arriendo.com\/co\/wp-json\/wp\/v2\/media?parent=317789"}],"wp:term":[{"taxonomy":"es_location","embeddable":true,"href":"https:\/\/arriendo.com\/co\/wp-json\/wp\/v2\/es_locations?post=317789"},{"taxonomy":"es_category","embeddable":true,"href":"https:\/\/arriendo.com\/co\/wp-json\/wp\/v2\/es_categories?post=317789"},{"taxonomy":"es_type","embeddable":true,"href":"https:\/\/arriendo.com\/co\/wp-json\/wp\/v2\/es_types?post=317789"},{"taxonomy":"es_rent_period","embeddable":true,"href":"https:\/\/arriendo.com\/co\/wp-json\/wp\/v2\/es_rent_periods?post=317789"},{"taxonomy":"es_label","embeddable":true,"href":"https:\/\/arriendo.com\/co\/wp-json\/wp\/v2\/es_labels?post=317789"},{"taxonomy":"es_status","embeddable":true,"href":"https:\/\/arriendo.com\/co\/wp-json\/wp\/v2\/es_statuses?post=317789"},{"taxonomy":"es_parking","embeddable":true,"href":"https:\/\/arriendo.com\/co\/wp-json\/wp\/v2\/es_parkings?post=317789"},{"taxonomy":"es_roof","embeddable":true,"href":"https:\/\/arriendo.com\/co\/wp-json\/wp\/v2\/es_roofs?post=317789"},{"taxonomy":"es_exterior_material","embeddable":true,"href":"https:\/\/arriendo.com\/co\/wp-json\/wp\/v2\/es_exterior_materials?post=317789"},{"taxonomy":"es_basement","embeddable":true,"href":"https:\/\/arriendo.com\/co\/wp-json\/wp\/v2\/es_basements?post=317789"},{"taxonomy":"es_floor_covering","embeddable":true,"href":"https:\/\/arriendo.com\/co\/wp-json\/wp\/v2\/es_floor_coverings?post=317789"},{"taxonomy":"es_feature","embeddable":true,"href":"https:\/\/arriendo.com\/co\/wp-json\/wp\/v2\/es_features?post=317789"},{"taxonomy":"es_amenity","embeddable":true,"href":"https:\/\/arriendo.com\/co\/wp-json\/wp\/v2\/es_amenities?post=317789"},{"taxonomy":"es_neighborhood","embeddable":true,"href":"https:\/\/arriendo.com\/co\/wp-json\/wp\/v2\/es_neighborhoods?post=317789"},{"taxonomy":"es_tag","embeddable":true,"href":"https:\/\/arriendo.com\/co\/wp-json\/wp\/v2\/es_tags?post=317789"}],"curies":[{"name":"wp","href":"https:\/\/api.w.org\/{rel}","templated":true}]}}

<p>Descubra este funcional apartaestudio disponible para arriendo en Centenario, Comuna Oriente, Pereira, Risaralda. Una opción ideal para quienes buscan un espacio práctico y bien distribuido, con la ventaja de una ubicación estratégica y acceso a zonas de interés en la ciudad. El inmueble cuenta con una habitacion con closet,  cocina,  baño sencillo y funcional, dispone de lavamanos de pedestal, zona de lavandería Este apartaestudio es una excelente oportunidad para quienes buscan una propiedad individual con todas las comodidades esenciales, es importante tener en cuenta que el valor incluye todos los servicios agua, energia, gas, internet y TV.<br />
Para mayor informaciòn se puede comunicar en el ***.</p>
