{"id":317759,"date":"2026-02-19T10:30:58","date_gmt":"2026-02-19T15:30:58","guid":{"rendered":"https:\/\/arriendo.com\/co\/%es_type%\/%address_city%\/%neighborhood%\/pereira-pinares-apartamento-en-arriendo-225755\/"},"modified":"2026-02-19T10:30:58","modified_gmt":"2026-02-19T15:30:58","slug":"AR-317759","status":"publish","type":"properties","link":"https:\/\/arriendo.com\/co\/apartamentos\/pereira\/pinares\/AR-317759\/","title":{"rendered":"Apartamento en  Arriendo en Pinares, Pereira"},"content":{"rendered":"<p>Se vende apartaestudio amplio e iluminado en Pinares, cuenta con una habitaci\u00f3n, 2 ba\u00f1os, sala, cocina integral, parqueadero cubierto, cerca de cl\u00ednicas, restaurantes, entidades bancarias. Para mayor informaci\u00f3n cont\u00e1ctanos al ***<\/p>\n","protected":false},"excerpt":{"rendered":"Se vende apartaestudio amplio e iluminado en Pinares, cuenta con...","protected":false},"author":1753,"featured_media":317762,"template":"","es_locations":[231,346,102],"es_categories":[124],"es_types":[114],"es_rent_periods":[],"es_labels":[],"es_statuses":[],"es_parkings":[],"es_roofs":[],"es_exterior_materials":[],"es_basements":[],"es_floor_coverings":[],"es_features":[131,2263,2145,2146,2147,2196,145,2272,2133,2181,2150,2136,2137,2151,2152],"es_amenities":[152,2269,2153,2155,2156,2197,2160,2273,158,2161,2143,161,2144,162,2162],"es_neighborhoods":[],"es_tags":[],"class_list":["post-317759","properties","type-properties","status-publish","has-post-thumbnail","hentry","es_location-pereira","es_location-pinares","es_location-risaralda","es_category-arriendo","es_type-apartamentos","es_feature-ascensor","es_feature-barra-estilo-americano","es_feature-calentador","es_feature-cocina-integral","es_feature-cocina-tipo-americano","es_feature-en-conjunto-cerrado","es_feature-instalacion-de-gas","es_feature-piso-en-baldosa-marmol","es_feature-porteria-recepcion","es_feature-porteria-vigilancia","es_feature-supermercados-c-comerciales","es_feature-trans-publico-cercano","es_feature-zona-comercial","es_feature-zona-de-lavanderia","es_feature-zona-residencial","es_amenity-ascensor-privado","es_amenity-barra-estilo-americano","es_amenity-calentador","es_amenity-cocina-integral","es_amenity-cocina-tipo-americano","es_amenity-en-conjunto-cerrado","es_amenity-instalacion-de-gas","es_amenity-piso-en-baldosa-marmol","es_amenity-porteria-recepcion","es_amenity-supermercados-c-comerciales","es_amenity-trans-publico-cercano","es_amenity-vigilancia-24-7","es_amenity-zona-comercial","es_amenity-zona-de-lavanderia","es_amenity-zona-residencial","es-post-entity"],"_links":{"self":[{"href":"https:\/\/arriendo.com\/co\/wp-json\/wp\/v2\/properties\/317759","targetHints":{"allow":["GET"]}}],"collection":[{"href":"https:\/\/arriendo.com\/co\/wp-json\/wp\/v2\/properties"}],"about":[{"href":"https:\/\/arriendo.com\/co\/wp-json\/wp\/v2\/types\/properties"}],"author":[{"embeddable":true,"href":"https:\/\/arriendo.com\/co\/wp-json\/wp\/v2\/users\/1753"}],"version-history":[{"count":0,"href":"https:\/\/arriendo.com\/co\/wp-json\/wp\/v2\/properties\/317759\/revisions"}],"wp:featuredmedia":[{"embeddable":true,"href":"https:\/\/arriendo.com\/co\/wp-json\/wp\/v2\/media\/317762"}],"wp:attachment":[{"href":"https:\/\/arriendo.com\/co\/wp-json\/wp\/v2\/media?parent=317759"}],"wp:term":[{"taxonomy":"es_location","embeddable":true,"href":"https:\/\/arriendo.com\/co\/wp-json\/wp\/v2\/es_locations?post=317759"},{"taxonomy":"es_category","embeddable":true,"href":"https:\/\/arriendo.com\/co\/wp-json\/wp\/v2\/es_categories?post=317759"},{"taxonomy":"es_type","embeddable":true,"href":"https:\/\/arriendo.com\/co\/wp-json\/wp\/v2\/es_types?post=317759"},{"taxonomy":"es_rent_period","embeddable":true,"href":"https:\/\/arriendo.com\/co\/wp-json\/wp\/v2\/es_rent_periods?post=317759"},{"taxonomy":"es_label","embeddable":true,"href":"https:\/\/arriendo.com\/co\/wp-json\/wp\/v2\/es_labels?post=317759"},{"taxonomy":"es_status","embeddable":true,"href":"https:\/\/arriendo.com\/co\/wp-json\/wp\/v2\/es_statuses?post=317759"},{"taxonomy":"es_parking","embeddable":true,"href":"https:\/\/arriendo.com\/co\/wp-json\/wp\/v2\/es_parkings?post=317759"},{"taxonomy":"es_roof","embeddable":true,"href":"https:\/\/arriendo.com\/co\/wp-json\/wp\/v2\/es_roofs?post=317759"},{"taxonomy":"es_exterior_material","embeddable":true,"href":"https:\/\/arriendo.com\/co\/wp-json\/wp\/v2\/es_exterior_materials?post=317759"},{"taxonomy":"es_basement","embeddable":true,"href":"https:\/\/arriendo.com\/co\/wp-json\/wp\/v2\/es_basements?post=317759"},{"taxonomy":"es_floor_covering","embeddable":true,"href":"https:\/\/arriendo.com\/co\/wp-json\/wp\/v2\/es_floor_coverings?post=317759"},{"taxonomy":"es_feature","embeddable":true,"href":"https:\/\/arriendo.com\/co\/wp-json\/wp\/v2\/es_features?post=317759"},{"taxonomy":"es_amenity","embeddable":true,"href":"https:\/\/arriendo.com\/co\/wp-json\/wp\/v2\/es_amenities?post=317759"},{"taxonomy":"es_neighborhood","embeddable":true,"href":"https:\/\/arriendo.com\/co\/wp-json\/wp\/v2\/es_neighborhoods?post=317759"},{"taxonomy":"es_tag","embeddable":true,"href":"https:\/\/arriendo.com\/co\/wp-json\/wp\/v2\/es_tags?post=317759"}],"curies":[{"name":"wp","href":"https:\/\/api.w.org\/{rel}","templated":true}]}}

<p>Se vende apartaestudio amplio e iluminado en Pinares, cuenta con una habitación, 2 baños, sala, cocina integral, parqueadero cubierto, cerca de clínicas, restaurantes, entidades bancarias. Para mayor información contáctanos al ***</p>
