{"id":315530,"date":"2026-02-19T09:29:54","date_gmt":"2026-02-19T14:29:54","guid":{"rendered":"https:\/\/arriendo.com\/co\/%es_type%\/%address_city%\/%neighborhood%\/envigado-mesa-apartamento-en-arriendo-en-269842\/"},"modified":"2026-02-19T09:29:54","modified_gmt":"2026-02-19T14:29:54","slug":"AR-315530","status":"publish","type":"properties","link":"https:\/\/arriendo.com\/co\/apartamentos\/envigado\/mesa\/AR-315530\/","title":{"rendered":"Apartamento en Arriendo en Mesa, Envigado"},"content":{"rendered":"<p>Hermoso apartamento en Envigado, Barrio Mesa, excelente ubicaci\u00f3n cerca la parque principal, cuarto piso sin poniente, balc\u00f3n, maravillosa iluminaci\u00f3n, en edificio con ascensor, \u00e1rea aprox 105 mts 3 alcobas, 2 ba\u00f1os, cocina integral, calentador, zona de ropas, cit\u00f3fono, parqueadero y cuarto \u00fatil, no se permiten mascoticas. No es unidad cerrada, es edificio sin porter\u00eda. . COD: 12638<\/p>\n","protected":false},"excerpt":{"rendered":"Hermoso apartamento en Envigado, Barrio Mesa, excelente ubicaci\u00f3n cerca la...","protected":false},"author":6937,"featured_media":315533,"template":"","es_locations":[79,511,1935],"es_categories":[124],"es_types":[114],"es_rent_periods":[],"es_labels":[],"es_statuses":[],"es_parkings":[],"es_roofs":[],"es_exterior_materials":[],"es_basements":[],"es_floor_coverings":[],"es_features":[131,132,2145,2146,2148,2149,145,2132,2272,2150,2136,2137,2151,2152],"es_amenities":[152,2186,2153,2155,2157,2159,2160,2140,2273,2161,2143,2144,162,2162],"es_neighborhoods":[],"es_tags":[],"class_list":["post-315530","properties","type-properties","status-publish","has-post-thumbnail","hentry","es_location-antioquia","es_location-envigado","es_location-mesa","es_category-arriendo","es_type-apartamentos","es_feature-ascensor","es_feature-balcon","es_feature-calentador","es_feature-cocina-integral","es_feature-colegios-universidades","es_feature-garajes","es_feature-instalacion-de-gas","es_feature-parques-cercanos","es_feature-piso-en-baldosa-marmol","es_feature-supermercados-c-comerciales","es_feature-trans-publico-cercano","es_feature-zona-comercial","es_feature-zona-de-lavanderia","es_feature-zona-residencial","es_amenity-ascensor-privado","es_amenity-balcon","es_amenity-calentador","es_amenity-cocina-integral","es_amenity-colegios-universidades","es_amenity-garajes","es_amenity-instalacion-de-gas","es_amenity-parques-cercanos","es_amenity-piso-en-baldosa-marmol","es_amenity-supermercados-c-comerciales","es_amenity-trans-publico-cercano","es_amenity-zona-comercial","es_amenity-zona-de-lavanderia","es_amenity-zona-residencial","es-post-entity"],"_links":{"self":[{"href":"https:\/\/arriendo.com\/co\/wp-json\/wp\/v2\/properties\/315530","targetHints":{"allow":["GET"]}}],"collection":[{"href":"https:\/\/arriendo.com\/co\/wp-json\/wp\/v2\/properties"}],"about":[{"href":"https:\/\/arriendo.com\/co\/wp-json\/wp\/v2\/types\/properties"}],"author":[{"embeddable":true,"href":"https:\/\/arriendo.com\/co\/wp-json\/wp\/v2\/users\/6937"}],"version-history":[{"count":0,"href":"https:\/\/arriendo.com\/co\/wp-json\/wp\/v2\/properties\/315530\/revisions"}],"wp:featuredmedia":[{"embeddable":true,"href":"https:\/\/arriendo.com\/co\/wp-json\/wp\/v2\/media\/315533"}],"wp:attachment":[{"href":"https:\/\/arriendo.com\/co\/wp-json\/wp\/v2\/media?parent=315530"}],"wp:term":[{"taxonomy":"es_location","embeddable":true,"href":"https:\/\/arriendo.com\/co\/wp-json\/wp\/v2\/es_locations?post=315530"},{"taxonomy":"es_category","embeddable":true,"href":"https:\/\/arriendo.com\/co\/wp-json\/wp\/v2\/es_categories?post=315530"},{"taxonomy":"es_type","embeddable":true,"href":"https:\/\/arriendo.com\/co\/wp-json\/wp\/v2\/es_types?post=315530"},{"taxonomy":"es_rent_period","embeddable":true,"href":"https:\/\/arriendo.com\/co\/wp-json\/wp\/v2\/es_rent_periods?post=315530"},{"taxonomy":"es_label","embeddable":true,"href":"https:\/\/arriendo.com\/co\/wp-json\/wp\/v2\/es_labels?post=315530"},{"taxonomy":"es_status","embeddable":true,"href":"https:\/\/arriendo.com\/co\/wp-json\/wp\/v2\/es_statuses?post=315530"},{"taxonomy":"es_parking","embeddable":true,"href":"https:\/\/arriendo.com\/co\/wp-json\/wp\/v2\/es_parkings?post=315530"},{"taxonomy":"es_roof","embeddable":true,"href":"https:\/\/arriendo.com\/co\/wp-json\/wp\/v2\/es_roofs?post=315530"},{"taxonomy":"es_exterior_material","embeddable":true,"href":"https:\/\/arriendo.com\/co\/wp-json\/wp\/v2\/es_exterior_materials?post=315530"},{"taxonomy":"es_basement","embeddable":true,"href":"https:\/\/arriendo.com\/co\/wp-json\/wp\/v2\/es_basements?post=315530"},{"taxonomy":"es_floor_covering","embeddable":true,"href":"https:\/\/arriendo.com\/co\/wp-json\/wp\/v2\/es_floor_coverings?post=315530"},{"taxonomy":"es_feature","embeddable":true,"href":"https:\/\/arriendo.com\/co\/wp-json\/wp\/v2\/es_features?post=315530"},{"taxonomy":"es_amenity","embeddable":true,"href":"https:\/\/arriendo.com\/co\/wp-json\/wp\/v2\/es_amenities?post=315530"},{"taxonomy":"es_neighborhood","embeddable":true,"href":"https:\/\/arriendo.com\/co\/wp-json\/wp\/v2\/es_neighborhoods?post=315530"},{"taxonomy":"es_tag","embeddable":true,"href":"https:\/\/arriendo.com\/co\/wp-json\/wp\/v2\/es_tags?post=315530"}],"curies":[{"name":"wp","href":"https:\/\/api.w.org\/{rel}","templated":true}]}}

<p>Hermoso apartamento en Envigado, Barrio Mesa, excelente ubicación cerca la parque principal, cuarto piso sin poniente, balcón, maravillosa iluminación, en edificio con ascensor, área aprox 105 mts 3 alcobas, 2 baños, cocina integral, calentador, zona de ropas, citófono, parqueadero y cuarto útil, no se permiten mascoticas. No es unidad cerrada, es edificio sin portería. . COD: 12638</p>

Hermoso apartamento en Envigado, Barrio Mesa, excelente ubicación cerca la...
