{"id":314720,"date":"2026-02-18T19:17:14","date_gmt":"2026-02-19T00:17:14","guid":{"rendered":"https:\/\/arriendo.com\/co\/%es_type%\/%address_city%\/%neighborhood%\/sabaneta-las-lomitas-apartamento-en-arriendo-en-a9c954\/"},"modified":"2026-02-18T19:17:14","modified_gmt":"2026-02-19T00:17:14","slug":"AR-314720","status":"publish","type":"properties","link":"https:\/\/arriendo.com\/co\/apartamentos\/sabaneta\/las-lomitas\/AR-314720\/","title":{"rendered":"Apartamento en Arriendo en Las Lomitas, Sabaneta"},"content":{"rendered":"<p>Apartamento en renta en unidad cerrada ,con sus \u00e1reas comunes completas y buen acceso a transporte publico ,con 3 alcobas , 2 closet, 1 Vestier, parqueadero y cuarto \u00fatil.cont\u00e1ctanos este apartamento tiene todo para que est\u00e9s a gusto y en familia3234379859-3218679293<\/p>\n","protected":false},"excerpt":{"rendered":"Apartamento en renta en unidad cerrada ,con sus \u00e1reas comunes...","protected":false},"author":8134,"featured_media":314723,"template":"","es_locations":[79,1197,473],"es_categories":[124],"es_types":[114],"es_rent_periods":[],"es_labels":[],"es_statuses":[],"es_parkings":[],"es_roofs":[],"es_exterior_materials":[],"es_basements":[],"es_floor_coverings":[],"es_features":[2292,2168,131,2174,132,2164,2165,2145,2131,2166,2175,2146,2148,2196,2176,2177,2178,2149,2179,145,2203,2216,2180,2133,2181,2182,2227,2150,2136,2151,2152,2204],"es_amenities":[2294,2195,152,2169,2186,2187,2188,2153,2139,2189,2190,2155,2157,2197,2191,2192,2193,2159,154,2160,2208,156,157,158,2194,159,2255,2161,2143,162,2162,2209],"es_neighborhoods":[],"es_tags":[],"class_list":["post-314720","properties","type-properties","status-publish","has-post-thumbnail","hentry","es_location-antioquia","es_location-las-lomitas","es_location-sabaneta","es_category-arriendo","es_type-apartamentos","es_feature-acceso-pavimentado","es_feature-area-urbana","es_feature-ascensor","es_feature-auditorio","es_feature-balcon","es_feature-bano-independiente","es_feature-caldera","es_feature-calentador","es_feature-circuito-cerrado-de-tv","es_feature-closet","es_feature-cochera","es_feature-cocina-integral","es_feature-colegios-universidades","es_feature-en-conjunto-cerrado","es_feature-en-zona-residencial","es_feature-finca-cafetera","es_feature-garaje-cubierto","es_feature-garajes","es_feature-gimnasio","es_feature-instalacion-de-gas","es_feature-jardines-exteriores","es_feature-parqueadero-visitantes","es_feature-piscina","es_feature-porteria-recepcion","es_feature-porteria-vigilancia","es_feature-salon-comunal","es_feature-shut-de-basura","es_feature-supermercados-c-comerciales","es_feature-trans-publico-cercano","es_feature-zona-de-lavanderia","es_feature-zona-residencial","es_feature-zonas-verdes","es_amenity-acceso-pavimentado","es_amenity-area-urbana","es_amenity-ascensor-privado","es_amenity-auditorio","es_amenity-balcon","es_amenity-bano-independiente","es_amenity-caldera","es_amenity-calentador","es_amenity-circuito-cerrado-de-tv","es_amenity-closet","es_amenity-cochera","es_amenity-cocina-integral","es_amenity-colegios-universidades","es_amenity-en-conjunto-cerrado","es_amenity-en-zona-residencial","es_amenity-finca-cafetera","es_amenity-garaje-cubierto","es_amenity-garajes","es_amenity-gimnasio","es_amenity-instalacion-de-gas","es_amenity-jardines-exteriores","es_amenity-parqueadero-visitantes","es_amenity-piscina","es_amenity-porteria-recepcion","es_amenity-porteria-vigilancia","es_amenity-salon-comunal","es_amenity-shut-de-basura","es_amenity-supermercados-c-comerciales","es_amenity-trans-publico-cercano","es_amenity-zona-de-lavanderia","es_amenity-zona-residencial","es_amenity-zonas-verdes","es-post-entity"],"_links":{"self":[{"href":"https:\/\/arriendo.com\/co\/wp-json\/wp\/v2\/properties\/314720","targetHints":{"allow":["GET"]}}],"collection":[{"href":"https:\/\/arriendo.com\/co\/wp-json\/wp\/v2\/properties"}],"about":[{"href":"https:\/\/arriendo.com\/co\/wp-json\/wp\/v2\/types\/properties"}],"author":[{"embeddable":true,"href":"https:\/\/arriendo.com\/co\/wp-json\/wp\/v2\/users\/8134"}],"version-history":[{"count":0,"href":"https:\/\/arriendo.com\/co\/wp-json\/wp\/v2\/properties\/314720\/revisions"}],"wp:featuredmedia":[{"embeddable":true,"href":"https:\/\/arriendo.com\/co\/wp-json\/wp\/v2\/media\/314723"}],"wp:attachment":[{"href":"https:\/\/arriendo.com\/co\/wp-json\/wp\/v2\/media?parent=314720"}],"wp:term":[{"taxonomy":"es_location","embeddable":true,"href":"https:\/\/arriendo.com\/co\/wp-json\/wp\/v2\/es_locations?post=314720"},{"taxonomy":"es_category","embeddable":true,"href":"https:\/\/arriendo.com\/co\/wp-json\/wp\/v2\/es_categories?post=314720"},{"taxonomy":"es_type","embeddable":true,"href":"https:\/\/arriendo.com\/co\/wp-json\/wp\/v2\/es_types?post=314720"},{"taxonomy":"es_rent_period","embeddable":true,"href":"https:\/\/arriendo.com\/co\/wp-json\/wp\/v2\/es_rent_periods?post=314720"},{"taxonomy":"es_label","embeddable":true,"href":"https:\/\/arriendo.com\/co\/wp-json\/wp\/v2\/es_labels?post=314720"},{"taxonomy":"es_status","embeddable":true,"href":"https:\/\/arriendo.com\/co\/wp-json\/wp\/v2\/es_statuses?post=314720"},{"taxonomy":"es_parking","embeddable":true,"href":"https:\/\/arriendo.com\/co\/wp-json\/wp\/v2\/es_parkings?post=314720"},{"taxonomy":"es_roof","embeddable":true,"href":"https:\/\/arriendo.com\/co\/wp-json\/wp\/v2\/es_roofs?post=314720"},{"taxonomy":"es_exterior_material","embeddable":true,"href":"https:\/\/arriendo.com\/co\/wp-json\/wp\/v2\/es_exterior_materials?post=314720"},{"taxonomy":"es_basement","embeddable":true,"href":"https:\/\/arriendo.com\/co\/wp-json\/wp\/v2\/es_basements?post=314720"},{"taxonomy":"es_floor_covering","embeddable":true,"href":"https:\/\/arriendo.com\/co\/wp-json\/wp\/v2\/es_floor_coverings?post=314720"},{"taxonomy":"es_feature","embeddable":true,"href":"https:\/\/arriendo.com\/co\/wp-json\/wp\/v2\/es_features?post=314720"},{"taxonomy":"es_amenity","embeddable":true,"href":"https:\/\/arriendo.com\/co\/wp-json\/wp\/v2\/es_amenities?post=314720"},{"taxonomy":"es_neighborhood","embeddable":true,"href":"https:\/\/arriendo.com\/co\/wp-json\/wp\/v2\/es_neighborhoods?post=314720"},{"taxonomy":"es_tag","embeddable":true,"href":"https:\/\/arriendo.com\/co\/wp-json\/wp\/v2\/es_tags?post=314720"}],"curies":[{"name":"wp","href":"https:\/\/api.w.org\/{rel}","templated":true}]}}

<p>Apartamento en renta en unidad cerrada ,con sus áreas comunes completas y buen acceso a transporte publico ,con 3 alcobas , 2 closet, 1 Vestier, parqueadero y cuarto útil.contáctanos este apartamento tiene todo para que estés a gusto y en familia3234379859-3218679293</p>

Apartamento en renta en unidad cerrada ,con sus áreas comunes...
