{"id":314075,"date":"2026-02-18T18:23:15","date_gmt":"2026-02-18T23:23:15","guid":{"rendered":"https:\/\/arriendo.com\/co\/%es_type%\/%address_city%\/%neighborhood%\/chia-el-campin-apartamento-en-arriendo-en-38ee3e\/"},"modified":"2026-02-18T18:23:15","modified_gmt":"2026-02-18T23:23:15","slug":"AR-314075","status":"publish","type":"properties","link":"https:\/\/arriendo.com\/co\/apartamentos\/chia\/el-campin\/AR-314075\/","title":{"rendered":"Apartamento en Arriendo en El campin, Ch\u00eda"},"content":{"rendered":"<p>Descubra este hermoso apartamento de una habitaci\u00f3n y dos ba\u00f1os, dise\u00f1ado para ofrecer un estilo de vida moderno y confortable. Disfrute de una sala comedor excepcionalmente iluminada, ideal para el entretenimiento o la relajaci\u00f3n diaria. sala comedor amplia y muy iluminada, ba\u00f1o social y ba\u00f1o en alcoba. El balc\u00f3n privado le invita a contemplar una serena vista verde, proporcionando un oasis de tranquilidad en la ciudad. La espaciosa cocina est\u00e1 lista para inspirar sus creaciones culinarias. Ubicado en un segundo piso con ascensor para mayor comodidad, este apartamento incluye un valioso parqueadero doble, y deposito, garantizando espacio y seguridad para sus veh\u00edculos.<\/p>\n","protected":false},"excerpt":{"rendered":"Descubra este hermoso apartamento de una habitaci\u00f3n y dos ba\u00f1os,...","protected":false},"author":7712,"featured_media":314078,"template":"","es_locations":[203,91,3333],"es_categories":[124],"es_types":[114],"es_rent_periods":[],"es_labels":[],"es_statuses":[],"es_parkings":[],"es_roofs":[],"es_exterior_materials":[],"es_basements":[],"es_floor_coverings":[],"es_features":[131,2145,2131,151,2196,2149,2179,145,2216,2133,2181,2182,2167,2150,2136,2376,2185,2152,2204],"es_amenities":[152,2153,2139,2270,2197,2159,154,2160,156,158,159,2171,2161,2143,161,2377,2173,2162,2209],"es_neighborhoods":[],"es_tags":[],"class_list":["post-314075","properties","type-properties","status-publish","has-post-thumbnail","hentry","es_location-chia","es_location-cundinamarca","es_location-el-campin","es_category-arriendo","es_type-apartamentos","es_feature-ascensor","es_feature-calentador","es_feature-circuito-cerrado-de-tv","es_feature-deposito-bodega","es_feature-en-conjunto-cerrado","es_feature-garajes","es_feature-gimnasio","es_feature-instalacion-de-gas","es_feature-parqueadero-visitantes","es_feature-porteria-recepcion","es_feature-porteria-vigilancia","es_feature-salon-comunal","es_feature-sauna-turco-jacuzzi","es_feature-supermercados-c-comerciales","es_feature-trans-publico-cercano","es_feature-vivienda-multifamiliar","es_feature-zona-infantil","es_feature-zona-residencial","es_feature-zonas-verdes","es_amenity-ascensor-privado","es_amenity-calentador","es_amenity-circuito-cerrado-de-tv","es_amenity-deposito-bodega","es_amenity-en-conjunto-cerrado","es_amenity-garajes","es_amenity-gimnasio","es_amenity-instalacion-de-gas","es_amenity-parqueadero-visitantes","es_amenity-porteria-recepcion","es_amenity-salon-comunal","es_amenity-sauna-turco-jacuzzi","es_amenity-supermercados-c-comerciales","es_amenity-trans-publico-cercano","es_amenity-vigilancia-24-7","es_amenity-vivienda-multifamiliar","es_amenity-zona-infantil","es_amenity-zona-residencial","es_amenity-zonas-verdes","es-post-entity"],"_links":{"self":[{"href":"https:\/\/arriendo.com\/co\/wp-json\/wp\/v2\/properties\/314075","targetHints":{"allow":["GET"]}}],"collection":[{"href":"https:\/\/arriendo.com\/co\/wp-json\/wp\/v2\/properties"}],"about":[{"href":"https:\/\/arriendo.com\/co\/wp-json\/wp\/v2\/types\/properties"}],"author":[{"embeddable":true,"href":"https:\/\/arriendo.com\/co\/wp-json\/wp\/v2\/users\/7712"}],"version-history":[{"count":0,"href":"https:\/\/arriendo.com\/co\/wp-json\/wp\/v2\/properties\/314075\/revisions"}],"wp:featuredmedia":[{"embeddable":true,"href":"https:\/\/arriendo.com\/co\/wp-json\/wp\/v2\/media\/314078"}],"wp:attachment":[{"href":"https:\/\/arriendo.com\/co\/wp-json\/wp\/v2\/media?parent=314075"}],"wp:term":[{"taxonomy":"es_location","embeddable":true,"href":"https:\/\/arriendo.com\/co\/wp-json\/wp\/v2\/es_locations?post=314075"},{"taxonomy":"es_category","embeddable":true,"href":"https:\/\/arriendo.com\/co\/wp-json\/wp\/v2\/es_categories?post=314075"},{"taxonomy":"es_type","embeddable":true,"href":"https:\/\/arriendo.com\/co\/wp-json\/wp\/v2\/es_types?post=314075"},{"taxonomy":"es_rent_period","embeddable":true,"href":"https:\/\/arriendo.com\/co\/wp-json\/wp\/v2\/es_rent_periods?post=314075"},{"taxonomy":"es_label","embeddable":true,"href":"https:\/\/arriendo.com\/co\/wp-json\/wp\/v2\/es_labels?post=314075"},{"taxonomy":"es_status","embeddable":true,"href":"https:\/\/arriendo.com\/co\/wp-json\/wp\/v2\/es_statuses?post=314075"},{"taxonomy":"es_parking","embeddable":true,"href":"https:\/\/arriendo.com\/co\/wp-json\/wp\/v2\/es_parkings?post=314075"},{"taxonomy":"es_roof","embeddable":true,"href":"https:\/\/arriendo.com\/co\/wp-json\/wp\/v2\/es_roofs?post=314075"},{"taxonomy":"es_exterior_material","embeddable":true,"href":"https:\/\/arriendo.com\/co\/wp-json\/wp\/v2\/es_exterior_materials?post=314075"},{"taxonomy":"es_basement","embeddable":true,"href":"https:\/\/arriendo.com\/co\/wp-json\/wp\/v2\/es_basements?post=314075"},{"taxonomy":"es_floor_covering","embeddable":true,"href":"https:\/\/arriendo.com\/co\/wp-json\/wp\/v2\/es_floor_coverings?post=314075"},{"taxonomy":"es_feature","embeddable":true,"href":"https:\/\/arriendo.com\/co\/wp-json\/wp\/v2\/es_features?post=314075"},{"taxonomy":"es_amenity","embeddable":true,"href":"https:\/\/arriendo.com\/co\/wp-json\/wp\/v2\/es_amenities?post=314075"},{"taxonomy":"es_neighborhood","embeddable":true,"href":"https:\/\/arriendo.com\/co\/wp-json\/wp\/v2\/es_neighborhoods?post=314075"},{"taxonomy":"es_tag","embeddable":true,"href":"https:\/\/arriendo.com\/co\/wp-json\/wp\/v2\/es_tags?post=314075"}],"curies":[{"name":"wp","href":"https:\/\/api.w.org\/{rel}","templated":true}]}}

Apartamento en Arriendo en El campin, Chía

<p>Descubra este hermoso apartamento de una habitación y dos baños, diseñado para ofrecer un estilo de vida moderno y confortable. Disfrute de una sala comedor excepcionalmente iluminada, ideal para el entretenimiento o la relajación diaria. sala comedor amplia y muy iluminada, baño social y baño en alcoba. El balcón privado le invita a contemplar una serena vista verde, proporcionando un oasis de tranquilidad en la ciudad. La espaciosa cocina está lista para inspirar sus creaciones culinarias. Ubicado en un segundo piso con ascensor para mayor comodidad, este apartamento incluye un valioso parqueadero doble, y deposito, garantizando espacio y seguridad para sus vehículos.</p>

Descubra este hermoso apartamento de una habitación y dos baños,...
