{"id":312334,"date":"2026-02-18T16:32:32","date_gmt":"2026-02-18T21:32:32","guid":{"rendered":"https:\/\/arriendo.com\/co\/%es_type%\/%address_city%\/%neighborhood%\/santa-marta-santa-marta-oficina-en-arriendo-0a355f\/"},"modified":"2026-02-18T16:32:32","modified_gmt":"2026-02-18T21:32:32","slug":"AR-312334","status":"publish","type":"properties","link":"https:\/\/arriendo.com\/co\/oficinas\/santa-marta\/santa-marta\/AR-312334\/","title":{"rendered":"Oficina en  Arriendo en Santa marta"},"content":{"rendered":"<p>El iva es del 19% sobre el valor de el canon <\/p>\n<p>Descubre tu nueva oficina en una ubicaci\u00f3n privilegiada<br \/>\n\u00bfBuscas un espacio profesional que combine comodidad, funcionalidad y una ubicaci\u00f3n inmejorable? Esta oficina de 48 metros cuadrados, ubicada en una de las zonas m\u00e1s exclusivas de la regi\u00f3n, es la soluci\u00f3n perfecta para emprendedores, profesionales y empresarios que desean un entorno exclusivo y de f\u00e1cil acceso.<\/p>\n<p>Un espacio dise\u00f1ado para tu \u00e9xito<br \/>\nEsta oficina cuenta con todas las comodidades necesarias para garantizar un ambiente de trabajo eficiente y agradable:<br \/>\n Suministro de agua, electricidad y aire acondicionado.<br \/>\n \u00c1rea privada y bien distribuida para maximizar tu productividad.<br \/>\nAdem\u00e1s, su ubicaci\u00f3n sobre una v\u00eda principal no solo te brinda una excelente visibilidad, sino tambi\u00e9n una accesibilidad incomparable para clientes y visitantes.<br \/>\nConectividad y conveniencia a tu alcance<br \/>\n Acceso pavimentado: Llega y sal de tu oficina con rapidez y sin complicaciones.<br \/>\n Cercan\u00eda a centros comerciales: Realiza tr\u00e1mites y compras con facilidad, optimizando tu tiempo.<br \/>\n Transporte p\u00fablico cercano: Facilita el desplazamiento de tu equipo y colaboradores.<br \/>\nUn entorno lleno de oportunidades<\/p>\n<p>Ubicada en el coraz\u00f3n de la ciudad de Santa Marta, esta oficina est\u00e1 rodeada de colegios, universidades y una vibrante zona urbana, ideal para estar cerca de todo lo que necesitas. Adem\u00e1s, cuenta con oficina de negocio<\/p>\n","protected":false},"excerpt":{"rendered":"El iva es del 19% sobre el valor de el...","protected":false},"author":1787,"featured_media":312337,"template":"","es_locations":[96,234],"es_categories":[124],"es_types":[116],"es_rent_periods":[],"es_labels":[],"es_statuses":[],"es_parkings":[],"es_roofs":[],"es_exterior_materials":[],"es_basements":[],"es_floor_coverings":[],"es_features":[149,2133,2135,2136],"es_amenities":[2329,158,2142,2143],"es_neighborhoods":[],"es_tags":[],"class_list":["post-312334","properties","type-properties","status-publish","has-post-thumbnail","hentry","es_location-magdalena","es_location-santa-marta","es_category-arriendo","es_type-oficinas","es_feature-aire-acondicionado","es_feature-porteria-recepcion","es_feature-sobre-via-principal","es_feature-trans-publico-cercano","es_amenity-aire-acondicionado","es_amenity-porteria-recepcion","es_amenity-sobre-via-principal","es_amenity-trans-publico-cercano","es-post-entity"],"_links":{"self":[{"href":"https:\/\/arriendo.com\/co\/wp-json\/wp\/v2\/properties\/312334","targetHints":{"allow":["GET"]}}],"collection":[{"href":"https:\/\/arriendo.com\/co\/wp-json\/wp\/v2\/properties"}],"about":[{"href":"https:\/\/arriendo.com\/co\/wp-json\/wp\/v2\/types\/properties"}],"author":[{"embeddable":true,"href":"https:\/\/arriendo.com\/co\/wp-json\/wp\/v2\/users\/1787"}],"version-history":[{"count":0,"href":"https:\/\/arriendo.com\/co\/wp-json\/wp\/v2\/properties\/312334\/revisions"}],"wp:featuredmedia":[{"embeddable":true,"href":"https:\/\/arriendo.com\/co\/wp-json\/wp\/v2\/media\/312337"}],"wp:attachment":[{"href":"https:\/\/arriendo.com\/co\/wp-json\/wp\/v2\/media?parent=312334"}],"wp:term":[{"taxonomy":"es_location","embeddable":true,"href":"https:\/\/arriendo.com\/co\/wp-json\/wp\/v2\/es_locations?post=312334"},{"taxonomy":"es_category","embeddable":true,"href":"https:\/\/arriendo.com\/co\/wp-json\/wp\/v2\/es_categories?post=312334"},{"taxonomy":"es_type","embeddable":true,"href":"https:\/\/arriendo.com\/co\/wp-json\/wp\/v2\/es_types?post=312334"},{"taxonomy":"es_rent_period","embeddable":true,"href":"https:\/\/arriendo.com\/co\/wp-json\/wp\/v2\/es_rent_periods?post=312334"},{"taxonomy":"es_label","embeddable":true,"href":"https:\/\/arriendo.com\/co\/wp-json\/wp\/v2\/es_labels?post=312334"},{"taxonomy":"es_status","embeddable":true,"href":"https:\/\/arriendo.com\/co\/wp-json\/wp\/v2\/es_statuses?post=312334"},{"taxonomy":"es_parking","embeddable":true,"href":"https:\/\/arriendo.com\/co\/wp-json\/wp\/v2\/es_parkings?post=312334"},{"taxonomy":"es_roof","embeddable":true,"href":"https:\/\/arriendo.com\/co\/wp-json\/wp\/v2\/es_roofs?post=312334"},{"taxonomy":"es_exterior_material","embeddable":true,"href":"https:\/\/arriendo.com\/co\/wp-json\/wp\/v2\/es_exterior_materials?post=312334"},{"taxonomy":"es_basement","embeddable":true,"href":"https:\/\/arriendo.com\/co\/wp-json\/wp\/v2\/es_basements?post=312334"},{"taxonomy":"es_floor_covering","embeddable":true,"href":"https:\/\/arriendo.com\/co\/wp-json\/wp\/v2\/es_floor_coverings?post=312334"},{"taxonomy":"es_feature","embeddable":true,"href":"https:\/\/arriendo.com\/co\/wp-json\/wp\/v2\/es_features?post=312334"},{"taxonomy":"es_amenity","embeddable":true,"href":"https:\/\/arriendo.com\/co\/wp-json\/wp\/v2\/es_amenities?post=312334"},{"taxonomy":"es_neighborhood","embeddable":true,"href":"https:\/\/arriendo.com\/co\/wp-json\/wp\/v2\/es_neighborhoods?post=312334"},{"taxonomy":"es_tag","embeddable":true,"href":"https:\/\/arriendo.com\/co\/wp-json\/wp\/v2\/es_tags?post=312334"}],"curies":[{"name":"wp","href":"https:\/\/api.w.org\/{rel}","templated":true}]}}

<p>El iva es del 19% sobre el valor de el canon </p>
<p>Descubre tu nueva oficina en una ubicación privilegiada<br />
¿Buscas un espacio profesional que combine comodidad, funcionalidad y una ubicación inmejorable? Esta oficina de 48 metros cuadrados, ubicada en una de las zonas más exclusivas de la región, es la solución perfecta para emprendedores, profesionales y empresarios que desean un entorno exclusivo y de fácil acceso.</p>
<p>Un espacio diseñado para tu éxito<br />
Esta oficina cuenta con todas las comodidades necesarias para garantizar un ambiente de trabajo eficiente y agradable:<br />
 Suministro de agua, electricidad y aire acondicionado.<br />
 Área privada y bien distribuida para maximizar tu productividad.<br />
Además, su ubicación sobre una vía principal no solo te brinda una excelente visibilidad, sino también una accesibilidad incomparable para clientes y visitantes.<br />
Conectividad y conveniencia a tu alcance<br />
 Acceso pavimentado: Llega y sal de tu oficina con rapidez y sin complicaciones.<br />
 Cercanía a centros comerciales: Realiza trámites y compras con facilidad, optimizando tu tiempo.<br />
 Transporte público cercano: Facilita el desplazamiento de tu equipo y colaboradores.<br />
Un entorno lleno de oportunidades</p>
<p>Ubicada en el corazón de la ciudad de Santa Marta, esta oficina está rodeada de colegios, universidades y una vibrante zona urbana, ideal para estar cerca de todo lo que necesitas. Además, cuenta con oficina de negocio</p>
