{"id":312218,"date":"2026-02-18T16:24:14","date_gmt":"2026-02-18T21:24:14","guid":{"rendered":"https:\/\/arriendo.com\/co\/%es_type%\/%address_city%\/%neighborhood%\/santa-marta-la-magdalena-apartamento-en-arriendo-en-e19230\/"},"modified":"2026-02-18T16:24:14","modified_gmt":"2026-02-18T21:24:14","slug":"AR-312218","status":"publish","type":"properties","link":"https:\/\/arriendo.com\/co\/apartamentos\/santa-marta\/la-magdalena\/AR-312218\/","title":{"rendered":"Apartamento en Arriendo en La magdalena, Santa marta"},"content":{"rendered":"<p>? Visita su ubicacio\u0301n y entorno<\/p>\n<p>?Pasea por el interior del apto.<\/p>\n<p>? Tu Hogar Inteligente en el Coraz\u00f3n de Santa Marta<br \/>\nApartamento de 61 m\u00b2 &#8211; Ubicaci\u00f3n estrat\u00e9gica y dise\u00f1o eficiente<\/p>\n<p>? Ubicaci\u00f3n Privilegiada<\/p>\n<p> Cerca de todos los puntos clave de la ciudad<\/p>\n<p> Acceso inmediato a supermercados, restaurantes y centros de entretenimiento<\/p>\n<p> Entorno din\u00e1mico y bien conectado<\/p>\n<p>\u2728 Distribuci\u00f3n Inteligente (61 m\u00b2 optimizados)<\/p>\n<p>\u2714 2 habitaciones con aire acondicionado y closet<br \/>\n\u2714 1 ba\u00f1o completo<br \/>\n\u2714 Cocina totalmente equipada (lista para usar)<br \/>\n\u2714 Sala integrada \u2013 espacios fluidos y acogedores<\/p>\n<p>? Seguridad y Comodidad<\/p>\n<p> Porter\u00eda\/recepci\u00f3n \u2013 seguridad 24\/7<\/p>\n<p> Garaje privado \u2013 estacionamiento siempre disponible<\/p>\n<p> Acceso pavimentado \u2013 f\u00e1cil llegada en cualquier clima<\/p>\n<p>? Estilo de Vida Activo<\/p>\n<p> Vida social a tu alcance \u2013 todo cerca y accesible<\/p>\n<p> Espacios funcionales para vivir, trabajar o descansar<\/p>\n<p> Calidad de vida superior en Santa Marta<\/p>\n<p>? \u00a1Tu oportunidad de vivir c\u00f3modamente en Santa Marta!<br \/>\nAgenda tu visita hoy mismo:<br \/>\nWhatsApp: [3054703288]<br \/>\napartamento?<br \/>\n\u2705 Ubicaci\u00f3n inmejorable \u2013 cerca de todo lo que necesitas<br \/>\n\u2705 Dise\u00f1o inteligente \u2013 61 m\u00b2 perfectamente aprovechados<br \/>\n\u2705 Comodidades incluidas \u2013 aire acondicionado y servicios b\u00e1sicos<br \/>\n\u2705 Seguridad garantizada \u2013 porter\u00eda y garaje privado<\/p>\n<p>? &#8220;M\u00e1s que un apartamento&#8230; tu punto de partida para disfrutar Santa Marta&#8221;<\/p>\n","protected":false},"excerpt":{"rendered":"? Visita su ubicacio\u0301n y entorno ?Pasea por el interior...","protected":false},"author":1787,"featured_media":312221,"template":"","es_locations":[758,96,234],"es_categories":[124],"es_types":[114],"es_rent_periods":[],"es_labels":[],"es_statuses":[],"es_parkings":[],"es_roofs":[],"es_exterior_materials":[],"es_basements":[],"es_floor_coverings":[],"es_features":[2292,149,2233,2166,2274,2146,2196,2149,145,2216,2180,2133,2181,2135,2136,2376,2306,2151,2152,2204],"es_amenities":[2294,2329,2248,2189,2278,2155,2197,2159,2160,156,157,158,2142,2143,161,2377,2308,162,2162,2209],"es_neighborhoods":[],"es_tags":[],"class_list":["post-312218","properties","type-properties","status-publish","has-post-thumbnail","hentry","es_location-la-magdalena","es_location-magdalena","es_location-santa-marta","es_category-arriendo","es_type-apartamentos","es_feature-acceso-pavimentado","es_feature-aire-acondicionado","es_feature-cerca-de-zona-urbana","es_feature-closet","es_feature-cocina-equipada","es_feature-cocina-integral","es_feature-en-conjunto-cerrado","es_feature-garajes","es_feature-instalacion-de-gas","es_feature-parqueadero-visitantes","es_feature-piscina","es_feature-porteria-recepcion","es_feature-porteria-vigilancia","es_feature-sobre-via-principal","es_feature-trans-publico-cercano","es_feature-vivienda-multifamiliar","es_feature-zona-campestre","es_feature-zona-de-lavanderia","es_feature-zona-residencial","es_feature-zonas-verdes","es_amenity-acceso-pavimentado","es_amenity-aire-acondicionado","es_amenity-cerca-de-zona-urbana","es_amenity-closet","es_amenity-cocina-equipada","es_amenity-cocina-integral","es_amenity-en-conjunto-cerrado","es_amenity-garajes","es_amenity-instalacion-de-gas","es_amenity-parqueadero-visitantes","es_amenity-piscina","es_amenity-porteria-recepcion","es_amenity-sobre-via-principal","es_amenity-trans-publico-cercano","es_amenity-vigilancia-24-7","es_amenity-vivienda-multifamiliar","es_amenity-zona-campestre","es_amenity-zona-de-lavanderia","es_amenity-zona-residencial","es_amenity-zonas-verdes","es-post-entity"],"_links":{"self":[{"href":"https:\/\/arriendo.com\/co\/wp-json\/wp\/v2\/properties\/312218","targetHints":{"allow":["GET"]}}],"collection":[{"href":"https:\/\/arriendo.com\/co\/wp-json\/wp\/v2\/properties"}],"about":[{"href":"https:\/\/arriendo.com\/co\/wp-json\/wp\/v2\/types\/properties"}],"author":[{"embeddable":true,"href":"https:\/\/arriendo.com\/co\/wp-json\/wp\/v2\/users\/1787"}],"version-history":[{"count":0,"href":"https:\/\/arriendo.com\/co\/wp-json\/wp\/v2\/properties\/312218\/revisions"}],"wp:featuredmedia":[{"embeddable":true,"href":"https:\/\/arriendo.com\/co\/wp-json\/wp\/v2\/media\/312221"}],"wp:attachment":[{"href":"https:\/\/arriendo.com\/co\/wp-json\/wp\/v2\/media?parent=312218"}],"wp:term":[{"taxonomy":"es_location","embeddable":true,"href":"https:\/\/arriendo.com\/co\/wp-json\/wp\/v2\/es_locations?post=312218"},{"taxonomy":"es_category","embeddable":true,"href":"https:\/\/arriendo.com\/co\/wp-json\/wp\/v2\/es_categories?post=312218"},{"taxonomy":"es_type","embeddable":true,"href":"https:\/\/arriendo.com\/co\/wp-json\/wp\/v2\/es_types?post=312218"},{"taxonomy":"es_rent_period","embeddable":true,"href":"https:\/\/arriendo.com\/co\/wp-json\/wp\/v2\/es_rent_periods?post=312218"},{"taxonomy":"es_label","embeddable":true,"href":"https:\/\/arriendo.com\/co\/wp-json\/wp\/v2\/es_labels?post=312218"},{"taxonomy":"es_status","embeddable":true,"href":"https:\/\/arriendo.com\/co\/wp-json\/wp\/v2\/es_statuses?post=312218"},{"taxonomy":"es_parking","embeddable":true,"href":"https:\/\/arriendo.com\/co\/wp-json\/wp\/v2\/es_parkings?post=312218"},{"taxonomy":"es_roof","embeddable":true,"href":"https:\/\/arriendo.com\/co\/wp-json\/wp\/v2\/es_roofs?post=312218"},{"taxonomy":"es_exterior_material","embeddable":true,"href":"https:\/\/arriendo.com\/co\/wp-json\/wp\/v2\/es_exterior_materials?post=312218"},{"taxonomy":"es_basement","embeddable":true,"href":"https:\/\/arriendo.com\/co\/wp-json\/wp\/v2\/es_basements?post=312218"},{"taxonomy":"es_floor_covering","embeddable":true,"href":"https:\/\/arriendo.com\/co\/wp-json\/wp\/v2\/es_floor_coverings?post=312218"},{"taxonomy":"es_feature","embeddable":true,"href":"https:\/\/arriendo.com\/co\/wp-json\/wp\/v2\/es_features?post=312218"},{"taxonomy":"es_amenity","embeddable":true,"href":"https:\/\/arriendo.com\/co\/wp-json\/wp\/v2\/es_amenities?post=312218"},{"taxonomy":"es_neighborhood","embeddable":true,"href":"https:\/\/arriendo.com\/co\/wp-json\/wp\/v2\/es_neighborhoods?post=312218"},{"taxonomy":"es_tag","embeddable":true,"href":"https:\/\/arriendo.com\/co\/wp-json\/wp\/v2\/es_tags?post=312218"}],"curies":[{"name":"wp","href":"https:\/\/api.w.org\/{rel}","templated":true}]}}

<p>? Visita su ubicación y entorno</p>
<p>?Pasea por el interior del apto.</p>
<p>? Tu Hogar Inteligente en el Corazón de Santa Marta<br />
Apartamento de 61 m² &#8211; Ubicación estratégica y diseño eficiente</p>
<p>? Ubicación Privilegiada</p>
<p> Cerca de todos los puntos clave de la ciudad</p>
<p> Acceso inmediato a supermercados, restaurantes y centros de entretenimiento</p>
<p> Entorno dinámico y bien conectado</p>
<p>✨ Distribución Inteligente (61 m² optimizados)</p>
<p>✔ 2 habitaciones con aire acondicionado y closet<br />
✔ 1 baño completo<br />
✔ Cocina totalmente equipada (lista para usar)<br />
✔ Sala integrada – espacios fluidos y acogedores</p>
<p>? Seguridad y Comodidad</p>
<p> Portería/recepción – seguridad 24/7</p>
<p> Garaje privado – estacionamiento siempre disponible</p>
<p> Acceso pavimentado – fácil llegada en cualquier clima</p>
<p>? Estilo de Vida Activo</p>
<p> Vida social a tu alcance – todo cerca y accesible</p>
<p> Espacios funcionales para vivir, trabajar o descansar</p>
<p> Calidad de vida superior en Santa Marta</p>
<p>? ¡Tu oportunidad de vivir cómodamente en Santa Marta!<br />
Agenda tu visita hoy mismo:<br />
WhatsApp: [3054703288]<br />
apartamento?<br />
✅ Ubicación inmejorable – cerca de todo lo que necesitas<br />
✅ Diseño inteligente – 61 m² perfectamente aprovechados<br />
✅ Comodidades incluidas – aire acondicionado y servicios básicos<br />
✅ Seguridad garantizada – portería y garaje privado</p>
<p>? &#8220;Más que un apartamento&#8230; tu punto de partida para disfrutar Santa Marta&#8221;</p>
