{"id":312125,"date":"2026-02-18T16:18:13","date_gmt":"2026-02-18T21:18:13","guid":{"rendered":"https:\/\/arriendo.com\/co\/%es_type%\/%address_city%\/%neighborhood%\/santa-marta-el-porvenir-apartamento-en-arriendo-en-56ea88\/"},"modified":"2026-02-18T16:18:13","modified_gmt":"2026-02-18T21:18:13","slug":"AR-312125","status":"publish","type":"properties","link":"https:\/\/arriendo.com\/co\/apartamentos\/santa-marta\/el-porvenir\/AR-312125\/","title":{"rendered":"Apartamento en arriendo en El porvenir, Santa marta"},"content":{"rendered":"<p>?\ufe0f Ver Video Visualiza la Propiedad<\/p>\n<p>? Visita su ubicacio\u0301n y entorno<\/p>\n<p>No hay parqueadero no hay donde guardar moto de ninguna clase. <\/p>\n<p>? \u00a1ENCANTADOR APARTAMENTO EN ARRIENDO &#8211; SANTA MARTA! ?<br \/>\n?Ubicaci\u00f3n privilegiada | 46m\u00b2 | 2 Alcobas | Admite mascotas<\/p>\n<p>\u2728 CARACTER\u00cdSTICAS DESTACADAS<\/p>\n<p>\u25ab\ufe0f 2 amplias alcobas con ventilaci\u00f3n natural<br \/>\n\u25ab\ufe0f 1 ba\u00f1o completo moderno y funcional<br \/>\n\u25ab\ufe0f Balc\u00f3n privado para disfrutar de las tardes caribe\u00f1as<br \/>\n\u25ab\ufe0f Cocina<br \/>\n\u25ab\ufe0f Suelos en cer\u00e1mica (frescos y f\u00e1ciles de limpiar)<\/p>\n<p>? \u00a1Mascotas bienvenidas! &#8211; Tu compa\u00f1ero peludo ser\u00e1 feliz aqu\u00ed<\/p>\n<p>? ENTORNO NATURAL Y ACCESIBLE<\/p>\n<p>\u2714 Zona arborizada con \u00e1rboles frutales (ambiente fresco y natural)<br \/>\n\u2714 Acceso pavimentado (f\u00e1cil llegada en cualquier clima)<br \/>\n\u2714 A 15 minutos del centro hist\u00f3rico de Santa Marta<br \/>\n\u2714 Cerca de supermercados, caf\u00e9s y transporte p\u00fablico<\/p>\n<p>?\ufe0f VIVE LA EXPERIENCIA SANTA MARTA<\/p>\n<p>\u2022 Despierta con brisa marina<br \/>\n\u2022 Pasea por las playas m\u00e1s bonitas de Colombia<br \/>\n\u2022 Conoce la magia del Parque Tayrona y la Sierra Nevada<\/p>\n<p>? \u00a1CONTACTA AHORA!<\/p>\n","protected":false},"excerpt":{"rendered":"?\ufe0f Ver Video Visualiza la Propiedad ? Visita su ubicacio\u0301n...","protected":false},"author":1787,"featured_media":312128,"template":"","es_locations":[503,96,234],"es_categories":[124],"es_types":[114],"es_rent_periods":[],"es_labels":[],"es_statuses":[],"es_parkings":[],"es_roofs":[],"es_exterior_materials":[],"es_basements":[],"es_floor_coverings":[],"es_features":[2292,2229,132,2233,145,2152],"es_amenities":[2294,2261,2186,2248,2160,2162],"es_neighborhoods":[],"es_tags":[],"class_list":["post-312125","properties","type-properties","status-publish","has-post-thumbnail","hentry","es_location-el-porvenir","es_location-magdalena","es_location-santa-marta","es_category-arriendo","es_type-apartamentos","es_feature-acceso-pavimentado","es_feature-arboles-frutales","es_feature-balcon","es_feature-cerca-de-zona-urbana","es_feature-instalacion-de-gas","es_feature-zona-residencial","es_amenity-acceso-pavimentado","es_amenity-arboles-frutales","es_amenity-balcon","es_amenity-cerca-de-zona-urbana","es_amenity-instalacion-de-gas","es_amenity-zona-residencial","es-post-entity"],"_links":{"self":[{"href":"https:\/\/arriendo.com\/co\/wp-json\/wp\/v2\/properties\/312125","targetHints":{"allow":["GET"]}}],"collection":[{"href":"https:\/\/arriendo.com\/co\/wp-json\/wp\/v2\/properties"}],"about":[{"href":"https:\/\/arriendo.com\/co\/wp-json\/wp\/v2\/types\/properties"}],"author":[{"embeddable":true,"href":"https:\/\/arriendo.com\/co\/wp-json\/wp\/v2\/users\/1787"}],"version-history":[{"count":0,"href":"https:\/\/arriendo.com\/co\/wp-json\/wp\/v2\/properties\/312125\/revisions"}],"wp:featuredmedia":[{"embeddable":true,"href":"https:\/\/arriendo.com\/co\/wp-json\/wp\/v2\/media\/312128"}],"wp:attachment":[{"href":"https:\/\/arriendo.com\/co\/wp-json\/wp\/v2\/media?parent=312125"}],"wp:term":[{"taxonomy":"es_location","embeddable":true,"href":"https:\/\/arriendo.com\/co\/wp-json\/wp\/v2\/es_locations?post=312125"},{"taxonomy":"es_category","embeddable":true,"href":"https:\/\/arriendo.com\/co\/wp-json\/wp\/v2\/es_categories?post=312125"},{"taxonomy":"es_type","embeddable":true,"href":"https:\/\/arriendo.com\/co\/wp-json\/wp\/v2\/es_types?post=312125"},{"taxonomy":"es_rent_period","embeddable":true,"href":"https:\/\/arriendo.com\/co\/wp-json\/wp\/v2\/es_rent_periods?post=312125"},{"taxonomy":"es_label","embeddable":true,"href":"https:\/\/arriendo.com\/co\/wp-json\/wp\/v2\/es_labels?post=312125"},{"taxonomy":"es_status","embeddable":true,"href":"https:\/\/arriendo.com\/co\/wp-json\/wp\/v2\/es_statuses?post=312125"},{"taxonomy":"es_parking","embeddable":true,"href":"https:\/\/arriendo.com\/co\/wp-json\/wp\/v2\/es_parkings?post=312125"},{"taxonomy":"es_roof","embeddable":true,"href":"https:\/\/arriendo.com\/co\/wp-json\/wp\/v2\/es_roofs?post=312125"},{"taxonomy":"es_exterior_material","embeddable":true,"href":"https:\/\/arriendo.com\/co\/wp-json\/wp\/v2\/es_exterior_materials?post=312125"},{"taxonomy":"es_basement","embeddable":true,"href":"https:\/\/arriendo.com\/co\/wp-json\/wp\/v2\/es_basements?post=312125"},{"taxonomy":"es_floor_covering","embeddable":true,"href":"https:\/\/arriendo.com\/co\/wp-json\/wp\/v2\/es_floor_coverings?post=312125"},{"taxonomy":"es_feature","embeddable":true,"href":"https:\/\/arriendo.com\/co\/wp-json\/wp\/v2\/es_features?post=312125"},{"taxonomy":"es_amenity","embeddable":true,"href":"https:\/\/arriendo.com\/co\/wp-json\/wp\/v2\/es_amenities?post=312125"},{"taxonomy":"es_neighborhood","embeddable":true,"href":"https:\/\/arriendo.com\/co\/wp-json\/wp\/v2\/es_neighborhoods?post=312125"},{"taxonomy":"es_tag","embeddable":true,"href":"https:\/\/arriendo.com\/co\/wp-json\/wp\/v2\/es_tags?post=312125"}],"curies":[{"name":"wp","href":"https:\/\/api.w.org\/{rel}","templated":true}]}}

<p>?️ Ver Video Visualiza la Propiedad</p>
<p>? Visita su ubicación y entorno</p>
<p>No hay parqueadero no hay donde guardar moto de ninguna clase. </p>
<p>? ¡ENCANTADOR APARTAMENTO EN ARRIENDO &#8211; SANTA MARTA! ?<br />
?Ubicación privilegiada | 46m² | 2 Alcobas | Admite mascotas</p>
<p>✨ CARACTERÍSTICAS DESTACADAS</p>
<p>▫️ 2 amplias alcobas con ventilación natural<br />
▫️ 1 baño completo moderno y funcional<br />
▫️ Balcón privado para disfrutar de las tardes caribeñas<br />
▫️ Cocina<br />
▫️ Suelos en cerámica (frescos y fáciles de limpiar)</p>
<p>? ¡Mascotas bienvenidas! &#8211; Tu compañero peludo será feliz aquí</p>
<p>? ENTORNO NATURAL Y ACCESIBLE</p>
<p>✔ Zona arborizada con árboles frutales (ambiente fresco y natural)<br />
✔ Acceso pavimentado (fácil llegada en cualquier clima)<br />
✔ A 15 minutos del centro histórico de Santa Marta<br />
✔ Cerca de supermercados, cafés y transporte público</p>
<p>?️ VIVE LA EXPERIENCIA SANTA MARTA</p>
<p>• Despierta con brisa marina<br />
• Pasea por las playas más bonitas de Colombia<br />
• Conoce la magia del Parque Tayrona y la Sierra Nevada</p>
<p>? ¡CONTACTA AHORA!</p>
