{"id":312019,"date":"2026-02-18T16:10:15","date_gmt":"2026-02-18T21:10:15","guid":{"rendered":"https:\/\/arriendo.com\/co\/%es_type%\/%address_city%\/%neighborhood%\/santa-marta-pozos-colorados-apartamento-en-arriendo-en-7c8d8b\/"},"modified":"2026-02-18T16:10:15","modified_gmt":"2026-02-18T21:10:15","slug":"AR-312019","status":"publish","type":"properties","link":"https:\/\/arriendo.com\/co\/apartamentos\/santa-marta\/pozos-colorados\/AR-312019\/","title":{"rendered":"Apartamento en Arriendo en Pozos Colorados, Santa marta"},"content":{"rendered":"<p>? Visita su ubicaci\u00f3n y entorno<\/p>\n<p>?Pasea por el interior del apto<\/p>\n<p>? \u00a1Encuentra tu hogar en Santa Marta! Alquila este acogedor apartamento de 36 m\u00b2<\/p>\n<p>Si buscas comodidad, seguridad y un estilo de vida pr\u00e1ctico en el Magdalena, este apartamento es ideal para ti. Con 1 alcoba y 1 ba\u00f1o, garaje privado y un dise\u00f1o inteligente que aprovecha cada espacio, aqu\u00ed tendr\u00e1s todo lo que necesitas para vivir tranquilo y conectado.<\/p>\n<p>? Comodidades que har\u00e1n tu vida m\u00e1s f\u00e1cil:<\/p>\n<p> Aire acondicionado y balc\u00f3n con vista panor\u00e1mica para tus momentos de relax.<\/p>\n<p> Cocina integral equipada con horno y gas domiciliario.<\/p>\n<p> Armarios empotrados para mantener todo en orden.<\/p>\n<p> Cit\u00f3fono\/intercomunicador y suministro constante de agua y electricidad.<\/p>\n<p> Ba\u00f1o en la habitaci\u00f3n principal para mayor privacidad.<\/p>\n<p>? Entorno seguro y lleno de vida:<\/p>\n<p>Ubicado en una urbanizaci\u00f3n cerrada con vigilancia, disfrutar\u00e1s de:<\/p>\n<p> Piscina, gimnasio y zonas verdes con \u00e1rboles frutales.<\/p>\n<p> \u00c1rea social, ascensor y parqueadero para visitas.<\/p>\n<p> Acceso pavimentado y cercan\u00eda a centros comerciales, parques y la zona urbana.<\/p>\n<p> A solo pasos de playas y club houses para escapadas r\u00e1pidas.<\/p>\n<p>Imagina tu rutina aqu\u00ed\u2026<br \/>\n\u2600\ufe0f Desayunando en tu balc\u00f3n con luz natural, disfrutando de la brisa y la tranquilidad.<br \/>\n? Regresando a un espacio fresco, seguro y listo para reconectar.<\/p>\n<p>? \u00a1Tu nuevo hogar te espera!<\/p>\n<p>Ideal para quienes buscan practicidad sin sacrificar bienestar.<br \/>\nEs<\/p>\n","protected":false},"excerpt":{"rendered":"? Visita su ubicaci\u00f3n y entorno ?Pasea por el interior...","protected":false},"author":1787,"featured_media":312022,"template":"","es_locations":[96,393,234],"es_categories":[124],"es_types":[114],"es_rent_periods":[],"es_labels":[],"es_statuses":[],"es_parkings":[],"es_roofs":[],"es_exterior_materials":[],"es_basements":[],"es_floor_coverings":[],"es_features":[2292,149,2229,131,132,2164,2233,133,2274,2146,151,2196,2149,2179,145,2216,2132,2180,2133,2181,2150,2136,144,2185,2204],"es_amenities":[2294,2329,2261,152,2186,2187,2248,2154,2278,2155,2270,2197,2159,154,2160,156,2140,157,158,2161,2143,161,2289,2173,2209],"es_neighborhoods":[],"es_tags":[],"class_list":["post-312019","properties","type-properties","status-publish","has-post-thumbnail","hentry","es_location-magdalena","es_location-pozos-colorados","es_location-santa-marta","es_category-arriendo","es_type-apartamentos","es_feature-acceso-pavimentado","es_feature-aire-acondicionado","es_feature-arboles-frutales","es_feature-ascensor","es_feature-balcon","es_feature-bano-independiente","es_feature-cerca-de-zona-urbana","es_feature-citofono","es_feature-cocina-equipada","es_feature-cocina-integral","es_feature-deposito-bodega","es_feature-en-conjunto-cerrado","es_feature-garajes","es_feature-gimnasio","es_feature-instalacion-de-gas","es_feature-parqueadero-visitantes","es_feature-parques-cercanos","es_feature-piscina","es_feature-porteria-recepcion","es_feature-porteria-vigilancia","es_feature-supermercados-c-comerciales","es_feature-trans-publico-cercano","es_feature-vista-panoramica","es_feature-zona-infantil","es_feature-zonas-verdes","es_amenity-acceso-pavimentado","es_amenity-aire-acondicionado","es_amenity-arboles-frutales","es_amenity-ascensor-privado","es_amenity-balcon","es_amenity-bano-independiente","es_amenity-cerca-de-zona-urbana","es_amenity-citofono","es_amenity-cocina-equipada","es_amenity-cocina-integral","es_amenity-deposito-bodega","es_amenity-en-conjunto-cerrado","es_amenity-garajes","es_amenity-gimnasio","es_amenity-instalacion-de-gas","es_amenity-parqueadero-visitantes","es_amenity-parques-cercanos","es_amenity-piscina","es_amenity-porteria-recepcion","es_amenity-supermercados-c-comerciales","es_amenity-trans-publico-cercano","es_amenity-vigilancia-24-7","es_amenity-vista-panoramica","es_amenity-zona-infantil","es_amenity-zonas-verdes","es-post-entity"],"_links":{"self":[{"href":"https:\/\/arriendo.com\/co\/wp-json\/wp\/v2\/properties\/312019","targetHints":{"allow":["GET"]}}],"collection":[{"href":"https:\/\/arriendo.com\/co\/wp-json\/wp\/v2\/properties"}],"about":[{"href":"https:\/\/arriendo.com\/co\/wp-json\/wp\/v2\/types\/properties"}],"author":[{"embeddable":true,"href":"https:\/\/arriendo.com\/co\/wp-json\/wp\/v2\/users\/1787"}],"version-history":[{"count":0,"href":"https:\/\/arriendo.com\/co\/wp-json\/wp\/v2\/properties\/312019\/revisions"}],"wp:featuredmedia":[{"embeddable":true,"href":"https:\/\/arriendo.com\/co\/wp-json\/wp\/v2\/media\/312022"}],"wp:attachment":[{"href":"https:\/\/arriendo.com\/co\/wp-json\/wp\/v2\/media?parent=312019"}],"wp:term":[{"taxonomy":"es_location","embeddable":true,"href":"https:\/\/arriendo.com\/co\/wp-json\/wp\/v2\/es_locations?post=312019"},{"taxonomy":"es_category","embeddable":true,"href":"https:\/\/arriendo.com\/co\/wp-json\/wp\/v2\/es_categories?post=312019"},{"taxonomy":"es_type","embeddable":true,"href":"https:\/\/arriendo.com\/co\/wp-json\/wp\/v2\/es_types?post=312019"},{"taxonomy":"es_rent_period","embeddable":true,"href":"https:\/\/arriendo.com\/co\/wp-json\/wp\/v2\/es_rent_periods?post=312019"},{"taxonomy":"es_label","embeddable":true,"href":"https:\/\/arriendo.com\/co\/wp-json\/wp\/v2\/es_labels?post=312019"},{"taxonomy":"es_status","embeddable":true,"href":"https:\/\/arriendo.com\/co\/wp-json\/wp\/v2\/es_statuses?post=312019"},{"taxonomy":"es_parking","embeddable":true,"href":"https:\/\/arriendo.com\/co\/wp-json\/wp\/v2\/es_parkings?post=312019"},{"taxonomy":"es_roof","embeddable":true,"href":"https:\/\/arriendo.com\/co\/wp-json\/wp\/v2\/es_roofs?post=312019"},{"taxonomy":"es_exterior_material","embeddable":true,"href":"https:\/\/arriendo.com\/co\/wp-json\/wp\/v2\/es_exterior_materials?post=312019"},{"taxonomy":"es_basement","embeddable":true,"href":"https:\/\/arriendo.com\/co\/wp-json\/wp\/v2\/es_basements?post=312019"},{"taxonomy":"es_floor_covering","embeddable":true,"href":"https:\/\/arriendo.com\/co\/wp-json\/wp\/v2\/es_floor_coverings?post=312019"},{"taxonomy":"es_feature","embeddable":true,"href":"https:\/\/arriendo.com\/co\/wp-json\/wp\/v2\/es_features?post=312019"},{"taxonomy":"es_amenity","embeddable":true,"href":"https:\/\/arriendo.com\/co\/wp-json\/wp\/v2\/es_amenities?post=312019"},{"taxonomy":"es_neighborhood","embeddable":true,"href":"https:\/\/arriendo.com\/co\/wp-json\/wp\/v2\/es_neighborhoods?post=312019"},{"taxonomy":"es_tag","embeddable":true,"href":"https:\/\/arriendo.com\/co\/wp-json\/wp\/v2\/es_tags?post=312019"}],"curies":[{"name":"wp","href":"https:\/\/api.w.org\/{rel}","templated":true}]}}

<p>? Visita su ubicación y entorno</p>
<p>?Pasea por el interior del apto</p>
<p>? ¡Encuentra tu hogar en Santa Marta! Alquila este acogedor apartamento de 36 m²</p>
<p>Si buscas comodidad, seguridad y un estilo de vida práctico en el Magdalena, este apartamento es ideal para ti. Con 1 alcoba y 1 baño, garaje privado y un diseño inteligente que aprovecha cada espacio, aquí tendrás todo lo que necesitas para vivir tranquilo y conectado.</p>
<p>? Comodidades que harán tu vida más fácil:</p>
<p> Aire acondicionado y balcón con vista panorámica para tus momentos de relax.</p>
<p> Cocina integral equipada con horno y gas domiciliario.</p>
<p> Armarios empotrados para mantener todo en orden.</p>
<p> Citófono/intercomunicador y suministro constante de agua y electricidad.</p>
<p> Baño en la habitación principal para mayor privacidad.</p>
<p>? Entorno seguro y lleno de vida:</p>
<p>Ubicado en una urbanización cerrada con vigilancia, disfrutarás de:</p>
<p> Piscina, gimnasio y zonas verdes con árboles frutales.</p>
<p> Área social, ascensor y parqueadero para visitas.</p>
<p> Acceso pavimentado y cercanía a centros comerciales, parques y la zona urbana.</p>
<p> A solo pasos de playas y club houses para escapadas rápidas.</p>
<p>Imagina tu rutina aquí…<br />
☀️ Desayunando en tu balcón con luz natural, disfrutando de la brisa y la tranquilidad.<br />
? Regresando a un espacio fresco, seguro y listo para reconectar.</p>
<p>? ¡Tu nuevo hogar te espera!</p>
<p>Ideal para quienes buscan practicidad sin sacrificar bienestar.<br />
Es</p>

? Visita su ubicación y entorno ?Pasea por el interior...
