{"id":311214,"date":"2026-02-18T14:48:03","date_gmt":"2026-02-18T19:48:03","guid":{"rendered":"https:\/\/arriendo.com\/co\/%es_type%\/%address_city%\/%neighborhood%\/apartamento-en-arriendo-343768\/"},"modified":"2026-02-18T14:48:03","modified_gmt":"2026-02-18T19:48:03","slug":"AR-311214","status":"publish","type":"properties","link":"https:\/\/arriendo.com\/co\/apartamentos\/%address_city%\/%neighborhood%\/AR-311214\/","title":{"rendered":"Apartamento en Arriendo"},"content":{"rendered":"<p>\u00a1Conectar con la naturaleza sin renunciar al confort! Espectacular apartamento para estrenar en arriendo, cerca al centro comercial verde alfaguara Jamund\u00ed,  ubicado en la parcelaci\u00f3n oc\u00e9ano verde a quince minutos de Cali, Rodeado de naturaleza, r\u00edos y un espectacular clima. Con 122 m consta de moderna sala comedorse extiende hacia un amplio balc\u00f3n con vistas verdes, cocina integral abierta, ba\u00f1o social, tres habitaciones de las cuales la principal tiene vestier, ba\u00f1o privado y aire acondicionado, las dos habitaciones auxiliares tienen aire acondicionado y cl\u00f3set, ba\u00f1o de alcobas y zona de oficios. Adem\u00e1s cuenta con dos garajes privados y la opci\u00f3n de adquirirlo amoblado o sin amoblar. La parcelaci\u00f3n te ofrece vigilancia, zonas verdes y un espectacular lago natural. 1300-1566<\/p>\n","protected":false},"excerpt":{"rendered":"\u00a1Conectar con la naturaleza sin renunciar al confort! Espectacular apartamento...","protected":false},"author":7072,"featured_media":311217,"template":"","es_locations":[],"es_categories":[124],"es_types":[114],"es_rent_periods":[],"es_labels":[],"es_statuses":[],"es_parkings":[],"es_roofs":[],"es_exterior_materials":[],"es_basements":[],"es_floor_coverings":[],"es_features":[149,2262,2229,2212,2275,2232,2145,2200,2293,2233,2166,2146,2147,2148,2234,145,2235,2132,2901,2236,2544,2150,2228,2151],"es_amenities":[2329,2267,2261,2217,2277,2246,2153,2205,2295,2248,2189,2155,2156,2157,2249,2160,2252,2140,2902,2253,2547,2161,2258,162],"es_neighborhoods":[],"es_tags":[],"class_list":["post-311214","properties","type-properties","status-publish","has-post-thumbnail","hentry","es_category-arriendo","es_type-apartamentos","es_feature-aire-acondicionado","es_feature-amoblado","es_feature-arboles-frutales","es_feature-bano-auxiliar","es_feature-bombas-de-gasolina","es_feature-bosque-nativo","es_feature-calentador","es_feature-cerca-a-sector-comercial","es_feature-cerca-centro-comercial","es_feature-cerca-de-zona-urbana","es_feature-closet","es_feature-cocina-integral","es_feature-cocina-tipo-americano","es_feature-colegios-universidades","es_feature-comodas-vias-de-acceso","es_feature-instalacion-de-gas","es_feature-nacimientos-de-agua","es_feature-parques-cercanos","es_feature-pozo-de-agua-natural","es_feature-restaurantes","es_feature-rio-quebrada-cercanoa","es_feature-supermercados-c-comerciales","es_feature-ventilacion-natural","es_feature-zona-de-lavanderia","es_amenity-aire-acondicionado","es_amenity-amoblado","es_amenity-arboles-frutales","es_amenity-bano-auxiliar","es_amenity-bombas-de-gasolina","es_amenity-bosque-nativo","es_amenity-calentador","es_amenity-cerca-a-sector-comercial","es_amenity-cerca-centro-comercial","es_amenity-cerca-de-zona-urbana","es_amenity-closet","es_amenity-cocina-integral","es_amenity-cocina-tipo-americano","es_amenity-colegios-universidades","es_amenity-comodas-vias-de-acceso","es_amenity-instalacion-de-gas","es_amenity-nacimientos-de-agua","es_amenity-parques-cercanos","es_amenity-pozo-de-agua-natural","es_amenity-restaurantes","es_amenity-rio-quebrada-cercanoa","es_amenity-supermercados-c-comerciales","es_amenity-ventilacion-natural","es_amenity-zona-de-lavanderia","es-post-entity"],"_links":{"self":[{"href":"https:\/\/arriendo.com\/co\/wp-json\/wp\/v2\/properties\/311214","targetHints":{"allow":["GET"]}}],"collection":[{"href":"https:\/\/arriendo.com\/co\/wp-json\/wp\/v2\/properties"}],"about":[{"href":"https:\/\/arriendo.com\/co\/wp-json\/wp\/v2\/types\/properties"}],"author":[{"embeddable":true,"href":"https:\/\/arriendo.com\/co\/wp-json\/wp\/v2\/users\/7072"}],"version-history":[{"count":0,"href":"https:\/\/arriendo.com\/co\/wp-json\/wp\/v2\/properties\/311214\/revisions"}],"wp:featuredmedia":[{"embeddable":true,"href":"https:\/\/arriendo.com\/co\/wp-json\/wp\/v2\/media\/311217"}],"wp:attachment":[{"href":"https:\/\/arriendo.com\/co\/wp-json\/wp\/v2\/media?parent=311214"}],"wp:term":[{"taxonomy":"es_location","embeddable":true,"href":"https:\/\/arriendo.com\/co\/wp-json\/wp\/v2\/es_locations?post=311214"},{"taxonomy":"es_category","embeddable":true,"href":"https:\/\/arriendo.com\/co\/wp-json\/wp\/v2\/es_categories?post=311214"},{"taxonomy":"es_type","embeddable":true,"href":"https:\/\/arriendo.com\/co\/wp-json\/wp\/v2\/es_types?post=311214"},{"taxonomy":"es_rent_period","embeddable":true,"href":"https:\/\/arriendo.com\/co\/wp-json\/wp\/v2\/es_rent_periods?post=311214"},{"taxonomy":"es_label","embeddable":true,"href":"https:\/\/arriendo.com\/co\/wp-json\/wp\/v2\/es_labels?post=311214"},{"taxonomy":"es_status","embeddable":true,"href":"https:\/\/arriendo.com\/co\/wp-json\/wp\/v2\/es_statuses?post=311214"},{"taxonomy":"es_parking","embeddable":true,"href":"https:\/\/arriendo.com\/co\/wp-json\/wp\/v2\/es_parkings?post=311214"},{"taxonomy":"es_roof","embeddable":true,"href":"https:\/\/arriendo.com\/co\/wp-json\/wp\/v2\/es_roofs?post=311214"},{"taxonomy":"es_exterior_material","embeddable":true,"href":"https:\/\/arriendo.com\/co\/wp-json\/wp\/v2\/es_exterior_materials?post=311214"},{"taxonomy":"es_basement","embeddable":true,"href":"https:\/\/arriendo.com\/co\/wp-json\/wp\/v2\/es_basements?post=311214"},{"taxonomy":"es_floor_covering","embeddable":true,"href":"https:\/\/arriendo.com\/co\/wp-json\/wp\/v2\/es_floor_coverings?post=311214"},{"taxonomy":"es_feature","embeddable":true,"href":"https:\/\/arriendo.com\/co\/wp-json\/wp\/v2\/es_features?post=311214"},{"taxonomy":"es_amenity","embeddable":true,"href":"https:\/\/arriendo.com\/co\/wp-json\/wp\/v2\/es_amenities?post=311214"},{"taxonomy":"es_neighborhood","embeddable":true,"href":"https:\/\/arriendo.com\/co\/wp-json\/wp\/v2\/es_neighborhoods?post=311214"},{"taxonomy":"es_tag","embeddable":true,"href":"https:\/\/arriendo.com\/co\/wp-json\/wp\/v2\/es_tags?post=311214"}],"curies":[{"name":"wp","href":"https:\/\/api.w.org\/{rel}","templated":true}]}}

<p>¡Conectar con la naturaleza sin renunciar al confort! Espectacular apartamento para estrenar en arriendo, cerca al centro comercial verde alfaguara Jamundí,  ubicado en la parcelación océano verde a quince minutos de Cali, Rodeado de naturaleza, ríos y un espectacular clima. Con 122 m consta de moderna sala comedorse extiende hacia un amplio balcón con vistas verdes, cocina integral abierta, baño social, tres habitaciones de las cuales la principal tiene vestier, baño privado y aire acondicionado, las dos habitaciones auxiliares tienen aire acondicionado y clóset, baño de alcobas y zona de oficios. Además cuenta con dos garajes privados y la opción de adquirirlo amoblado o sin amoblar. La parcelación te ofrece vigilancia, zonas verdes y un espectacular lago natural. 1300-1566</p>
