{"id":310915,"date":"2026-02-18T14:28:13","date_gmt":"2026-02-18T19:28:13","guid":{"rendered":"https:\/\/arriendo.com\/co\/%es_type%\/%address_city%\/%neighborhood%\/rionegro-el-porvenir-apartamento-en-arriendo-en-d9d20c\/"},"modified":"2026-02-18T14:28:13","modified_gmt":"2026-02-18T19:28:13","slug":"AR-310915","status":"publish","type":"properties","link":"https:\/\/arriendo.com\/co\/apartamentos\/rionegro\/el-porvenir\/AR-310915\/","title":{"rendered":"Apartamento en Arriendo en El porvenir, Rionegro"},"content":{"rendered":"<p>Casa con 115 mts2, estrato 3, tres niveles, cocina integral, sala comedor, cocina integral, 3 alcobas, todas con ba\u00f1o, 3 closets, ba\u00f1o social, patio de ropas, garaje, cuarto \u00fatil, red de gas y calentador.<br \/>\nCerca del Aeropuerto, CC San Nicolas.<\/p>\n","protected":false},"excerpt":{"rendered":"Casa con 115 mts2, estrato 3, tres niveles, cocina integral,...","protected":false},"author":4102,"featured_media":310918,"template":"","es_locations":[79,503,502],"es_categories":[124],"es_types":[114],"es_rent_periods":[],"es_labels":[],"es_statuses":[],"es_parkings":[],"es_roofs":[],"es_exterior_materials":[],"es_basements":[],"es_floor_coverings":[],"es_features":[2292,2168,2212,2164,2165,2145,2293,2166,2175,2146,2148,2296,2176,2177,2178,2149,145,2132,2220,2150,2136,2297,2152],"es_amenities":[2294,2195,2217,2187,2188,2153,2295,2189,2190,2155,2157,2298,2191,2192,2193,2159,2160,2140,2221,2161,2143,2299,2162],"es_neighborhoods":[],"es_tags":[],"class_list":["post-310915","properties","type-properties","status-publish","has-post-thumbnail","hentry","es_location-antioquia","es_location-el-porvenir","es_location-rionegro","es_category-arriendo","es_type-apartamentos","es_feature-acceso-pavimentado","es_feature-area-urbana","es_feature-bano-auxiliar","es_feature-bano-independiente","es_feature-caldera","es_feature-calentador","es_feature-cerca-centro-comercial","es_feature-closet","es_feature-cochera","es_feature-cocina-integral","es_feature-colegios-universidades","es_feature-en-edificio","es_feature-en-zona-residencial","es_feature-finca-cafetera","es_feature-garaje-cubierto","es_feature-garajes","es_feature-instalacion-de-gas","es_feature-parques-cercanos","es_feature-patio","es_feature-supermercados-c-comerciales","es_feature-trans-publico-cercano","es_feature-ubicada-en-edificio","es_feature-zona-residencial","es_amenity-acceso-pavimentado","es_amenity-area-urbana","es_amenity-bano-auxiliar","es_amenity-bano-independiente","es_amenity-caldera","es_amenity-calentador","es_amenity-cerca-centro-comercial","es_amenity-closet","es_amenity-cochera","es_amenity-cocina-integral","es_amenity-colegios-universidades","es_amenity-en-edificio","es_amenity-en-zona-residencial","es_amenity-finca-cafetera","es_amenity-garaje-cubierto","es_amenity-garajes","es_amenity-instalacion-de-gas","es_amenity-parques-cercanos","es_amenity-patio","es_amenity-supermercados-c-comerciales","es_amenity-trans-publico-cercano","es_amenity-ubicada-en-edificio","es_amenity-zona-residencial","es-post-entity"],"_links":{"self":[{"href":"https:\/\/arriendo.com\/co\/wp-json\/wp\/v2\/properties\/310915","targetHints":{"allow":["GET"]}}],"collection":[{"href":"https:\/\/arriendo.com\/co\/wp-json\/wp\/v2\/properties"}],"about":[{"href":"https:\/\/arriendo.com\/co\/wp-json\/wp\/v2\/types\/properties"}],"author":[{"embeddable":true,"href":"https:\/\/arriendo.com\/co\/wp-json\/wp\/v2\/users\/4102"}],"version-history":[{"count":0,"href":"https:\/\/arriendo.com\/co\/wp-json\/wp\/v2\/properties\/310915\/revisions"}],"wp:featuredmedia":[{"embeddable":true,"href":"https:\/\/arriendo.com\/co\/wp-json\/wp\/v2\/media\/310918"}],"wp:attachment":[{"href":"https:\/\/arriendo.com\/co\/wp-json\/wp\/v2\/media?parent=310915"}],"wp:term":[{"taxonomy":"es_location","embeddable":true,"href":"https:\/\/arriendo.com\/co\/wp-json\/wp\/v2\/es_locations?post=310915"},{"taxonomy":"es_category","embeddable":true,"href":"https:\/\/arriendo.com\/co\/wp-json\/wp\/v2\/es_categories?post=310915"},{"taxonomy":"es_type","embeddable":true,"href":"https:\/\/arriendo.com\/co\/wp-json\/wp\/v2\/es_types?post=310915"},{"taxonomy":"es_rent_period","embeddable":true,"href":"https:\/\/arriendo.com\/co\/wp-json\/wp\/v2\/es_rent_periods?post=310915"},{"taxonomy":"es_label","embeddable":true,"href":"https:\/\/arriendo.com\/co\/wp-json\/wp\/v2\/es_labels?post=310915"},{"taxonomy":"es_status","embeddable":true,"href":"https:\/\/arriendo.com\/co\/wp-json\/wp\/v2\/es_statuses?post=310915"},{"taxonomy":"es_parking","embeddable":true,"href":"https:\/\/arriendo.com\/co\/wp-json\/wp\/v2\/es_parkings?post=310915"},{"taxonomy":"es_roof","embeddable":true,"href":"https:\/\/arriendo.com\/co\/wp-json\/wp\/v2\/es_roofs?post=310915"},{"taxonomy":"es_exterior_material","embeddable":true,"href":"https:\/\/arriendo.com\/co\/wp-json\/wp\/v2\/es_exterior_materials?post=310915"},{"taxonomy":"es_basement","embeddable":true,"href":"https:\/\/arriendo.com\/co\/wp-json\/wp\/v2\/es_basements?post=310915"},{"taxonomy":"es_floor_covering","embeddable":true,"href":"https:\/\/arriendo.com\/co\/wp-json\/wp\/v2\/es_floor_coverings?post=310915"},{"taxonomy":"es_feature","embeddable":true,"href":"https:\/\/arriendo.com\/co\/wp-json\/wp\/v2\/es_features?post=310915"},{"taxonomy":"es_amenity","embeddable":true,"href":"https:\/\/arriendo.com\/co\/wp-json\/wp\/v2\/es_amenities?post=310915"},{"taxonomy":"es_neighborhood","embeddable":true,"href":"https:\/\/arriendo.com\/co\/wp-json\/wp\/v2\/es_neighborhoods?post=310915"},{"taxonomy":"es_tag","embeddable":true,"href":"https:\/\/arriendo.com\/co\/wp-json\/wp\/v2\/es_tags?post=310915"}],"curies":[{"name":"wp","href":"https:\/\/api.w.org\/{rel}","templated":true}]}}

<p>Casa con 115 mts2, estrato 3, tres niveles, cocina integral, sala comedor, cocina integral, 3 alcobas, todas con baño, 3 closets, baño social, patio de ropas, garaje, cuarto útil, red de gas y calentador.<br />
Cerca del Aeropuerto, CC San Nicolas.</p>
