{"id":310829,"date":"2026-02-18T14:22:13","date_gmt":"2026-02-18T19:22:13","guid":{"rendered":"https:\/\/arriendo.com\/co\/%es_type%\/%address_city%\/%neighborhood%\/rionegro-ub-riogrande-apartamento-en-arriendo-en-5a2fec\/"},"modified":"2026-02-18T14:22:13","modified_gmt":"2026-02-18T19:22:13","slug":"AR-310829","status":"publish","type":"properties","link":"https:\/\/arriendo.com\/co\/apartamentos\/rionegro\/ub-riogrande\/AR-310829\/","title":{"rendered":"Apartamento en Arriendo en Ub. riogrande, Rionegro"},"content":{"rendered":"<p>Apartamento con 76.6 mts2, estrato 4, piso 12, cocina integral, sala comedor, biblioteca, 3 alcobas, principal con ba\u00f1o y vestier, 3 closets, ba\u00f1o social, balc\u00f3n, zona de ropas, parqueadero, cuarto \u00fatil, red de gas y calentador.<\/p>\n<p>La copropiedad cuenta con ascensor, shut de basuras, zonas verdes, piscina, juegos infantiles, turco, sal\u00f3n social y porter\u00eda 24 horas.<\/p>\n<p>Cerca del Centro Comercial San Nicolas.<\/p>\n","protected":false},"excerpt":{"rendered":"Apartamento con 76.6 mts2, estrato 4, piso 12, cocina integral,...","protected":false},"author":4102,"featured_media":310832,"template":"","es_locations":[79,502,2327],"es_categories":[124],"es_types":[114],"es_rent_periods":[],"es_labels":[],"es_statuses":[],"es_parkings":[],"es_roofs":[],"es_exterior_materials":[],"es_basements":[],"es_floor_coverings":[],"es_features":[2168,131,2174,2164,2165,2145,2166,2146,2296,2176,2177,145,2203,2180,2133,2182,2183,2167,2227,2136,2297,2151,2185,2152,2204],"es_amenities":[2195,152,2169,2187,2188,2153,2189,2155,2298,2191,2192,2160,2208,157,158,159,2170,2171,2255,2143,2299,162,2173,2162,2209],"es_neighborhoods":[],"es_tags":[],"class_list":["post-310829","properties","type-properties","status-publish","has-post-thumbnail","hentry","es_location-antioquia","es_location-rionegro","es_location-ub-riogrande","es_category-arriendo","es_type-apartamentos","es_feature-area-urbana","es_feature-ascensor","es_feature-auditorio","es_feature-bano-independiente","es_feature-caldera","es_feature-calentador","es_feature-closet","es_feature-cocina-integral","es_feature-en-edificio","es_feature-en-zona-residencial","es_feature-finca-cafetera","es_feature-instalacion-de-gas","es_feature-jardines-exteriores","es_feature-piscina","es_feature-porteria-recepcion","es_feature-salon-comunal","es_feature-salon-de-juegos","es_feature-sauna-turco-jacuzzi","es_feature-shut-de-basura","es_feature-trans-publico-cercano","es_feature-ubicada-en-edificio","es_feature-zona-de-lavanderia","es_feature-zona-infantil","es_feature-zona-residencial","es_feature-zonas-verdes","es_amenity-area-urbana","es_amenity-ascensor-privado","es_amenity-auditorio","es_amenity-bano-independiente","es_amenity-caldera","es_amenity-calentador","es_amenity-closet","es_amenity-cocina-integral","es_amenity-en-edificio","es_amenity-en-zona-residencial","es_amenity-finca-cafetera","es_amenity-instalacion-de-gas","es_amenity-jardines-exteriores","es_amenity-piscina","es_amenity-porteria-recepcion","es_amenity-salon-comunal","es_amenity-salon-de-juegos","es_amenity-sauna-turco-jacuzzi","es_amenity-shut-de-basura","es_amenity-trans-publico-cercano","es_amenity-ubicada-en-edificio","es_amenity-zona-de-lavanderia","es_amenity-zona-infantil","es_amenity-zona-residencial","es_amenity-zonas-verdes","es-post-entity"],"_links":{"self":[{"href":"https:\/\/arriendo.com\/co\/wp-json\/wp\/v2\/properties\/310829","targetHints":{"allow":["GET"]}}],"collection":[{"href":"https:\/\/arriendo.com\/co\/wp-json\/wp\/v2\/properties"}],"about":[{"href":"https:\/\/arriendo.com\/co\/wp-json\/wp\/v2\/types\/properties"}],"author":[{"embeddable":true,"href":"https:\/\/arriendo.com\/co\/wp-json\/wp\/v2\/users\/4102"}],"version-history":[{"count":0,"href":"https:\/\/arriendo.com\/co\/wp-json\/wp\/v2\/properties\/310829\/revisions"}],"wp:featuredmedia":[{"embeddable":true,"href":"https:\/\/arriendo.com\/co\/wp-json\/wp\/v2\/media\/310832"}],"wp:attachment":[{"href":"https:\/\/arriendo.com\/co\/wp-json\/wp\/v2\/media?parent=310829"}],"wp:term":[{"taxonomy":"es_location","embeddable":true,"href":"https:\/\/arriendo.com\/co\/wp-json\/wp\/v2\/es_locations?post=310829"},{"taxonomy":"es_category","embeddable":true,"href":"https:\/\/arriendo.com\/co\/wp-json\/wp\/v2\/es_categories?post=310829"},{"taxonomy":"es_type","embeddable":true,"href":"https:\/\/arriendo.com\/co\/wp-json\/wp\/v2\/es_types?post=310829"},{"taxonomy":"es_rent_period","embeddable":true,"href":"https:\/\/arriendo.com\/co\/wp-json\/wp\/v2\/es_rent_periods?post=310829"},{"taxonomy":"es_label","embeddable":true,"href":"https:\/\/arriendo.com\/co\/wp-json\/wp\/v2\/es_labels?post=310829"},{"taxonomy":"es_status","embeddable":true,"href":"https:\/\/arriendo.com\/co\/wp-json\/wp\/v2\/es_statuses?post=310829"},{"taxonomy":"es_parking","embeddable":true,"href":"https:\/\/arriendo.com\/co\/wp-json\/wp\/v2\/es_parkings?post=310829"},{"taxonomy":"es_roof","embeddable":true,"href":"https:\/\/arriendo.com\/co\/wp-json\/wp\/v2\/es_roofs?post=310829"},{"taxonomy":"es_exterior_material","embeddable":true,"href":"https:\/\/arriendo.com\/co\/wp-json\/wp\/v2\/es_exterior_materials?post=310829"},{"taxonomy":"es_basement","embeddable":true,"href":"https:\/\/arriendo.com\/co\/wp-json\/wp\/v2\/es_basements?post=310829"},{"taxonomy":"es_floor_covering","embeddable":true,"href":"https:\/\/arriendo.com\/co\/wp-json\/wp\/v2\/es_floor_coverings?post=310829"},{"taxonomy":"es_feature","embeddable":true,"href":"https:\/\/arriendo.com\/co\/wp-json\/wp\/v2\/es_features?post=310829"},{"taxonomy":"es_amenity","embeddable":true,"href":"https:\/\/arriendo.com\/co\/wp-json\/wp\/v2\/es_amenities?post=310829"},{"taxonomy":"es_neighborhood","embeddable":true,"href":"https:\/\/arriendo.com\/co\/wp-json\/wp\/v2\/es_neighborhoods?post=310829"},{"taxonomy":"es_tag","embeddable":true,"href":"https:\/\/arriendo.com\/co\/wp-json\/wp\/v2\/es_tags?post=310829"}],"curies":[{"name":"wp","href":"https:\/\/api.w.org\/{rel}","templated":true}]}}

<p>Apartamento con 76.6 mts2, estrato 4, piso 12, cocina integral, sala comedor, biblioteca, 3 alcobas, principal con baño y vestier, 3 closets, baño social, balcón, zona de ropas, parqueadero, cuarto útil, red de gas y calentador.</p>
<p>La copropiedad cuenta con ascensor, shut de basuras, zonas verdes, piscina, juegos infantiles, turco, salón social y portería 24 horas.</p>
<p>Cerca del Centro Comercial San Nicolas.</p>
