{"id":310731,"date":"2026-02-18T14:16:14","date_gmt":"2026-02-18T19:16:14","guid":{"rendered":"https:\/\/arriendo.com\/co\/%es_type%\/%address_city%\/%neighborhood%\/rionegro-barro-blanco-apartamento-en-arriendo-ea82e3\/"},"modified":"2026-02-18T14:16:14","modified_gmt":"2026-02-18T19:16:14","slug":"AR-310731","status":"publish","type":"properties","link":"https:\/\/arriendo.com\/co\/apartamentos\/rionegro\/barro-blanco\/AR-310731\/","title":{"rendered":"Apartamento en  Arriendo en Barro blanco, Rionegro"},"content":{"rendered":"<p>Apartamento con 76 mts2, estrato 4, piso 14, cocina integral, barra americana, sala comedor, bliblioteca, 3 alcobas, principal con ba\u00f1o y vestier, 2 closets, ba\u00f1o social, zona de ropas, balc\u00f3n, parqueadero, cuarto \u00fatil, red de gas y calentador.<br \/>\nLa copropiedad cuenta con ascensor, shut de basuras, zonas verdes, piscina, juegos infantiles, sal\u00f3n social, gimnasio y porter\u00eda 24 horas.<br \/>\nCerca del CC San Nicolas, CC Reserva y de Llano Grande.<\/p>\n","protected":false},"excerpt":{"rendered":"Apartamento con 76 mts2, estrato 4, piso 14, cocina integral,...","protected":false},"author":4102,"featured_media":310734,"template":"","es_locations":[79,1675,502],"es_categories":[124],"es_types":[114],"es_rent_periods":[],"es_labels":[],"es_statuses":[],"es_parkings":[],"es_roofs":[],"es_exterior_materials":[],"es_basements":[],"es_floor_coverings":[],"es_features":[2292,2168,132,2212,2164,2165,2145,2293,2166,2296,2176,136,2177,2132,2150,2136,2297,2152],"es_amenities":[2294,2195,2186,2217,2187,2188,2153,2295,2189,2298,2191,2158,2192,2140,2161,2143,2299,2162],"es_neighborhoods":[],"es_tags":[],"class_list":["post-310731","properties","type-properties","status-publish","has-post-thumbnail","hentry","es_location-antioquia","es_location-barro-blanco","es_location-rionegro","es_category-arriendo","es_type-apartamentos","es_feature-acceso-pavimentado","es_feature-area-urbana","es_feature-balcon","es_feature-bano-auxiliar","es_feature-bano-independiente","es_feature-caldera","es_feature-calentador","es_feature-cerca-centro-comercial","es_feature-closet","es_feature-en-edificio","es_feature-en-zona-residencial","es_feature-estudio","es_feature-finca-cafetera","es_feature-parques-cercanos","es_feature-supermercados-c-comerciales","es_feature-trans-publico-cercano","es_feature-ubicada-en-edificio","es_feature-zona-residencial","es_amenity-acceso-pavimentado","es_amenity-area-urbana","es_amenity-balcon","es_amenity-bano-auxiliar","es_amenity-bano-independiente","es_amenity-caldera","es_amenity-calentador","es_amenity-cerca-centro-comercial","es_amenity-closet","es_amenity-en-edificio","es_amenity-en-zona-residencial","es_amenity-estudio","es_amenity-finca-cafetera","es_amenity-parques-cercanos","es_amenity-supermercados-c-comerciales","es_amenity-trans-publico-cercano","es_amenity-ubicada-en-edificio","es_amenity-zona-residencial","es-post-entity"],"_links":{"self":[{"href":"https:\/\/arriendo.com\/co\/wp-json\/wp\/v2\/properties\/310731","targetHints":{"allow":["GET"]}}],"collection":[{"href":"https:\/\/arriendo.com\/co\/wp-json\/wp\/v2\/properties"}],"about":[{"href":"https:\/\/arriendo.com\/co\/wp-json\/wp\/v2\/types\/properties"}],"author":[{"embeddable":true,"href":"https:\/\/arriendo.com\/co\/wp-json\/wp\/v2\/users\/4102"}],"version-history":[{"count":0,"href":"https:\/\/arriendo.com\/co\/wp-json\/wp\/v2\/properties\/310731\/revisions"}],"wp:featuredmedia":[{"embeddable":true,"href":"https:\/\/arriendo.com\/co\/wp-json\/wp\/v2\/media\/310734"}],"wp:attachment":[{"href":"https:\/\/arriendo.com\/co\/wp-json\/wp\/v2\/media?parent=310731"}],"wp:term":[{"taxonomy":"es_location","embeddable":true,"href":"https:\/\/arriendo.com\/co\/wp-json\/wp\/v2\/es_locations?post=310731"},{"taxonomy":"es_category","embeddable":true,"href":"https:\/\/arriendo.com\/co\/wp-json\/wp\/v2\/es_categories?post=310731"},{"taxonomy":"es_type","embeddable":true,"href":"https:\/\/arriendo.com\/co\/wp-json\/wp\/v2\/es_types?post=310731"},{"taxonomy":"es_rent_period","embeddable":true,"href":"https:\/\/arriendo.com\/co\/wp-json\/wp\/v2\/es_rent_periods?post=310731"},{"taxonomy":"es_label","embeddable":true,"href":"https:\/\/arriendo.com\/co\/wp-json\/wp\/v2\/es_labels?post=310731"},{"taxonomy":"es_status","embeddable":true,"href":"https:\/\/arriendo.com\/co\/wp-json\/wp\/v2\/es_statuses?post=310731"},{"taxonomy":"es_parking","embeddable":true,"href":"https:\/\/arriendo.com\/co\/wp-json\/wp\/v2\/es_parkings?post=310731"},{"taxonomy":"es_roof","embeddable":true,"href":"https:\/\/arriendo.com\/co\/wp-json\/wp\/v2\/es_roofs?post=310731"},{"taxonomy":"es_exterior_material","embeddable":true,"href":"https:\/\/arriendo.com\/co\/wp-json\/wp\/v2\/es_exterior_materials?post=310731"},{"taxonomy":"es_basement","embeddable":true,"href":"https:\/\/arriendo.com\/co\/wp-json\/wp\/v2\/es_basements?post=310731"},{"taxonomy":"es_floor_covering","embeddable":true,"href":"https:\/\/arriendo.com\/co\/wp-json\/wp\/v2\/es_floor_coverings?post=310731"},{"taxonomy":"es_feature","embeddable":true,"href":"https:\/\/arriendo.com\/co\/wp-json\/wp\/v2\/es_features?post=310731"},{"taxonomy":"es_amenity","embeddable":true,"href":"https:\/\/arriendo.com\/co\/wp-json\/wp\/v2\/es_amenities?post=310731"},{"taxonomy":"es_neighborhood","embeddable":true,"href":"https:\/\/arriendo.com\/co\/wp-json\/wp\/v2\/es_neighborhoods?post=310731"},{"taxonomy":"es_tag","embeddable":true,"href":"https:\/\/arriendo.com\/co\/wp-json\/wp\/v2\/es_tags?post=310731"}],"curies":[{"name":"wp","href":"https:\/\/api.w.org\/{rel}","templated":true}]}}

<p>Apartamento con 76 mts2, estrato 4, piso 14, cocina integral, barra americana, sala comedor, bliblioteca, 3 alcobas, principal con baño y vestier, 2 closets, baño social, zona de ropas, balcón, parqueadero, cuarto útil, red de gas y calentador.<br />
La copropiedad cuenta con ascensor, shut de basuras, zonas verdes, piscina, juegos infantiles, salón social, gimnasio y portería 24 horas.<br />
Cerca del CC San Nicolas, CC Reserva y de Llano Grande.</p>
