{"id":310356,"date":"2026-02-18T13:49:13","date_gmt":"2026-02-18T18:49:13","guid":{"rendered":"https:\/\/arriendo.com\/co\/%es_type%\/%address_city%\/%neighborhood%\/cajica-canelon-apartamento-en-arriendo-9e7d27\/"},"modified":"2026-02-18T13:49:14","modified_gmt":"2026-02-18T18:49:14","slug":"AR-310356","status":"publish","type":"properties","link":"https:\/\/arriendo.com\/co\/apartamentos\/cajica\/canelon\/AR-310356\/","title":{"rendered":"Apartamento en  Arriendo en Canelon, Cajic\u00e1"},"content":{"rendered":"<p>Descubre la vida que siempre so\u00f1aste en este excepcional apartamento en el coraz\u00f3n de Cajic\u00e1, donde el dise\u00f1o moderno y la funcionalidad se fusionan para crear un hogar acogedor desde el primer instante.<\/p>\n<p>Este espacio ha sido meticulosamente dise\u00f1ado para ofrecerte el m\u00e1ximo confort y estilo. Disfruta de dos alcobas serenas, incluyendo una principal con ba\u00f1o privado y un balc\u00f3n \u00edntimo, perfecto para saborear la brisa matutina. Un segundo ba\u00f1o, elegantemente equipado con divisiones en vidrio templado, a\u00f1ade un toque de sofisticaci\u00f3n.<\/p>\n<p>La sala comedor, ba\u00f1ada en luz natural y con acceso a un balc\u00f3n con vistas encantadoras, es el escenario ideal para crear recuerdos inolvidables con tus seres queridos. Para tus necesidades profesionales, un estudio con escritorio integrado te brinda un espacio c\u00f3modo y productivo en casa.<\/p>\n<p>La cocina integral es un sue\u00f1o para cualquier entusiasta culinario, equipada con nevera, horno y microondas, facilitando la preparaci\u00f3n de tus platillos favoritos. La zona de ropas, con lavadora y lavadero, simplifica las tareas del hogar. Adem\u00e1s, la tranquilidad de contar con un parqueadero privado (13) garantiza la seguridad de tu veh\u00edculo.<\/p>\n<p>Este apartamento es la elecci\u00f3n perfecta para parejas j\u00f3venes que buscan un inicio de vida moderno y c\u00f3modo, familias peque\u00f1as que anhelan un hogar seguro y sereno en un entorno natural, o profesionales que desean un santuario de descanso y relajaci\u00f3n tras una jornada exigente.<\/p>\n<p>No dejes pasar la oportunidad de vivir en este para\u00edso en Cajic\u00e1. \u00a1Cont\u00e1ctame hoy mismo para agendar una visita y dar el primer paso hacia tu nuevo hogar!<\/p>\n","protected":false},"excerpt":{"rendered":"Descubre la vida que siempre so\u00f1aste en este excepcional apartamento...","protected":false},"author":8417,"featured_media":310359,"template":"","es_locations":[243,1230,91],"es_categories":[124],"es_types":[114],"es_rent_periods":[],"es_labels":[],"es_statuses":[],"es_parkings":[],"es_roofs":[],"es_exterior_materials":[],"es_basements":[],"es_floor_coverings":[],"es_features":[131,132,2212,2263,2145,2131,133,2146,2148,136,2149,145,2203,2370,2216,2132,2135,2150,2136,144,2376,2151,2152],"es_amenities":[152,2186,2217,2269,2153,2139,2154,2155,2157,2158,2159,2160,2208,2371,156,2140,2142,2161,2143,2289,2377,162,2162],"es_neighborhoods":[],"es_tags":[],"class_list":["post-310356","properties","type-properties","status-publish","has-post-thumbnail","hentry","es_location-cajica","es_location-canelon","es_location-cundinamarca","es_category-arriendo","es_type-apartamentos","es_feature-ascensor","es_feature-balcon","es_feature-bano-auxiliar","es_feature-barra-estilo-americano","es_feature-calentador","es_feature-circuito-cerrado-de-tv","es_feature-citofono","es_feature-cocina-integral","es_feature-colegios-universidades","es_feature-estudio","es_feature-garajes","es_feature-instalacion-de-gas","es_feature-jardines-exteriores","es_feature-oficina-de-negocios","es_feature-parqueadero-visitantes","es_feature-parques-cercanos","es_feature-sobre-via-principal","es_feature-supermercados-c-comerciales","es_feature-trans-publico-cercano","es_feature-vista-panoramica","es_feature-vivienda-multifamiliar","es_feature-zona-de-lavanderia","es_feature-zona-residencial","es_amenity-ascensor-privado","es_amenity-balcon","es_amenity-bano-auxiliar","es_amenity-barra-estilo-americano","es_amenity-calentador","es_amenity-circuito-cerrado-de-tv","es_amenity-citofono","es_amenity-cocina-integral","es_amenity-colegios-universidades","es_amenity-estudio","es_amenity-garajes","es_amenity-instalacion-de-gas","es_amenity-jardines-exteriores","es_amenity-oficina-de-negocios","es_amenity-parqueadero-visitantes","es_amenity-parques-cercanos","es_amenity-sobre-via-principal","es_amenity-supermercados-c-comerciales","es_amenity-trans-publico-cercano","es_amenity-vista-panoramica","es_amenity-vivienda-multifamiliar","es_amenity-zona-de-lavanderia","es_amenity-zona-residencial","es-post-entity"],"_links":{"self":[{"href":"https:\/\/arriendo.com\/co\/wp-json\/wp\/v2\/properties\/310356","targetHints":{"allow":["GET"]}}],"collection":[{"href":"https:\/\/arriendo.com\/co\/wp-json\/wp\/v2\/properties"}],"about":[{"href":"https:\/\/arriendo.com\/co\/wp-json\/wp\/v2\/types\/properties"}],"author":[{"embeddable":true,"href":"https:\/\/arriendo.com\/co\/wp-json\/wp\/v2\/users\/8417"}],"version-history":[{"count":0,"href":"https:\/\/arriendo.com\/co\/wp-json\/wp\/v2\/properties\/310356\/revisions"}],"wp:featuredmedia":[{"embeddable":true,"href":"https:\/\/arriendo.com\/co\/wp-json\/wp\/v2\/media\/310359"}],"wp:attachment":[{"href":"https:\/\/arriendo.com\/co\/wp-json\/wp\/v2\/media?parent=310356"}],"wp:term":[{"taxonomy":"es_location","embeddable":true,"href":"https:\/\/arriendo.com\/co\/wp-json\/wp\/v2\/es_locations?post=310356"},{"taxonomy":"es_category","embeddable":true,"href":"https:\/\/arriendo.com\/co\/wp-json\/wp\/v2\/es_categories?post=310356"},{"taxonomy":"es_type","embeddable":true,"href":"https:\/\/arriendo.com\/co\/wp-json\/wp\/v2\/es_types?post=310356"},{"taxonomy":"es_rent_period","embeddable":true,"href":"https:\/\/arriendo.com\/co\/wp-json\/wp\/v2\/es_rent_periods?post=310356"},{"taxonomy":"es_label","embeddable":true,"href":"https:\/\/arriendo.com\/co\/wp-json\/wp\/v2\/es_labels?post=310356"},{"taxonomy":"es_status","embeddable":true,"href":"https:\/\/arriendo.com\/co\/wp-json\/wp\/v2\/es_statuses?post=310356"},{"taxonomy":"es_parking","embeddable":true,"href":"https:\/\/arriendo.com\/co\/wp-json\/wp\/v2\/es_parkings?post=310356"},{"taxonomy":"es_roof","embeddable":true,"href":"https:\/\/arriendo.com\/co\/wp-json\/wp\/v2\/es_roofs?post=310356"},{"taxonomy":"es_exterior_material","embeddable":true,"href":"https:\/\/arriendo.com\/co\/wp-json\/wp\/v2\/es_exterior_materials?post=310356"},{"taxonomy":"es_basement","embeddable":true,"href":"https:\/\/arriendo.com\/co\/wp-json\/wp\/v2\/es_basements?post=310356"},{"taxonomy":"es_floor_covering","embeddable":true,"href":"https:\/\/arriendo.com\/co\/wp-json\/wp\/v2\/es_floor_coverings?post=310356"},{"taxonomy":"es_feature","embeddable":true,"href":"https:\/\/arriendo.com\/co\/wp-json\/wp\/v2\/es_features?post=310356"},{"taxonomy":"es_amenity","embeddable":true,"href":"https:\/\/arriendo.com\/co\/wp-json\/wp\/v2\/es_amenities?post=310356"},{"taxonomy":"es_neighborhood","embeddable":true,"href":"https:\/\/arriendo.com\/co\/wp-json\/wp\/v2\/es_neighborhoods?post=310356"},{"taxonomy":"es_tag","embeddable":true,"href":"https:\/\/arriendo.com\/co\/wp-json\/wp\/v2\/es_tags?post=310356"}],"curies":[{"name":"wp","href":"https:\/\/api.w.org\/{rel}","templated":true}]}}

Apartamento en  Arriendo en Canelon, Cajicá

<p>Descubre la vida que siempre soñaste en este excepcional apartamento en el corazón de Cajicá, donde el diseño moderno y la funcionalidad se fusionan para crear un hogar acogedor desde el primer instante.</p>
<p>Este espacio ha sido meticulosamente diseñado para ofrecerte el máximo confort y estilo. Disfruta de dos alcobas serenas, incluyendo una principal con baño privado y un balcón íntimo, perfecto para saborear la brisa matutina. Un segundo baño, elegantemente equipado con divisiones en vidrio templado, añade un toque de sofisticación.</p>
<p>La sala comedor, bañada en luz natural y con acceso a un balcón con vistas encantadoras, es el escenario ideal para crear recuerdos inolvidables con tus seres queridos. Para tus necesidades profesionales, un estudio con escritorio integrado te brinda un espacio cómodo y productivo en casa.</p>
<p>La cocina integral es un sueño para cualquier entusiasta culinario, equipada con nevera, horno y microondas, facilitando la preparación de tus platillos favoritos. La zona de ropas, con lavadora y lavadero, simplifica las tareas del hogar. Además, la tranquilidad de contar con un parqueadero privado (13) garantiza la seguridad de tu vehículo.</p>
<p>Este apartamento es la elección perfecta para parejas jóvenes que buscan un inicio de vida moderno y cómodo, familias pequeñas que anhelan un hogar seguro y sereno en un entorno natural, o profesionales que desean un santuario de descanso y relajación tras una jornada exigente.</p>
<p>No dejes pasar la oportunidad de vivir en este paraíso en Cajicá. ¡Contáctame hoy mismo para agendar una visita y dar el primer paso hacia tu nuevo hogar!</p>

Descubre la vida que siempre soñaste en este excepcional apartamento...
