{"id":308293,"date":"2026-02-18T07:43:21","date_gmt":"2026-02-18T12:43:21","guid":{"rendered":"https:\/\/arriendo.com\/co\/%es_type%\/%address_city%\/%neighborhood%\/santa-marta-rodadero-apartamento-en-alquiler-temporal-9506ba\/"},"modified":"2026-02-18T07:43:21","modified_gmt":"2026-02-18T12:43:21","slug":"AR-308293","status":"publish","type":"properties","link":"https:\/\/arriendo.com\/co\/apartamentos\/santa-marta\/rodadero\/AR-308293\/","title":{"rendered":"Apartamento en alquiler temporal en Rodadero, Santa marta"},"content":{"rendered":"<p>\u00a1Disfruta tus vacaciones en El Rodadero!<br \/>\nAlquilamos c\u00f3modos apartamentos por d\u00edas, con 2 habitaciones, piscina y una ubicaci\u00f3n ideal cerca de la playa, restaurantes y supermercados. El precio publicado aplica para temporada baja.<br \/>\n? Cotiza tus fechas y n\u00famero de personas \u2014 \u00a1con gusto te atenderemos! ?<\/p>\n","protected":false},"excerpt":{"rendered":"\u00a1Disfruta tus vacaciones en El Rodadero! Alquilamos c\u00f3modos apartamentos por...","protected":false},"author":1684,"featured_media":308296,"template":"","es_locations":[96,794,234],"es_categories":[124],"es_types":[114],"es_rent_periods":[],"es_labels":[],"es_statuses":[],"es_parkings":[],"es_roofs":[],"es_exterior_materials":[],"es_basements":[],"es_floor_coverings":[],"es_features":[149,2262,131,2146,2196,2149,2368,2180,2181,144],"es_amenities":[2329,2267,152,2155,2197,2159,2369,157,161,2289],"es_neighborhoods":[],"es_tags":[],"class_list":["post-308293","properties","type-properties","status-publish","has-post-thumbnail","hentry","es_location-magdalena","es_location-rodadero","es_location-santa-marta","es_category-arriendo","es_type-apartamentos","es_feature-aire-acondicionado","es_feature-amoblado","es_feature-ascensor","es_feature-cocina-integral","es_feature-en-conjunto-cerrado","es_feature-garajes","es_feature-loft","es_feature-piscina","es_feature-porteria-vigilancia","es_feature-vista-panoramica","es_amenity-aire-acondicionado","es_amenity-amoblado","es_amenity-ascensor-privado","es_amenity-cocina-integral","es_amenity-en-conjunto-cerrado","es_amenity-garajes","es_amenity-loft","es_amenity-piscina","es_amenity-vigilancia-24-7","es_amenity-vista-panoramica","es-post-entity"],"_links":{"self":[{"href":"https:\/\/arriendo.com\/co\/wp-json\/wp\/v2\/properties\/308293","targetHints":{"allow":["GET"]}}],"collection":[{"href":"https:\/\/arriendo.com\/co\/wp-json\/wp\/v2\/properties"}],"about":[{"href":"https:\/\/arriendo.com\/co\/wp-json\/wp\/v2\/types\/properties"}],"author":[{"embeddable":true,"href":"https:\/\/arriendo.com\/co\/wp-json\/wp\/v2\/users\/1684"}],"version-history":[{"count":0,"href":"https:\/\/arriendo.com\/co\/wp-json\/wp\/v2\/properties\/308293\/revisions"}],"wp:featuredmedia":[{"embeddable":true,"href":"https:\/\/arriendo.com\/co\/wp-json\/wp\/v2\/media\/308296"}],"wp:attachment":[{"href":"https:\/\/arriendo.com\/co\/wp-json\/wp\/v2\/media?parent=308293"}],"wp:term":[{"taxonomy":"es_location","embeddable":true,"href":"https:\/\/arriendo.com\/co\/wp-json\/wp\/v2\/es_locations?post=308293"},{"taxonomy":"es_category","embeddable":true,"href":"https:\/\/arriendo.com\/co\/wp-json\/wp\/v2\/es_categories?post=308293"},{"taxonomy":"es_type","embeddable":true,"href":"https:\/\/arriendo.com\/co\/wp-json\/wp\/v2\/es_types?post=308293"},{"taxonomy":"es_rent_period","embeddable":true,"href":"https:\/\/arriendo.com\/co\/wp-json\/wp\/v2\/es_rent_periods?post=308293"},{"taxonomy":"es_label","embeddable":true,"href":"https:\/\/arriendo.com\/co\/wp-json\/wp\/v2\/es_labels?post=308293"},{"taxonomy":"es_status","embeddable":true,"href":"https:\/\/arriendo.com\/co\/wp-json\/wp\/v2\/es_statuses?post=308293"},{"taxonomy":"es_parking","embeddable":true,"href":"https:\/\/arriendo.com\/co\/wp-json\/wp\/v2\/es_parkings?post=308293"},{"taxonomy":"es_roof","embeddable":true,"href":"https:\/\/arriendo.com\/co\/wp-json\/wp\/v2\/es_roofs?post=308293"},{"taxonomy":"es_exterior_material","embeddable":true,"href":"https:\/\/arriendo.com\/co\/wp-json\/wp\/v2\/es_exterior_materials?post=308293"},{"taxonomy":"es_basement","embeddable":true,"href":"https:\/\/arriendo.com\/co\/wp-json\/wp\/v2\/es_basements?post=308293"},{"taxonomy":"es_floor_covering","embeddable":true,"href":"https:\/\/arriendo.com\/co\/wp-json\/wp\/v2\/es_floor_coverings?post=308293"},{"taxonomy":"es_feature","embeddable":true,"href":"https:\/\/arriendo.com\/co\/wp-json\/wp\/v2\/es_features?post=308293"},{"taxonomy":"es_amenity","embeddable":true,"href":"https:\/\/arriendo.com\/co\/wp-json\/wp\/v2\/es_amenities?post=308293"},{"taxonomy":"es_neighborhood","embeddable":true,"href":"https:\/\/arriendo.com\/co\/wp-json\/wp\/v2\/es_neighborhoods?post=308293"},{"taxonomy":"es_tag","embeddable":true,"href":"https:\/\/arriendo.com\/co\/wp-json\/wp\/v2\/es_tags?post=308293"}],"curies":[{"name":"wp","href":"https:\/\/api.w.org\/{rel}","templated":true}]}}

<p>¡Disfruta tus vacaciones en El Rodadero!<br />
Alquilamos cómodos apartamentos por días, con 2 habitaciones, piscina y una ubicación ideal cerca de la playa, restaurantes y supermercados. El precio publicado aplica para temporada baja.<br />
? Cotiza tus fechas y número de personas — ¡con gusto te atenderemos! ?</p>

¡Disfruta tus vacaciones en El Rodadero! Alquilamos cómodos apartamentos por...
