{"id":307883,"date":"2026-02-18T07:35:44","date_gmt":"2026-02-18T12:35:44","guid":{"rendered":"https:\/\/arriendo.com\/co\/%es_type%\/%address_city%\/%neighborhood%\/ibague-picalena-y-mirolindo-apartamento-en-arriendo-en-0c4c61\/"},"modified":"2026-02-18T07:35:44","modified_gmt":"2026-02-18T12:35:44","slug":"AR-307883","status":"publish","type":"properties","link":"https:\/\/arriendo.com\/co\/apartamentos\/ibague\/picalena-y-mirolindo\/AR-307883\/","title":{"rendered":"Apartamento en Arriendo en Picale\u00f1a y Mirolindo, Ibagu\u00e9"},"content":{"rendered":"<p>EXCELENTE APARTAMENTO EN CONJUNTO CERRADO GIRONA, OCTAVO PISO CON VISTA INMEJORABLE, CON EXCELENTES ACABADOS, \u00c1REA, UBICACI\u00d3N, ILUMINACI\u00d3N Y VENTILACI\u00d3N. CONSTA DE TRES ALCOBAS CON CLOSET, DOS BA\u00d1OS, SALA COMEDOR, COCINA INTEGRAL, ZONA DE ROPAS, Y PARQUEADERO CUBIERTO.<\/p>\n","protected":false},"excerpt":{"rendered":"EXCELENTE APARTAMENTO EN CONJUNTO CERRADO GIRONA, OCTAVO PISO CON VISTA...","protected":false},"author":6456,"featured_media":307886,"template":"","es_locations":[337,2686,106],"es_categories":[124],"es_types":[114],"es_rent_periods":[],"es_labels":[],"es_statuses":[],"es_parkings":[],"es_roofs":[],"es_exterior_materials":[],"es_basements":[],"es_floor_coverings":[],"es_features":[131,2146,2148,2196,2149,2132,2181,2136,2152],"es_amenities":[152,2155,2157,2197,2159,2140,2143,161,2162],"es_neighborhoods":[],"es_tags":[],"class_list":["post-307883","properties","type-properties","status-publish","has-post-thumbnail","hentry","es_location-ibague","es_location-picalena-y-mirolindo","es_location-tolima","es_category-arriendo","es_type-apartamentos","es_feature-ascensor","es_feature-cocina-integral","es_feature-colegios-universidades","es_feature-en-conjunto-cerrado","es_feature-garajes","es_feature-parques-cercanos","es_feature-porteria-vigilancia","es_feature-trans-publico-cercano","es_feature-zona-residencial","es_amenity-ascensor-privado","es_amenity-cocina-integral","es_amenity-colegios-universidades","es_amenity-en-conjunto-cerrado","es_amenity-garajes","es_amenity-parques-cercanos","es_amenity-trans-publico-cercano","es_amenity-vigilancia-24-7","es_amenity-zona-residencial","es-post-entity"],"_links":{"self":[{"href":"https:\/\/arriendo.com\/co\/wp-json\/wp\/v2\/properties\/307883","targetHints":{"allow":["GET"]}}],"collection":[{"href":"https:\/\/arriendo.com\/co\/wp-json\/wp\/v2\/properties"}],"about":[{"href":"https:\/\/arriendo.com\/co\/wp-json\/wp\/v2\/types\/properties"}],"author":[{"embeddable":true,"href":"https:\/\/arriendo.com\/co\/wp-json\/wp\/v2\/users\/6456"}],"version-history":[{"count":0,"href":"https:\/\/arriendo.com\/co\/wp-json\/wp\/v2\/properties\/307883\/revisions"}],"wp:featuredmedia":[{"embeddable":true,"href":"https:\/\/arriendo.com\/co\/wp-json\/wp\/v2\/media\/307886"}],"wp:attachment":[{"href":"https:\/\/arriendo.com\/co\/wp-json\/wp\/v2\/media?parent=307883"}],"wp:term":[{"taxonomy":"es_location","embeddable":true,"href":"https:\/\/arriendo.com\/co\/wp-json\/wp\/v2\/es_locations?post=307883"},{"taxonomy":"es_category","embeddable":true,"href":"https:\/\/arriendo.com\/co\/wp-json\/wp\/v2\/es_categories?post=307883"},{"taxonomy":"es_type","embeddable":true,"href":"https:\/\/arriendo.com\/co\/wp-json\/wp\/v2\/es_types?post=307883"},{"taxonomy":"es_rent_period","embeddable":true,"href":"https:\/\/arriendo.com\/co\/wp-json\/wp\/v2\/es_rent_periods?post=307883"},{"taxonomy":"es_label","embeddable":true,"href":"https:\/\/arriendo.com\/co\/wp-json\/wp\/v2\/es_labels?post=307883"},{"taxonomy":"es_status","embeddable":true,"href":"https:\/\/arriendo.com\/co\/wp-json\/wp\/v2\/es_statuses?post=307883"},{"taxonomy":"es_parking","embeddable":true,"href":"https:\/\/arriendo.com\/co\/wp-json\/wp\/v2\/es_parkings?post=307883"},{"taxonomy":"es_roof","embeddable":true,"href":"https:\/\/arriendo.com\/co\/wp-json\/wp\/v2\/es_roofs?post=307883"},{"taxonomy":"es_exterior_material","embeddable":true,"href":"https:\/\/arriendo.com\/co\/wp-json\/wp\/v2\/es_exterior_materials?post=307883"},{"taxonomy":"es_basement","embeddable":true,"href":"https:\/\/arriendo.com\/co\/wp-json\/wp\/v2\/es_basements?post=307883"},{"taxonomy":"es_floor_covering","embeddable":true,"href":"https:\/\/arriendo.com\/co\/wp-json\/wp\/v2\/es_floor_coverings?post=307883"},{"taxonomy":"es_feature","embeddable":true,"href":"https:\/\/arriendo.com\/co\/wp-json\/wp\/v2\/es_features?post=307883"},{"taxonomy":"es_amenity","embeddable":true,"href":"https:\/\/arriendo.com\/co\/wp-json\/wp\/v2\/es_amenities?post=307883"},{"taxonomy":"es_neighborhood","embeddable":true,"href":"https:\/\/arriendo.com\/co\/wp-json\/wp\/v2\/es_neighborhoods?post=307883"},{"taxonomy":"es_tag","embeddable":true,"href":"https:\/\/arriendo.com\/co\/wp-json\/wp\/v2\/es_tags?post=307883"}],"curies":[{"name":"wp","href":"https:\/\/api.w.org\/{rel}","templated":true}]}}

Apartamento en Arriendo en Picaleña y Mirolindo, Ibagué

<p>EXCELENTE APARTAMENTO EN CONJUNTO CERRADO GIRONA, OCTAVO PISO CON VISTA INMEJORABLE, CON EXCELENTES ACABADOS, ÁREA, UBICACIÓN, ILUMINACIÓN Y VENTILACIÓN. CONSTA DE TRES ALCOBAS CON CLOSET, DOS BAÑOS, SALA COMEDOR, COCINA INTEGRAL, ZONA DE ROPAS, Y PARQUEADERO CUBIERTO.</p>
