{"id":307741,"date":"2026-02-18T07:33:49","date_gmt":"2026-02-18T12:33:49","guid":{"rendered":"https:\/\/arriendo.com\/co\/%es_type%\/%address_city%\/%neighborhood%\/ibague-el-carmen-casa-en-arriendo-en-d552c0\/"},"modified":"2026-02-18T07:33:49","modified_gmt":"2026-02-18T12:33:49","slug":"AR-307741","status":"publish","type":"properties","link":"https:\/\/arriendo.com\/co\/casas\/ibague\/el-carmen\/AR-307741\/","title":{"rendered":"Casa en Arriendo en El carmen, Ibagu\u00e9"},"content":{"rendered":"<p>CASA COMERCIAL DE DOS PISOS EN INTERLAKEN, CON EXCELENTE \u00c1REA, UBICACI\u00d3N, ILUMINACI\u00d3N Y VENTILACI\u00d3N. CONSTA DE SALA- COMEDOR, COCINA INTEGRAL, CUATRO ALCOBAS CON CLOSET, CINCO BA\u00d1OS, ALCOBA DE SERVICIO, ESTUDIO Y PARQUEADERO DOBLE. CUENTA CON TERRAZA, TANQUE DE AGUA, PATIO TRASERO CON ZONA BBQ Y JARDIN INTERIOR CUBIERTO.<\/p>\n","protected":false},"excerpt":{"rendered":"CASA COMERCIAL DE DOS PISOS EN INTERLAKEN, CON EXCELENTE \u00c1REA,...","protected":false},"author":6456,"featured_media":307744,"template":"","es_locations":[1980,337,106],"es_categories":[124],"es_types":[115],"es_rent_periods":[],"es_labels":[],"es_statuses":[],"es_parkings":[],"es_roofs":[],"es_exterior_materials":[],"es_basements":[],"es_floor_coverings":[],"es_features":[132,2212,2146,2312,136,2282,145,2220,2136,2137,2151],"es_amenities":[2186,2217,2155,2314,2158,2287,2160,2221,2143,2144,162],"es_neighborhoods":[],"es_tags":[],"class_list":["post-307741","properties","type-properties","status-publish","has-post-thumbnail","hentry","es_location-el-carmen","es_location-ibague","es_location-tolima","es_category-arriendo","es_type-casas","es_feature-balcon","es_feature-bano-auxiliar","es_feature-cocina-integral","es_feature-comedor-auxiliar","es_feature-estudio","es_feature-hall-de-alcobas","es_feature-instalacion-de-gas","es_feature-patio","es_feature-trans-publico-cercano","es_feature-zona-comercial","es_feature-zona-de-lavanderia","es_amenity-balcon","es_amenity-bano-auxiliar","es_amenity-cocina-integral","es_amenity-comedor-auxiliar","es_amenity-estudio","es_amenity-hall-de-alcobas","es_amenity-instalacion-de-gas","es_amenity-patio","es_amenity-trans-publico-cercano","es_amenity-zona-comercial","es_amenity-zona-de-lavanderia","es-post-entity"],"_links":{"self":[{"href":"https:\/\/arriendo.com\/co\/wp-json\/wp\/v2\/properties\/307741","targetHints":{"allow":["GET"]}}],"collection":[{"href":"https:\/\/arriendo.com\/co\/wp-json\/wp\/v2\/properties"}],"about":[{"href":"https:\/\/arriendo.com\/co\/wp-json\/wp\/v2\/types\/properties"}],"author":[{"embeddable":true,"href":"https:\/\/arriendo.com\/co\/wp-json\/wp\/v2\/users\/6456"}],"version-history":[{"count":0,"href":"https:\/\/arriendo.com\/co\/wp-json\/wp\/v2\/properties\/307741\/revisions"}],"wp:featuredmedia":[{"embeddable":true,"href":"https:\/\/arriendo.com\/co\/wp-json\/wp\/v2\/media\/307744"}],"wp:attachment":[{"href":"https:\/\/arriendo.com\/co\/wp-json\/wp\/v2\/media?parent=307741"}],"wp:term":[{"taxonomy":"es_location","embeddable":true,"href":"https:\/\/arriendo.com\/co\/wp-json\/wp\/v2\/es_locations?post=307741"},{"taxonomy":"es_category","embeddable":true,"href":"https:\/\/arriendo.com\/co\/wp-json\/wp\/v2\/es_categories?post=307741"},{"taxonomy":"es_type","embeddable":true,"href":"https:\/\/arriendo.com\/co\/wp-json\/wp\/v2\/es_types?post=307741"},{"taxonomy":"es_rent_period","embeddable":true,"href":"https:\/\/arriendo.com\/co\/wp-json\/wp\/v2\/es_rent_periods?post=307741"},{"taxonomy":"es_label","embeddable":true,"href":"https:\/\/arriendo.com\/co\/wp-json\/wp\/v2\/es_labels?post=307741"},{"taxonomy":"es_status","embeddable":true,"href":"https:\/\/arriendo.com\/co\/wp-json\/wp\/v2\/es_statuses?post=307741"},{"taxonomy":"es_parking","embeddable":true,"href":"https:\/\/arriendo.com\/co\/wp-json\/wp\/v2\/es_parkings?post=307741"},{"taxonomy":"es_roof","embeddable":true,"href":"https:\/\/arriendo.com\/co\/wp-json\/wp\/v2\/es_roofs?post=307741"},{"taxonomy":"es_exterior_material","embeddable":true,"href":"https:\/\/arriendo.com\/co\/wp-json\/wp\/v2\/es_exterior_materials?post=307741"},{"taxonomy":"es_basement","embeddable":true,"href":"https:\/\/arriendo.com\/co\/wp-json\/wp\/v2\/es_basements?post=307741"},{"taxonomy":"es_floor_covering","embeddable":true,"href":"https:\/\/arriendo.com\/co\/wp-json\/wp\/v2\/es_floor_coverings?post=307741"},{"taxonomy":"es_feature","embeddable":true,"href":"https:\/\/arriendo.com\/co\/wp-json\/wp\/v2\/es_features?post=307741"},{"taxonomy":"es_amenity","embeddable":true,"href":"https:\/\/arriendo.com\/co\/wp-json\/wp\/v2\/es_amenities?post=307741"},{"taxonomy":"es_neighborhood","embeddable":true,"href":"https:\/\/arriendo.com\/co\/wp-json\/wp\/v2\/es_neighborhoods?post=307741"},{"taxonomy":"es_tag","embeddable":true,"href":"https:\/\/arriendo.com\/co\/wp-json\/wp\/v2\/es_tags?post=307741"}],"curies":[{"name":"wp","href":"https:\/\/api.w.org\/{rel}","templated":true}]}}

Casa en Arriendo en El carmen, Ibagué

<p>CASA COMERCIAL DE DOS PISOS EN INTERLAKEN, CON EXCELENTE ÁREA, UBICACIÓN, ILUMINACIÓN Y VENTILACIÓN. CONSTA DE SALA- COMEDOR, COCINA INTEGRAL, CUATRO ALCOBAS CON CLOSET, CINCO BAÑOS, ALCOBA DE SERVICIO, ESTUDIO Y PARQUEADERO DOBLE. CUENTA CON TERRAZA, TANQUE DE AGUA, PATIO TRASERO CON ZONA BBQ Y JARDIN INTERIOR CUBIERTO.</p>

CASA COMERCIAL DE DOS PISOS EN INTERLAKEN, CON EXCELENTE ÁREA,...
