{"id":307724,"date":"2026-02-18T07:33:36","date_gmt":"2026-02-18T12:33:36","guid":{"rendered":"https:\/\/arriendo.com\/co\/%es_type%\/%address_city%\/%neighborhood%\/ibague-san-lucas-et-i-apartamento-en-arriendo-en-0429b5\/"},"modified":"2026-02-18T07:33:36","modified_gmt":"2026-02-18T12:33:36","slug":"AR-307724","status":"publish","type":"properties","link":"https:\/\/arriendo.com\/co\/apartamentos\/ibague\/san-lucas-et-i\/AR-307724\/","title":{"rendered":"Apartamento en Arriendo en San lucas et. i, Ibagu\u00e9"},"content":{"rendered":"<p>EXCELENTE OPORTUNIDAD Y PRECIO!!<br \/>\nAPARTAMENTO EN CONJUNTO CERRADO VERACRUZ, OCTAVO PISO, CON EXCELENTES ACABADOS, \u00c1REA, UBICACI\u00d3N, ILUMINACI\u00d3N Y VENTILACI\u00d3N. CONSTA DE TRES ALCOBAS CON CLOSET, DOS BA\u00d1OS, SALA-COMEDOR, COCINA INTEGRAL, ZONA DE ROPAS, Y PARQUEADERO . EL CONJUNTO CUENTA CON EXCELENTES \u00c1REAS COMUNES.<\/p>\n<p>CANON: $606.000 MAS $194.000 ADMON<\/p>\n","protected":false},"excerpt":{"rendered":"EXCELENTE OPORTUNIDAD Y PRECIO!! APARTAMENTO EN CONJUNTO CERRADO VERACRUZ, OCTAVO...","protected":false},"author":6456,"featured_media":307727,"template":"","es_locations":[337,3294,106],"es_categories":[124],"es_types":[114],"es_rent_periods":[],"es_labels":[],"es_statuses":[],"es_parkings":[],"es_roofs":[],"es_exterior_materials":[],"es_basements":[],"es_floor_coverings":[],"es_features":[131,132,2211,2146,2148,2196,2149,2179,2203,2132,2180,2133,2181,2182,2150,2136,2185,2152,2204],"es_amenities":[152,2186,2210,2155,2157,2197,2159,154,2208,2140,157,158,159,2161,2143,161,2173,2162,2209],"es_neighborhoods":[],"es_tags":[],"class_list":["post-307724","properties","type-properties","status-publish","has-post-thumbnail","hentry","es_location-ibague","es_location-san-lucas-et-i","es_location-tolima","es_category-arriendo","es_type-apartamentos","es_feature-ascensor","es_feature-balcon","es_feature-canchas-deportivas","es_feature-cocina-integral","es_feature-colegios-universidades","es_feature-en-conjunto-cerrado","es_feature-garajes","es_feature-gimnasio","es_feature-jardines-exteriores","es_feature-parques-cercanos","es_feature-piscina","es_feature-porteria-recepcion","es_feature-porteria-vigilancia","es_feature-salon-comunal","es_feature-supermercados-c-comerciales","es_feature-trans-publico-cercano","es_feature-zona-infantil","es_feature-zona-residencial","es_feature-zonas-verdes","es_amenity-ascensor-privado","es_amenity-balcon","es_amenity-canchas-deportivas","es_amenity-cocina-integral","es_amenity-colegios-universidades","es_amenity-en-conjunto-cerrado","es_amenity-garajes","es_amenity-gimnasio","es_amenity-jardines-exteriores","es_amenity-parques-cercanos","es_amenity-piscina","es_amenity-porteria-recepcion","es_amenity-salon-comunal","es_amenity-supermercados-c-comerciales","es_amenity-trans-publico-cercano","es_amenity-vigilancia-24-7","es_amenity-zona-infantil","es_amenity-zona-residencial","es_amenity-zonas-verdes","es-post-entity"],"_links":{"self":[{"href":"https:\/\/arriendo.com\/co\/wp-json\/wp\/v2\/properties\/307724","targetHints":{"allow":["GET"]}}],"collection":[{"href":"https:\/\/arriendo.com\/co\/wp-json\/wp\/v2\/properties"}],"about":[{"href":"https:\/\/arriendo.com\/co\/wp-json\/wp\/v2\/types\/properties"}],"author":[{"embeddable":true,"href":"https:\/\/arriendo.com\/co\/wp-json\/wp\/v2\/users\/6456"}],"version-history":[{"count":0,"href":"https:\/\/arriendo.com\/co\/wp-json\/wp\/v2\/properties\/307724\/revisions"}],"wp:featuredmedia":[{"embeddable":true,"href":"https:\/\/arriendo.com\/co\/wp-json\/wp\/v2\/media\/307727"}],"wp:attachment":[{"href":"https:\/\/arriendo.com\/co\/wp-json\/wp\/v2\/media?parent=307724"}],"wp:term":[{"taxonomy":"es_location","embeddable":true,"href":"https:\/\/arriendo.com\/co\/wp-json\/wp\/v2\/es_locations?post=307724"},{"taxonomy":"es_category","embeddable":true,"href":"https:\/\/arriendo.com\/co\/wp-json\/wp\/v2\/es_categories?post=307724"},{"taxonomy":"es_type","embeddable":true,"href":"https:\/\/arriendo.com\/co\/wp-json\/wp\/v2\/es_types?post=307724"},{"taxonomy":"es_rent_period","embeddable":true,"href":"https:\/\/arriendo.com\/co\/wp-json\/wp\/v2\/es_rent_periods?post=307724"},{"taxonomy":"es_label","embeddable":true,"href":"https:\/\/arriendo.com\/co\/wp-json\/wp\/v2\/es_labels?post=307724"},{"taxonomy":"es_status","embeddable":true,"href":"https:\/\/arriendo.com\/co\/wp-json\/wp\/v2\/es_statuses?post=307724"},{"taxonomy":"es_parking","embeddable":true,"href":"https:\/\/arriendo.com\/co\/wp-json\/wp\/v2\/es_parkings?post=307724"},{"taxonomy":"es_roof","embeddable":true,"href":"https:\/\/arriendo.com\/co\/wp-json\/wp\/v2\/es_roofs?post=307724"},{"taxonomy":"es_exterior_material","embeddable":true,"href":"https:\/\/arriendo.com\/co\/wp-json\/wp\/v2\/es_exterior_materials?post=307724"},{"taxonomy":"es_basement","embeddable":true,"href":"https:\/\/arriendo.com\/co\/wp-json\/wp\/v2\/es_basements?post=307724"},{"taxonomy":"es_floor_covering","embeddable":true,"href":"https:\/\/arriendo.com\/co\/wp-json\/wp\/v2\/es_floor_coverings?post=307724"},{"taxonomy":"es_feature","embeddable":true,"href":"https:\/\/arriendo.com\/co\/wp-json\/wp\/v2\/es_features?post=307724"},{"taxonomy":"es_amenity","embeddable":true,"href":"https:\/\/arriendo.com\/co\/wp-json\/wp\/v2\/es_amenities?post=307724"},{"taxonomy":"es_neighborhood","embeddable":true,"href":"https:\/\/arriendo.com\/co\/wp-json\/wp\/v2\/es_neighborhoods?post=307724"},{"taxonomy":"es_tag","embeddable":true,"href":"https:\/\/arriendo.com\/co\/wp-json\/wp\/v2\/es_tags?post=307724"}],"curies":[{"name":"wp","href":"https:\/\/api.w.org\/{rel}","templated":true}]}}

Apartamento en Arriendo en San lucas et. i, Ibagué

<p>EXCELENTE OPORTUNIDAD Y PRECIO!!<br />
APARTAMENTO EN CONJUNTO CERRADO VERACRUZ, OCTAVO PISO, CON EXCELENTES ACABADOS, ÁREA, UBICACIÓN, ILUMINACIÓN Y VENTILACIÓN. CONSTA DE TRES ALCOBAS CON CLOSET, DOS BAÑOS, SALA-COMEDOR, COCINA INTEGRAL, ZONA DE ROPAS, Y PARQUEADERO . EL CONJUNTO CUENTA CON EXCELENTES ÁREAS COMUNES.</p>
<p>CANON: $606.000 MAS $194.000 ADMON</p>
