{"id":307597,"date":"2026-02-18T07:31:34","date_gmt":"2026-02-18T12:31:34","guid":{"rendered":"https:\/\/arriendo.com\/co\/%es_type%\/%address_city%\/%neighborhood%\/pereira-altagracia-local-en-arriendo-en-67fa03\/"},"modified":"2026-02-18T07:31:34","modified_gmt":"2026-02-18T12:31:34","slug":"AR-307597","status":"publish","type":"properties","link":"https:\/\/arriendo.com\/co\/locales\/pereira\/altagracia\/AR-307597\/","title":{"rendered":"Local en Arriendo en Altagracia, Pereira"},"content":{"rendered":"<p>Descubre este amplio local ubicado en una zona comercial de la ciudad. Con una superficie de 337 metros cuadrados, este inmueble cuenta con 2 ba\u00f1os y espacios vers\u00e1tiles que se adaptan a diversas necesidades comerciales. Su dise\u00f1o moderno y funcional lo convierte en el lugar ideal para establecer tu negocio. No pierdas la oportunidad de invertir en este espacio \u00fanico que te brindar\u00e1 visibilidad y comodidad. \u00a1Cont\u00e1ctanos para m\u00e1s informaci\u00f3n!<\/p>\n","protected":false},"excerpt":{"rendered":"Descubre este amplio local ubicado en una zona comercial de...","protected":false},"author":4102,"featured_media":307600,"template":"","es_locations":[723,231,102],"es_categories":[124],"es_types":[117],"es_rent_periods":[],"es_labels":[],"es_statuses":[],"es_parkings":[],"es_roofs":[],"es_exterior_materials":[],"es_basements":[],"es_floor_coverings":[],"es_features":[2293,145,2135,143,2136,144,2137],"es_amenities":[2295,2160,2142,2290,2143,2289,2144],"es_neighborhoods":[],"es_tags":[],"class_list":["post-307597","properties","type-properties","status-publish","has-post-thumbnail","hentry","es_location-altagracia","es_location-pereira","es_location-risaralda","es_category-arriendo","es_type-locales","es_feature-cerca-centro-comercial","es_feature-instalacion-de-gas","es_feature-sobre-via-principal","es_feature-terraza","es_feature-trans-publico-cercano","es_feature-vista-panoramica","es_feature-zona-comercial","es_amenity-cerca-centro-comercial","es_amenity-instalacion-de-gas","es_amenity-sobre-via-principal","es_amenity-terraza","es_amenity-trans-publico-cercano","es_amenity-vista-panoramica","es_amenity-zona-comercial","es-post-entity"],"_links":{"self":[{"href":"https:\/\/arriendo.com\/co\/wp-json\/wp\/v2\/properties\/307597","targetHints":{"allow":["GET"]}}],"collection":[{"href":"https:\/\/arriendo.com\/co\/wp-json\/wp\/v2\/properties"}],"about":[{"href":"https:\/\/arriendo.com\/co\/wp-json\/wp\/v2\/types\/properties"}],"author":[{"embeddable":true,"href":"https:\/\/arriendo.com\/co\/wp-json\/wp\/v2\/users\/4102"}],"version-history":[{"count":0,"href":"https:\/\/arriendo.com\/co\/wp-json\/wp\/v2\/properties\/307597\/revisions"}],"wp:featuredmedia":[{"embeddable":true,"href":"https:\/\/arriendo.com\/co\/wp-json\/wp\/v2\/media\/307600"}],"wp:attachment":[{"href":"https:\/\/arriendo.com\/co\/wp-json\/wp\/v2\/media?parent=307597"}],"wp:term":[{"taxonomy":"es_location","embeddable":true,"href":"https:\/\/arriendo.com\/co\/wp-json\/wp\/v2\/es_locations?post=307597"},{"taxonomy":"es_category","embeddable":true,"href":"https:\/\/arriendo.com\/co\/wp-json\/wp\/v2\/es_categories?post=307597"},{"taxonomy":"es_type","embeddable":true,"href":"https:\/\/arriendo.com\/co\/wp-json\/wp\/v2\/es_types?post=307597"},{"taxonomy":"es_rent_period","embeddable":true,"href":"https:\/\/arriendo.com\/co\/wp-json\/wp\/v2\/es_rent_periods?post=307597"},{"taxonomy":"es_label","embeddable":true,"href":"https:\/\/arriendo.com\/co\/wp-json\/wp\/v2\/es_labels?post=307597"},{"taxonomy":"es_status","embeddable":true,"href":"https:\/\/arriendo.com\/co\/wp-json\/wp\/v2\/es_statuses?post=307597"},{"taxonomy":"es_parking","embeddable":true,"href":"https:\/\/arriendo.com\/co\/wp-json\/wp\/v2\/es_parkings?post=307597"},{"taxonomy":"es_roof","embeddable":true,"href":"https:\/\/arriendo.com\/co\/wp-json\/wp\/v2\/es_roofs?post=307597"},{"taxonomy":"es_exterior_material","embeddable":true,"href":"https:\/\/arriendo.com\/co\/wp-json\/wp\/v2\/es_exterior_materials?post=307597"},{"taxonomy":"es_basement","embeddable":true,"href":"https:\/\/arriendo.com\/co\/wp-json\/wp\/v2\/es_basements?post=307597"},{"taxonomy":"es_floor_covering","embeddable":true,"href":"https:\/\/arriendo.com\/co\/wp-json\/wp\/v2\/es_floor_coverings?post=307597"},{"taxonomy":"es_feature","embeddable":true,"href":"https:\/\/arriendo.com\/co\/wp-json\/wp\/v2\/es_features?post=307597"},{"taxonomy":"es_amenity","embeddable":true,"href":"https:\/\/arriendo.com\/co\/wp-json\/wp\/v2\/es_amenities?post=307597"},{"taxonomy":"es_neighborhood","embeddable":true,"href":"https:\/\/arriendo.com\/co\/wp-json\/wp\/v2\/es_neighborhoods?post=307597"},{"taxonomy":"es_tag","embeddable":true,"href":"https:\/\/arriendo.com\/co\/wp-json\/wp\/v2\/es_tags?post=307597"}],"curies":[{"name":"wp","href":"https:\/\/api.w.org\/{rel}","templated":true}]}}

<p>Descubre este amplio local ubicado en una zona comercial de la ciudad. Con una superficie de 337 metros cuadrados, este inmueble cuenta con 2 baños y espacios versátiles que se adaptan a diversas necesidades comerciales. Su diseño moderno y funcional lo convierte en el lugar ideal para establecer tu negocio. No pierdas la oportunidad de invertir en este espacio único que te brindará visibilidad y comodidad. ¡Contáctanos para más información!</p>
