{"id":307571,"date":"2026-02-18T07:31:09","date_gmt":"2026-02-18T12:31:09","guid":{"rendered":"https:\/\/arriendo.com\/co\/%es_type%\/%address_city%\/%neighborhood%\/pereira-pinares-apartamento-en-arriendo-en-d534b7\/"},"modified":"2026-02-18T07:31:09","modified_gmt":"2026-02-18T12:31:09","slug":"AR-307571","status":"publish","type":"properties","link":"https:\/\/arriendo.com\/co\/apartamentos\/pereira\/pinares\/AR-307571\/","title":{"rendered":"Apartamento en Arriendo en Pinares, Pereira"},"content":{"rendered":"<p>\u00a1Bienvenido a tu nuevo hogar de ensue\u00f1o en este espectacular apartamento de 3 habitaciones y 5 ba\u00f1os! Con 360 metros cuadrados para que disfrutes de amplitud y comodidad en cada rinc\u00f3n. Adem\u00e1s, cuenta con 2 parqueaderos para tu conveniencia. Imagina despertar cada ma\u00f1ana en este espacio lleno de luz y elegancia, donde cada detalle ha sido cuidadosamente dise\u00f1ado para brindarte la mejor experiencia de vida. No pierdas la oportunidad de hacer de este lugar tu refugio perfecto. \u00a1Ven a descubrirlo y enam\u00f3rate a primera vista!<\/p>\n","protected":false},"excerpt":{"rendered":"\u00a1Bienvenido a tu nuevo hogar de ensue\u00f1o en este espectacular...","protected":false},"author":4102,"featured_media":307574,"template":"","es_locations":[231,346,102],"es_categories":[124],"es_types":[114],"es_rent_periods":[],"es_labels":[],"es_statuses":[],"es_parkings":[],"es_roofs":[],"es_exterior_materials":[],"es_basements":[],"es_floor_coverings":[],"es_features":[149,131,132,2145,2211,2146,2179,145,2203,2368,2180,2182,2167,143,2136,144,2137,2185,2152],"es_amenities":[2329,152,2186,2153,2210,2155,154,2160,2208,2369,157,159,2171,2290,2143,2289,2144,2173,2162],"es_neighborhoods":[],"es_tags":[],"class_list":["post-307571","properties","type-properties","status-publish","has-post-thumbnail","hentry","es_location-pereira","es_location-pinares","es_location-risaralda","es_category-arriendo","es_type-apartamentos","es_feature-aire-acondicionado","es_feature-ascensor","es_feature-balcon","es_feature-calentador","es_feature-canchas-deportivas","es_feature-cocina-integral","es_feature-gimnasio","es_feature-instalacion-de-gas","es_feature-jardines-exteriores","es_feature-loft","es_feature-piscina","es_feature-salon-comunal","es_feature-sauna-turco-jacuzzi","es_feature-terraza","es_feature-trans-publico-cercano","es_feature-vista-panoramica","es_feature-zona-comercial","es_feature-zona-infantil","es_feature-zona-residencial","es_amenity-aire-acondicionado","es_amenity-ascensor-privado","es_amenity-balcon","es_amenity-calentador","es_amenity-canchas-deportivas","es_amenity-cocina-integral","es_amenity-gimnasio","es_amenity-instalacion-de-gas","es_amenity-jardines-exteriores","es_amenity-loft","es_amenity-piscina","es_amenity-salon-comunal","es_amenity-sauna-turco-jacuzzi","es_amenity-terraza","es_amenity-trans-publico-cercano","es_amenity-vista-panoramica","es_amenity-zona-comercial","es_amenity-zona-infantil","es_amenity-zona-residencial","es-post-entity"],"_links":{"self":[{"href":"https:\/\/arriendo.com\/co\/wp-json\/wp\/v2\/properties\/307571","targetHints":{"allow":["GET"]}}],"collection":[{"href":"https:\/\/arriendo.com\/co\/wp-json\/wp\/v2\/properties"}],"about":[{"href":"https:\/\/arriendo.com\/co\/wp-json\/wp\/v2\/types\/properties"}],"author":[{"embeddable":true,"href":"https:\/\/arriendo.com\/co\/wp-json\/wp\/v2\/users\/4102"}],"version-history":[{"count":0,"href":"https:\/\/arriendo.com\/co\/wp-json\/wp\/v2\/properties\/307571\/revisions"}],"wp:featuredmedia":[{"embeddable":true,"href":"https:\/\/arriendo.com\/co\/wp-json\/wp\/v2\/media\/307574"}],"wp:attachment":[{"href":"https:\/\/arriendo.com\/co\/wp-json\/wp\/v2\/media?parent=307571"}],"wp:term":[{"taxonomy":"es_location","embeddable":true,"href":"https:\/\/arriendo.com\/co\/wp-json\/wp\/v2\/es_locations?post=307571"},{"taxonomy":"es_category","embeddable":true,"href":"https:\/\/arriendo.com\/co\/wp-json\/wp\/v2\/es_categories?post=307571"},{"taxonomy":"es_type","embeddable":true,"href":"https:\/\/arriendo.com\/co\/wp-json\/wp\/v2\/es_types?post=307571"},{"taxonomy":"es_rent_period","embeddable":true,"href":"https:\/\/arriendo.com\/co\/wp-json\/wp\/v2\/es_rent_periods?post=307571"},{"taxonomy":"es_label","embeddable":true,"href":"https:\/\/arriendo.com\/co\/wp-json\/wp\/v2\/es_labels?post=307571"},{"taxonomy":"es_status","embeddable":true,"href":"https:\/\/arriendo.com\/co\/wp-json\/wp\/v2\/es_statuses?post=307571"},{"taxonomy":"es_parking","embeddable":true,"href":"https:\/\/arriendo.com\/co\/wp-json\/wp\/v2\/es_parkings?post=307571"},{"taxonomy":"es_roof","embeddable":true,"href":"https:\/\/arriendo.com\/co\/wp-json\/wp\/v2\/es_roofs?post=307571"},{"taxonomy":"es_exterior_material","embeddable":true,"href":"https:\/\/arriendo.com\/co\/wp-json\/wp\/v2\/es_exterior_materials?post=307571"},{"taxonomy":"es_basement","embeddable":true,"href":"https:\/\/arriendo.com\/co\/wp-json\/wp\/v2\/es_basements?post=307571"},{"taxonomy":"es_floor_covering","embeddable":true,"href":"https:\/\/arriendo.com\/co\/wp-json\/wp\/v2\/es_floor_coverings?post=307571"},{"taxonomy":"es_feature","embeddable":true,"href":"https:\/\/arriendo.com\/co\/wp-json\/wp\/v2\/es_features?post=307571"},{"taxonomy":"es_amenity","embeddable":true,"href":"https:\/\/arriendo.com\/co\/wp-json\/wp\/v2\/es_amenities?post=307571"},{"taxonomy":"es_neighborhood","embeddable":true,"href":"https:\/\/arriendo.com\/co\/wp-json\/wp\/v2\/es_neighborhoods?post=307571"},{"taxonomy":"es_tag","embeddable":true,"href":"https:\/\/arriendo.com\/co\/wp-json\/wp\/v2\/es_tags?post=307571"}],"curies":[{"name":"wp","href":"https:\/\/api.w.org\/{rel}","templated":true}]}}

<p>¡Bienvenido a tu nuevo hogar de ensueño en este espectacular apartamento de 3 habitaciones y 5 baños! Con 360 metros cuadrados para que disfrutes de amplitud y comodidad en cada rincón. Además, cuenta con 2 parqueaderos para tu conveniencia. Imagina despertar cada mañana en este espacio lleno de luz y elegancia, donde cada detalle ha sido cuidadosamente diseñado para brindarte la mejor experiencia de vida. No pierdas la oportunidad de hacer de este lugar tu refugio perfecto. ¡Ven a descubrirlo y enamórate a primera vista!</p>

¡Bienvenido a tu nuevo hogar de ensueño en este espectacular...
