{"id":305755,"date":"2026-02-17T12:20:15","date_gmt":"2026-02-17T17:20:15","guid":{"rendered":"https:\/\/arriendo.com\/co\/%es_type%\/%address_city%\/%neighborhood%\/sabaneta-calle-larga-apartamento-en-arriendo-en-f1a716\/"},"modified":"2026-02-17T12:20:15","modified_gmt":"2026-02-17T17:20:15","slug":"AR-305755","status":"publish","type":"properties","link":"https:\/\/arriendo.com\/co\/apartamentos\/sabaneta\/calle-larga\/AR-305755\/","title":{"rendered":"Apartamento en Arriendo en Calle larga, Sabaneta"},"content":{"rendered":"<p>Descubra un estilo de vida de confort y actividad en este apartamento, esta propiedad moderna est\u00e1 dise\u00f1ada para quienes buscan funcionalidad y ocio, ofreciendo amplias zonas comunes que enriquecen su d\u00eda a d\u00eda.   El apartamento cuenta con 2 ba\u00f1os y 1 garaje, complementando sus luminosas \u00e1reas sociales con un piso en baldosa\/m\u00e1rmol que aporta un toque de elegancia y frescura.<\/p>\n<p> La ventilaci\u00f3n natural garantiza ambientes agradables, creando un espacio acogedor y listo para habitar.   Disfrute de un completo abanico de amenidades que incluyen un gimnasio bien equipado, una terraza con vistas panor\u00e1micas de la ciudad, y un espacio de relajaci\u00f3n con sauna.<br \/>\n Adem\u00e1s, las canchas deportivas y la zona infantil son ideales para un estilo de vida activo y familiar. Este apartamento lo invita a disfrutar de un entorno contempor\u00e1neo en una de las zonas en desarrollo de Sabaneta.<\/p>\n<p>esta compuesto por tres alcobas, dos closet, un Vestier, balc\u00f3n en la alcoba principal, parqueadero y cuarto \u00fatil, piso alto , muy buena rutas de transporte cerca a el transito de sabaneta, \u00e9xito, biblioteca.<\/p>\n","protected":false},"excerpt":{"rendered":"Descubra un estilo de vida de confort y actividad en...","protected":false},"author":7683,"featured_media":305758,"template":"","es_locations":[79,3161,473],"es_categories":[124],"es_types":[114],"es_rent_periods":[],"es_labels":[],"es_statuses":[],"es_parkings":[],"es_roofs":[],"es_exterior_materials":[],"es_basements":[],"es_floor_coverings":[],"es_features":[],"es_amenities":[],"es_neighborhoods":[],"es_tags":[],"class_list":["post-305755","properties","type-properties","status-publish","has-post-thumbnail","hentry","es_location-antioquia","es_location-calle-larga","es_location-sabaneta","es_category-arriendo","es_type-apartamentos","es-post-entity"],"_links":{"self":[{"href":"https:\/\/arriendo.com\/co\/wp-json\/wp\/v2\/properties\/305755","targetHints":{"allow":["GET"]}}],"collection":[{"href":"https:\/\/arriendo.com\/co\/wp-json\/wp\/v2\/properties"}],"about":[{"href":"https:\/\/arriendo.com\/co\/wp-json\/wp\/v2\/types\/properties"}],"author":[{"embeddable":true,"href":"https:\/\/arriendo.com\/co\/wp-json\/wp\/v2\/users\/7683"}],"version-history":[{"count":0,"href":"https:\/\/arriendo.com\/co\/wp-json\/wp\/v2\/properties\/305755\/revisions"}],"wp:featuredmedia":[{"embeddable":true,"href":"https:\/\/arriendo.com\/co\/wp-json\/wp\/v2\/media\/305758"}],"wp:attachment":[{"href":"https:\/\/arriendo.com\/co\/wp-json\/wp\/v2\/media?parent=305755"}],"wp:term":[{"taxonomy":"es_location","embeddable":true,"href":"https:\/\/arriendo.com\/co\/wp-json\/wp\/v2\/es_locations?post=305755"},{"taxonomy":"es_category","embeddable":true,"href":"https:\/\/arriendo.com\/co\/wp-json\/wp\/v2\/es_categories?post=305755"},{"taxonomy":"es_type","embeddable":true,"href":"https:\/\/arriendo.com\/co\/wp-json\/wp\/v2\/es_types?post=305755"},{"taxonomy":"es_rent_period","embeddable":true,"href":"https:\/\/arriendo.com\/co\/wp-json\/wp\/v2\/es_rent_periods?post=305755"},{"taxonomy":"es_label","embeddable":true,"href":"https:\/\/arriendo.com\/co\/wp-json\/wp\/v2\/es_labels?post=305755"},{"taxonomy":"es_status","embeddable":true,"href":"https:\/\/arriendo.com\/co\/wp-json\/wp\/v2\/es_statuses?post=305755"},{"taxonomy":"es_parking","embeddable":true,"href":"https:\/\/arriendo.com\/co\/wp-json\/wp\/v2\/es_parkings?post=305755"},{"taxonomy":"es_roof","embeddable":true,"href":"https:\/\/arriendo.com\/co\/wp-json\/wp\/v2\/es_roofs?post=305755"},{"taxonomy":"es_exterior_material","embeddable":true,"href":"https:\/\/arriendo.com\/co\/wp-json\/wp\/v2\/es_exterior_materials?post=305755"},{"taxonomy":"es_basement","embeddable":true,"href":"https:\/\/arriendo.com\/co\/wp-json\/wp\/v2\/es_basements?post=305755"},{"taxonomy":"es_floor_covering","embeddable":true,"href":"https:\/\/arriendo.com\/co\/wp-json\/wp\/v2\/es_floor_coverings?post=305755"},{"taxonomy":"es_feature","embeddable":true,"href":"https:\/\/arriendo.com\/co\/wp-json\/wp\/v2\/es_features?post=305755"},{"taxonomy":"es_amenity","embeddable":true,"href":"https:\/\/arriendo.com\/co\/wp-json\/wp\/v2\/es_amenities?post=305755"},{"taxonomy":"es_neighborhood","embeddable":true,"href":"https:\/\/arriendo.com\/co\/wp-json\/wp\/v2\/es_neighborhoods?post=305755"},{"taxonomy":"es_tag","embeddable":true,"href":"https:\/\/arriendo.com\/co\/wp-json\/wp\/v2\/es_tags?post=305755"}],"curies":[{"name":"wp","href":"https:\/\/api.w.org\/{rel}","templated":true}]}}

<p>Descubra un estilo de vida de confort y actividad en este apartamento, esta propiedad moderna está diseñada para quienes buscan funcionalidad y ocio, ofreciendo amplias zonas comunes que enriquecen su día a día.   El apartamento cuenta con 2 baños y 1 garaje, complementando sus luminosas áreas sociales con un piso en baldosa/mármol que aporta un toque de elegancia y frescura.</p>
<p> La ventilación natural garantiza ambientes agradables, creando un espacio acogedor y listo para habitar.   Disfrute de un completo abanico de amenidades que incluyen un gimnasio bien equipado, una terraza con vistas panorámicas de la ciudad, y un espacio de relajación con sauna.<br />
 Además, las canchas deportivas y la zona infantil son ideales para un estilo de vida activo y familiar. Este apartamento lo invita a disfrutar de un entorno contemporáneo en una de las zonas en desarrollo de Sabaneta.</p>
<p>esta compuesto por tres alcobas, dos closet, un Vestier, balcón en la alcoba principal, parqueadero y cuarto útil, piso alto , muy buena rutas de transporte cerca a el transito de sabaneta, éxito, biblioteca.</p>
