{"id":305738,"date":"2026-02-17T12:19:56","date_gmt":"2026-02-17T17:19:56","guid":{"rendered":"https:\/\/arriendo.com\/co\/%es_type%\/%address_city%\/%neighborhood%\/bello-bucaros-apartamento-en-arriendo-en-c0b83e\/"},"modified":"2026-02-17T12:19:56","modified_gmt":"2026-02-17T17:19:56","slug":"AR-305738","status":"publish","type":"properties","link":"https:\/\/arriendo.com\/co\/apartamentos\/bello\/bucaros\/AR-305738\/","title":{"rendered":"Apartamento en Arriendo en Bucaros, Bello"},"content":{"rendered":"<p>Descubra este magn\u00edfico apartamento para arriendo en Bello, Antioquia. Nuevo y listo para ser habitado , este inmueble se distingue por su dise\u00f1o funcional y acabados de alta calidad. Cuenta con 2 ba\u00f1os, 1 garaje y cuarto \u00fatil, ofreciendo comodidad y un estilo de vida contempor\u00e1neo.  Este moderno apartamento se ilumina con ambientes luminosos que incluyen un balc\u00f3n principal y un balc\u00f3n  privado en la alcoba principal con impresionantes vistas panor\u00e1micas a la monta\u00f1a y la ciudad. El dormitorio principal tipo suite incorpora un armario empotrado, mientras que el dormitorio secundario es amplio y cuenta con un closet. Ambos ba\u00f1os son modernos, equipados con duchas de mampara de cristal y espejos iluminados.  Los pisos de baldosa clara y las paredes blancas crean un lienzo vers\u00e1til y elegante. La ventilaci\u00f3n natural complementa la sensaci\u00f3n de amplitud, muy buenas rutas de transporte, sector con gran desarrollo,<\/p>\n","protected":false},"excerpt":{"rendered":"Descubra este magn\u00edfico apartamento para arriendo en Bello, Antioquia. Nuevo...","protected":false},"author":7683,"featured_media":305741,"template":"","es_locations":[79,538,3287],"es_categories":[124],"es_types":[114],"es_rent_periods":[],"es_labels":[],"es_statuses":[],"es_parkings":[],"es_roofs":[],"es_exterior_materials":[],"es_basements":[],"es_floor_coverings":[],"es_features":[],"es_amenities":[],"es_neighborhoods":[],"es_tags":[],"class_list":["post-305738","properties","type-properties","status-publish","has-post-thumbnail","hentry","es_location-antioquia","es_location-bello","es_location-bucaros","es_category-arriendo","es_type-apartamentos","es-post-entity"],"_links":{"self":[{"href":"https:\/\/arriendo.com\/co\/wp-json\/wp\/v2\/properties\/305738","targetHints":{"allow":["GET"]}}],"collection":[{"href":"https:\/\/arriendo.com\/co\/wp-json\/wp\/v2\/properties"}],"about":[{"href":"https:\/\/arriendo.com\/co\/wp-json\/wp\/v2\/types\/properties"}],"author":[{"embeddable":true,"href":"https:\/\/arriendo.com\/co\/wp-json\/wp\/v2\/users\/7683"}],"version-history":[{"count":0,"href":"https:\/\/arriendo.com\/co\/wp-json\/wp\/v2\/properties\/305738\/revisions"}],"wp:featuredmedia":[{"embeddable":true,"href":"https:\/\/arriendo.com\/co\/wp-json\/wp\/v2\/media\/305741"}],"wp:attachment":[{"href":"https:\/\/arriendo.com\/co\/wp-json\/wp\/v2\/media?parent=305738"}],"wp:term":[{"taxonomy":"es_location","embeddable":true,"href":"https:\/\/arriendo.com\/co\/wp-json\/wp\/v2\/es_locations?post=305738"},{"taxonomy":"es_category","embeddable":true,"href":"https:\/\/arriendo.com\/co\/wp-json\/wp\/v2\/es_categories?post=305738"},{"taxonomy":"es_type","embeddable":true,"href":"https:\/\/arriendo.com\/co\/wp-json\/wp\/v2\/es_types?post=305738"},{"taxonomy":"es_rent_period","embeddable":true,"href":"https:\/\/arriendo.com\/co\/wp-json\/wp\/v2\/es_rent_periods?post=305738"},{"taxonomy":"es_label","embeddable":true,"href":"https:\/\/arriendo.com\/co\/wp-json\/wp\/v2\/es_labels?post=305738"},{"taxonomy":"es_status","embeddable":true,"href":"https:\/\/arriendo.com\/co\/wp-json\/wp\/v2\/es_statuses?post=305738"},{"taxonomy":"es_parking","embeddable":true,"href":"https:\/\/arriendo.com\/co\/wp-json\/wp\/v2\/es_parkings?post=305738"},{"taxonomy":"es_roof","embeddable":true,"href":"https:\/\/arriendo.com\/co\/wp-json\/wp\/v2\/es_roofs?post=305738"},{"taxonomy":"es_exterior_material","embeddable":true,"href":"https:\/\/arriendo.com\/co\/wp-json\/wp\/v2\/es_exterior_materials?post=305738"},{"taxonomy":"es_basement","embeddable":true,"href":"https:\/\/arriendo.com\/co\/wp-json\/wp\/v2\/es_basements?post=305738"},{"taxonomy":"es_floor_covering","embeddable":true,"href":"https:\/\/arriendo.com\/co\/wp-json\/wp\/v2\/es_floor_coverings?post=305738"},{"taxonomy":"es_feature","embeddable":true,"href":"https:\/\/arriendo.com\/co\/wp-json\/wp\/v2\/es_features?post=305738"},{"taxonomy":"es_amenity","embeddable":true,"href":"https:\/\/arriendo.com\/co\/wp-json\/wp\/v2\/es_amenities?post=305738"},{"taxonomy":"es_neighborhood","embeddable":true,"href":"https:\/\/arriendo.com\/co\/wp-json\/wp\/v2\/es_neighborhoods?post=305738"},{"taxonomy":"es_tag","embeddable":true,"href":"https:\/\/arriendo.com\/co\/wp-json\/wp\/v2\/es_tags?post=305738"}],"curies":[{"name":"wp","href":"https:\/\/api.w.org\/{rel}","templated":true}]}}

<p>Descubra este magnífico apartamento para arriendo en Bello, Antioquia. Nuevo y listo para ser habitado , este inmueble se distingue por su diseño funcional y acabados de alta calidad. Cuenta con 2 baños, 1 garaje y cuarto útil, ofreciendo comodidad y un estilo de vida contemporáneo.  Este moderno apartamento se ilumina con ambientes luminosos que incluyen un balcón principal y un balcón  privado en la alcoba principal con impresionantes vistas panorámicas a la montaña y la ciudad. El dormitorio principal tipo suite incorpora un armario empotrado, mientras que el dormitorio secundario es amplio y cuenta con un closet. Ambos baños son modernos, equipados con duchas de mampara de cristal y espejos iluminados.  Los pisos de baldosa clara y las paredes blancas crean un lienzo versátil y elegante. La ventilación natural complementa la sensación de amplitud, muy buenas rutas de transporte, sector con gran desarrollo,</p>

Descubra este magnífico apartamento para arriendo en Bello, Antioquia. Nuevo...
