{"id":305350,"date":"2026-02-17T12:01:18","date_gmt":"2026-02-17T17:01:18","guid":{"rendered":"https:\/\/arriendo.com\/co\/%es_type%\/%address_city%\/%neighborhood%\/cajica-calahorra-oficina-en-arriendo-en-eb6310\/"},"modified":"2026-02-17T12:01:18","modified_gmt":"2026-02-17T17:01:18","slug":"AR-305350","status":"publish","type":"properties","link":"https:\/\/arriendo.com\/co\/oficinas\/cajica\/calahorra\/AR-305350\/","title":{"rendered":"Oficina en Arriendo en Calahorra, Cajic\u00e1"},"content":{"rendered":"<p>Venta\/ Arriendo  Oficina\/ Consultorio en el municipio de Cajic\u00e1, en el departamento de Cundinamarca. Este inmueble cuenta con una excelente ubicaci\u00f3n en una zona de gran crecimiento y desarrollo, lo que lo convierte en una oportunidad \u00fanica para invertir en el sector inmobiliario.<\/p>\n<p>Con un \u00e1rea de terreno de 60 M2 y una construcci\u00f3n de 60 M2, esta oficina cuenta con espacios amplios y bien distribuidos que ofrecen comodidad y funcionalidad, el canon de $4.500.000 incluye administraci\u00f3n.Adem\u00e1s, cuenta con un garaje privado para mayor comodidad de sus ocupantes.<\/p>\n<p>Sus caracter\u00edsticas internas incluyen servicios b\u00e1sicos de agua y electricidad, as\u00ed como un sistema de cit\u00f3fono e intercomunicador para facilitar la comunicaci\u00f3n con otros espacios. El suelo de cer\u00e1mica o m\u00e1rmol le brinda un toque de elegancia y f\u00e1cil mantenimiento, mientras que su vista panor\u00e1mica le permite disfrutar de paisajes excepcionales.<\/p>\n<p>Este inmueble cuenta con la ventaja de admitir mascotas, ideal para aquellos que buscan un espacio amigable para sus compa\u00f1eros peludos. Adem\u00e1s, su estructura adosada le brinda mayor privacidad y tranquilidad.<\/p>\n<p>El edificio tambi\u00e9n cuenta con caracter\u00edsticas externas que lo hacen a\u00fan m\u00e1s atractivo, como el acceso pavimentado que facilita su llegada, un \u00e1rea social donde podr\u00e1 realizar reuniones y eventos, un ascensor para mayor comodidad y una cercan\u00eda a centros comerciales y zonas urbanas para cubrir todas sus necesidades.<\/p>\n<p>Para garantizar su seguridad,<\/p>\n","protected":false},"excerpt":{"rendered":"Venta\/ Arriendo Oficina\/ Consultorio en el municipio de Cajic\u00e1, en...","protected":false},"author":7198,"featured_media":305353,"template":"","es_locations":[243,2539,91],"es_categories":[124],"es_types":[116],"es_rent_periods":[],"es_labels":[],"es_statuses":[],"es_parkings":[],"es_roofs":[],"es_exterior_materials":[],"es_basements":[],"es_floor_coverings":[],"es_features":[2292,131,2233,2131,133,2175,2148,2266,2149,2370,2216,2132,2272,2365,2133,2181,2135,2150,2136,144,2137,2152,2204],"es_amenities":[2294,152,2248,2139,2154,2190,2157,2264,2159,2371,156,2140,2273,2366,158,2142,2161,2143,161,2289,2144,2162,2209],"es_neighborhoods":[],"es_tags":[],"class_list":["post-305350","properties","type-properties","status-publish","has-post-thumbnail","hentry","es_location-cajica","es_location-calahorra","es_location-cundinamarca","es_category-arriendo","es_type-oficinas","es_feature-acceso-pavimentado","es_feature-ascensor","es_feature-cerca-de-zona-urbana","es_feature-circuito-cerrado-de-tv","es_feature-citofono","es_feature-cochera","es_feature-colegios-universidades","es_feature-con-casa-club","es_feature-garajes","es_feature-oficina-de-negocios","es_feature-parqueadero-visitantes","es_feature-parques-cercanos","es_feature-piso-en-baldosa-marmol","es_feature-planta-electrica","es_feature-porteria-recepcion","es_feature-porteria-vigilancia","es_feature-sobre-via-principal","es_feature-supermercados-c-comerciales","es_feature-trans-publico-cercano","es_feature-vista-panoramica","es_feature-zona-comercial","es_feature-zona-residencial","es_feature-zonas-verdes","es_amenity-acceso-pavimentado","es_amenity-ascensor-privado","es_amenity-cerca-de-zona-urbana","es_amenity-circuito-cerrado-de-tv","es_amenity-citofono","es_amenity-cochera","es_amenity-colegios-universidades","es_amenity-con-casa-club","es_amenity-garajes","es_amenity-oficina-de-negocios","es_amenity-parqueadero-visitantes","es_amenity-parques-cercanos","es_amenity-piso-en-baldosa-marmol","es_amenity-planta-electrica","es_amenity-porteria-recepcion","es_amenity-sobre-via-principal","es_amenity-supermercados-c-comerciales","es_amenity-trans-publico-cercano","es_amenity-vigilancia-24-7","es_amenity-vista-panoramica","es_amenity-zona-comercial","es_amenity-zona-residencial","es_amenity-zonas-verdes","es-post-entity"],"_links":{"self":[{"href":"https:\/\/arriendo.com\/co\/wp-json\/wp\/v2\/properties\/305350","targetHints":{"allow":["GET"]}}],"collection":[{"href":"https:\/\/arriendo.com\/co\/wp-json\/wp\/v2\/properties"}],"about":[{"href":"https:\/\/arriendo.com\/co\/wp-json\/wp\/v2\/types\/properties"}],"author":[{"embeddable":true,"href":"https:\/\/arriendo.com\/co\/wp-json\/wp\/v2\/users\/7198"}],"version-history":[{"count":0,"href":"https:\/\/arriendo.com\/co\/wp-json\/wp\/v2\/properties\/305350\/revisions"}],"wp:featuredmedia":[{"embeddable":true,"href":"https:\/\/arriendo.com\/co\/wp-json\/wp\/v2\/media\/305353"}],"wp:attachment":[{"href":"https:\/\/arriendo.com\/co\/wp-json\/wp\/v2\/media?parent=305350"}],"wp:term":[{"taxonomy":"es_location","embeddable":true,"href":"https:\/\/arriendo.com\/co\/wp-json\/wp\/v2\/es_locations?post=305350"},{"taxonomy":"es_category","embeddable":true,"href":"https:\/\/arriendo.com\/co\/wp-json\/wp\/v2\/es_categories?post=305350"},{"taxonomy":"es_type","embeddable":true,"href":"https:\/\/arriendo.com\/co\/wp-json\/wp\/v2\/es_types?post=305350"},{"taxonomy":"es_rent_period","embeddable":true,"href":"https:\/\/arriendo.com\/co\/wp-json\/wp\/v2\/es_rent_periods?post=305350"},{"taxonomy":"es_label","embeddable":true,"href":"https:\/\/arriendo.com\/co\/wp-json\/wp\/v2\/es_labels?post=305350"},{"taxonomy":"es_status","embeddable":true,"href":"https:\/\/arriendo.com\/co\/wp-json\/wp\/v2\/es_statuses?post=305350"},{"taxonomy":"es_parking","embeddable":true,"href":"https:\/\/arriendo.com\/co\/wp-json\/wp\/v2\/es_parkings?post=305350"},{"taxonomy":"es_roof","embeddable":true,"href":"https:\/\/arriendo.com\/co\/wp-json\/wp\/v2\/es_roofs?post=305350"},{"taxonomy":"es_exterior_material","embeddable":true,"href":"https:\/\/arriendo.com\/co\/wp-json\/wp\/v2\/es_exterior_materials?post=305350"},{"taxonomy":"es_basement","embeddable":true,"href":"https:\/\/arriendo.com\/co\/wp-json\/wp\/v2\/es_basements?post=305350"},{"taxonomy":"es_floor_covering","embeddable":true,"href":"https:\/\/arriendo.com\/co\/wp-json\/wp\/v2\/es_floor_coverings?post=305350"},{"taxonomy":"es_feature","embeddable":true,"href":"https:\/\/arriendo.com\/co\/wp-json\/wp\/v2\/es_features?post=305350"},{"taxonomy":"es_amenity","embeddable":true,"href":"https:\/\/arriendo.com\/co\/wp-json\/wp\/v2\/es_amenities?post=305350"},{"taxonomy":"es_neighborhood","embeddable":true,"href":"https:\/\/arriendo.com\/co\/wp-json\/wp\/v2\/es_neighborhoods?post=305350"},{"taxonomy":"es_tag","embeddable":true,"href":"https:\/\/arriendo.com\/co\/wp-json\/wp\/v2\/es_tags?post=305350"}],"curies":[{"name":"wp","href":"https:\/\/api.w.org\/{rel}","templated":true}]}}

Oficina en Arriendo en Calahorra, Cajicá

<p>Venta/ Arriendo  Oficina/ Consultorio en el municipio de Cajicá, en el departamento de Cundinamarca. Este inmueble cuenta con una excelente ubicación en una zona de gran crecimiento y desarrollo, lo que lo convierte en una oportunidad única para invertir en el sector inmobiliario.</p>
<p>Con un área de terreno de 60 M2 y una construcción de 60 M2, esta oficina cuenta con espacios amplios y bien distribuidos que ofrecen comodidad y funcionalidad, el canon de $4.500.000 incluye administración.Además, cuenta con un garaje privado para mayor comodidad de sus ocupantes.</p>
<p>Sus características internas incluyen servicios básicos de agua y electricidad, así como un sistema de citófono e intercomunicador para facilitar la comunicación con otros espacios. El suelo de cerámica o mármol le brinda un toque de elegancia y fácil mantenimiento, mientras que su vista panorámica le permite disfrutar de paisajes excepcionales.</p>
<p>Este inmueble cuenta con la ventaja de admitir mascotas, ideal para aquellos que buscan un espacio amigable para sus compañeros peludos. Además, su estructura adosada le brinda mayor privacidad y tranquilidad.</p>
<p>El edificio también cuenta con características externas que lo hacen aún más atractivo, como el acceso pavimentado que facilita su llegada, un área social donde podrá realizar reuniones y eventos, un ascensor para mayor comodidad y una cercanía a centros comerciales y zonas urbanas para cubrir todas sus necesidades.</p>
<p>Para garantizar su seguridad,</p>

Venta/ Arriendo Oficina/ Consultorio en el municipio de Cajicá, en...
