{"id":305046,"date":"2026-02-17T11:47:23","date_gmt":"2026-02-17T16:47:23","guid":{"rendered":"https:\/\/arriendo.com\/co\/%es_type%\/%address_city%\/%neighborhood%\/la-calera-san-rafael-apartamento-en-arriendo-en-bad630\/"},"modified":"2026-02-17T11:47:23","modified_gmt":"2026-02-17T16:47:23","slug":"AR-305046","status":"publish","type":"properties","link":"https:\/\/arriendo.com\/co\/apartamentos\/la-calera\/san-rafael\/AR-305046\/","title":{"rendered":"Apartamento en Arriendo en San rafael, La calera"},"content":{"rendered":"<p>Descripci\u00f3n Adicional Se Arrienda Hermoso  apartamento para estrenar ubicado en un s\u00e9ptimo piso, con vista exterior  Excelente Ubicaci\u00f3n en la Calera Conjunto Residencial Verde Monte Estrato 4 1 Parqueadero privado cubierto Sala con chimenea &#8211; comedor    Balc\u00f3n Cocina integral abierta  Patio de ropas 3 habitaciones 2 ba\u00f1os \u00a1Con ascensor! Deposito Espectaculares Arreas Sociales zona verde, GYM, parque para ni\u00f1os , Sal\u00f3n comunal, 3 Salas de coworking, Sal\u00f3n de juegos, BBQ con dos espectaculares puntos. v\u00eda principal muy cerca, f\u00e1cil acceso a transporte publico. 1469-387<\/p>\n","protected":false},"excerpt":{"rendered":"Descripci\u00f3n Adicional Se Arrienda Hermoso apartamento para estrenar ubicado en...","protected":false},"author":4102,"featured_media":305049,"template":"","es_locations":[91,579,585],"es_categories":[124],"es_types":[114],"es_rent_periods":[],"es_labels":[],"es_statuses":[],"es_parkings":[],"es_roofs":[],"es_exterior_materials":[],"es_basements":[],"es_floor_coverings":[],"es_features":[2230,2168,131,132,2212,2145,134,2166,2147,2213,2196,2178,2216,2181,2237,2238,2227,2240,2228,2241,2151],"es_amenities":[2243,2195,152,2186,2217,2153,2313,2189,2156,2218,2197,2193,156,2194,160,2254,2255,2257,2258,2259,162],"es_neighborhoods":[],"es_tags":[],"class_list":["post-305046","properties","type-properties","status-publish","has-post-thumbnail","hentry","es_location-cundinamarca","es_location-la-calera","es_location-san-rafael","es_category-arriendo","es_type-apartamentos","es_feature-alcantarillado","es_feature-area-urbana","es_feature-ascensor","es_feature-balcon","es_feature-bano-auxiliar","es_feature-calentador","es_feature-chimenea","es_feature-closet","es_feature-cocina-tipo-americano","es_feature-comedor","es_feature-en-conjunto-cerrado","es_feature-garaje-cubierto","es_feature-parqueadero-visitantes","es_feature-porteria-vigilancia","es_feature-seguridad","es_feature-servicios-independientes","es_feature-shut-de-basura","es_feature-todos-los-servicios","es_feature-ventilacion-natural","es_feature-vigilancia-24x7","es_feature-zona-de-lavanderia","es_amenity-alcantarillado","es_amenity-area-urbana","es_amenity-ascensor-privado","es_amenity-balcon","es_amenity-bano-auxiliar","es_amenity-calentador","es_amenity-chimenea","es_amenity-closet","es_amenity-cocina-tipo-americano","es_amenity-comedor","es_amenity-en-conjunto-cerrado","es_amenity-garaje-cubierto","es_amenity-parqueadero-visitantes","es_amenity-porteria-vigilancia","es_amenity-seguridad-cctv","es_amenity-servicios-independientes","es_amenity-shut-de-basura","es_amenity-todos-los-servicios","es_amenity-ventilacion-natural","es_amenity-vigilancia-24x7","es_amenity-zona-de-lavanderia","es-post-entity"],"_links":{"self":[{"href":"https:\/\/arriendo.com\/co\/wp-json\/wp\/v2\/properties\/305046","targetHints":{"allow":["GET"]}}],"collection":[{"href":"https:\/\/arriendo.com\/co\/wp-json\/wp\/v2\/properties"}],"about":[{"href":"https:\/\/arriendo.com\/co\/wp-json\/wp\/v2\/types\/properties"}],"author":[{"embeddable":true,"href":"https:\/\/arriendo.com\/co\/wp-json\/wp\/v2\/users\/4102"}],"version-history":[{"count":0,"href":"https:\/\/arriendo.com\/co\/wp-json\/wp\/v2\/properties\/305046\/revisions"}],"wp:featuredmedia":[{"embeddable":true,"href":"https:\/\/arriendo.com\/co\/wp-json\/wp\/v2\/media\/305049"}],"wp:attachment":[{"href":"https:\/\/arriendo.com\/co\/wp-json\/wp\/v2\/media?parent=305046"}],"wp:term":[{"taxonomy":"es_location","embeddable":true,"href":"https:\/\/arriendo.com\/co\/wp-json\/wp\/v2\/es_locations?post=305046"},{"taxonomy":"es_category","embeddable":true,"href":"https:\/\/arriendo.com\/co\/wp-json\/wp\/v2\/es_categories?post=305046"},{"taxonomy":"es_type","embeddable":true,"href":"https:\/\/arriendo.com\/co\/wp-json\/wp\/v2\/es_types?post=305046"},{"taxonomy":"es_rent_period","embeddable":true,"href":"https:\/\/arriendo.com\/co\/wp-json\/wp\/v2\/es_rent_periods?post=305046"},{"taxonomy":"es_label","embeddable":true,"href":"https:\/\/arriendo.com\/co\/wp-json\/wp\/v2\/es_labels?post=305046"},{"taxonomy":"es_status","embeddable":true,"href":"https:\/\/arriendo.com\/co\/wp-json\/wp\/v2\/es_statuses?post=305046"},{"taxonomy":"es_parking","embeddable":true,"href":"https:\/\/arriendo.com\/co\/wp-json\/wp\/v2\/es_parkings?post=305046"},{"taxonomy":"es_roof","embeddable":true,"href":"https:\/\/arriendo.com\/co\/wp-json\/wp\/v2\/es_roofs?post=305046"},{"taxonomy":"es_exterior_material","embeddable":true,"href":"https:\/\/arriendo.com\/co\/wp-json\/wp\/v2\/es_exterior_materials?post=305046"},{"taxonomy":"es_basement","embeddable":true,"href":"https:\/\/arriendo.com\/co\/wp-json\/wp\/v2\/es_basements?post=305046"},{"taxonomy":"es_floor_covering","embeddable":true,"href":"https:\/\/arriendo.com\/co\/wp-json\/wp\/v2\/es_floor_coverings?post=305046"},{"taxonomy":"es_feature","embeddable":true,"href":"https:\/\/arriendo.com\/co\/wp-json\/wp\/v2\/es_features?post=305046"},{"taxonomy":"es_amenity","embeddable":true,"href":"https:\/\/arriendo.com\/co\/wp-json\/wp\/v2\/es_amenities?post=305046"},{"taxonomy":"es_neighborhood","embeddable":true,"href":"https:\/\/arriendo.com\/co\/wp-json\/wp\/v2\/es_neighborhoods?post=305046"},{"taxonomy":"es_tag","embeddable":true,"href":"https:\/\/arriendo.com\/co\/wp-json\/wp\/v2\/es_tags?post=305046"}],"curies":[{"name":"wp","href":"https:\/\/api.w.org\/{rel}","templated":true}]}}

<p>Descripción Adicional Se Arrienda Hermoso  apartamento para estrenar ubicado en un séptimo piso, con vista exterior  Excelente Ubicación en la Calera Conjunto Residencial Verde Monte Estrato 4 1 Parqueadero privado cubierto Sala con chimenea &#8211; comedor    Balcón Cocina integral abierta  Patio de ropas 3 habitaciones 2 baños ¡Con ascensor! Deposito Espectaculares Arreas Sociales zona verde, GYM, parque para niños , Salón comunal, 3 Salas de coworking, Salón de juegos, BBQ con dos espectaculares puntos. vía principal muy cerca, fácil acceso a transporte publico. 1469-387</p>

Descripción Adicional Se Arrienda Hermoso apartamento para estrenar ubicado en...
