{"id":304628,"date":"2026-02-17T11:39:56","date_gmt":"2026-02-17T16:39:56","guid":{"rendered":"https:\/\/arriendo.com\/co\/%es_type%\/%address_city%\/%neighborhood%\/facatativa-centro-casa-en-arriendo-cd0fb9\/"},"modified":"2026-02-17T11:39:56","modified_gmt":"2026-02-17T16:39:56","slug":"AR-304628","status":"publish","type":"properties","link":"https:\/\/arriendo.com\/co\/casas\/facatativa\/centro\/AR-304628\/","title":{"rendered":"Casa en  Arriendo en Centro, Facatativa"},"content":{"rendered":"<p>6874MS377. Se arrienda Casa Colonial en el Centro de Facatativ\u00e1 \u2013 Ideal para Uso Institucional, Comercial o Religioso<\/p>\n<p>Ubicada en el coraz\u00f3n de Facatativ\u00e1, esta propiedad combina amplitud, versatilidad y dise\u00f1o colonial, perfecta para diversos usos: institucionales, comerciales o congregaciones religiosas.<\/p>\n<p> \u00c1rea construida: 297 m\u00b2.<br \/>\n \u00c1rea de lote: 456 m\u00b2.<br \/>\n Espacios: 8 alcobas o salones, 1 ba\u00f1o, 1 garaje y 1 cuarto dep\u00f3sito.<\/p>\n<p>Descripci\u00f3n destacada:<\/p>\n<p> Amplio patio central cubierto con marquesina en vidrio, ideal para reuniones o actividades m\u00faltiples.<br \/>\n Espacio abierto para adecuar una zona de esparcimiento o jard\u00edn.<br \/>\n Recientemente remodelada con cambio de pisos y mejoras en su estructura.<br \/>\n Cuenta con bodega para almacenamiento.<\/p>\n<p>Arriendo \u00fanicamente con aseguradora.<\/p>\n<p>Ubicaci\u00f3n estrat\u00e9gica: Cerca de transporte p\u00fablico, v\u00edas principales, comercio y centros de salud.<\/p>\n","protected":false},"excerpt":{"rendered":"6874MS377. Se arrienda Casa Colonial en el Centro de Facatativ\u00e1...","protected":false},"author":6536,"featured_media":304631,"template":"","es_locations":[505,91,1189],"es_categories":[124],"es_types":[115],"es_rent_periods":[],"es_labels":[],"es_statuses":[],"es_parkings":[],"es_roofs":[],"es_exterior_materials":[],"es_basements":[],"es_floor_coverings":[],"es_features":[2233,2175,2148,2149,145,2135,2136,2137],"es_amenities":[2248,2190,2157,2159,2160,2142,2143,2144],"es_neighborhoods":[],"es_tags":[],"class_list":["post-304628","properties","type-properties","status-publish","has-post-thumbnail","hentry","es_location-centro","es_location-cundinamarca","es_location-facatativa","es_category-arriendo","es_type-casas","es_feature-cerca-de-zona-urbana","es_feature-cochera","es_feature-colegios-universidades","es_feature-garajes","es_feature-instalacion-de-gas","es_feature-sobre-via-principal","es_feature-trans-publico-cercano","es_feature-zona-comercial","es_amenity-cerca-de-zona-urbana","es_amenity-cochera","es_amenity-colegios-universidades","es_amenity-garajes","es_amenity-instalacion-de-gas","es_amenity-sobre-via-principal","es_amenity-trans-publico-cercano","es_amenity-zona-comercial","es-post-entity"],"_links":{"self":[{"href":"https:\/\/arriendo.com\/co\/wp-json\/wp\/v2\/properties\/304628","targetHints":{"allow":["GET"]}}],"collection":[{"href":"https:\/\/arriendo.com\/co\/wp-json\/wp\/v2\/properties"}],"about":[{"href":"https:\/\/arriendo.com\/co\/wp-json\/wp\/v2\/types\/properties"}],"author":[{"embeddable":true,"href":"https:\/\/arriendo.com\/co\/wp-json\/wp\/v2\/users\/6536"}],"version-history":[{"count":0,"href":"https:\/\/arriendo.com\/co\/wp-json\/wp\/v2\/properties\/304628\/revisions"}],"wp:featuredmedia":[{"embeddable":true,"href":"https:\/\/arriendo.com\/co\/wp-json\/wp\/v2\/media\/304631"}],"wp:attachment":[{"href":"https:\/\/arriendo.com\/co\/wp-json\/wp\/v2\/media?parent=304628"}],"wp:term":[{"taxonomy":"es_location","embeddable":true,"href":"https:\/\/arriendo.com\/co\/wp-json\/wp\/v2\/es_locations?post=304628"},{"taxonomy":"es_category","embeddable":true,"href":"https:\/\/arriendo.com\/co\/wp-json\/wp\/v2\/es_categories?post=304628"},{"taxonomy":"es_type","embeddable":true,"href":"https:\/\/arriendo.com\/co\/wp-json\/wp\/v2\/es_types?post=304628"},{"taxonomy":"es_rent_period","embeddable":true,"href":"https:\/\/arriendo.com\/co\/wp-json\/wp\/v2\/es_rent_periods?post=304628"},{"taxonomy":"es_label","embeddable":true,"href":"https:\/\/arriendo.com\/co\/wp-json\/wp\/v2\/es_labels?post=304628"},{"taxonomy":"es_status","embeddable":true,"href":"https:\/\/arriendo.com\/co\/wp-json\/wp\/v2\/es_statuses?post=304628"},{"taxonomy":"es_parking","embeddable":true,"href":"https:\/\/arriendo.com\/co\/wp-json\/wp\/v2\/es_parkings?post=304628"},{"taxonomy":"es_roof","embeddable":true,"href":"https:\/\/arriendo.com\/co\/wp-json\/wp\/v2\/es_roofs?post=304628"},{"taxonomy":"es_exterior_material","embeddable":true,"href":"https:\/\/arriendo.com\/co\/wp-json\/wp\/v2\/es_exterior_materials?post=304628"},{"taxonomy":"es_basement","embeddable":true,"href":"https:\/\/arriendo.com\/co\/wp-json\/wp\/v2\/es_basements?post=304628"},{"taxonomy":"es_floor_covering","embeddable":true,"href":"https:\/\/arriendo.com\/co\/wp-json\/wp\/v2\/es_floor_coverings?post=304628"},{"taxonomy":"es_feature","embeddable":true,"href":"https:\/\/arriendo.com\/co\/wp-json\/wp\/v2\/es_features?post=304628"},{"taxonomy":"es_amenity","embeddable":true,"href":"https:\/\/arriendo.com\/co\/wp-json\/wp\/v2\/es_amenities?post=304628"},{"taxonomy":"es_neighborhood","embeddable":true,"href":"https:\/\/arriendo.com\/co\/wp-json\/wp\/v2\/es_neighborhoods?post=304628"},{"taxonomy":"es_tag","embeddable":true,"href":"https:\/\/arriendo.com\/co\/wp-json\/wp\/v2\/es_tags?post=304628"}],"curies":[{"name":"wp","href":"https:\/\/api.w.org\/{rel}","templated":true}]}}

<p>6874MS377. Se arrienda Casa Colonial en el Centro de Facatativá – Ideal para Uso Institucional, Comercial o Religioso</p>
<p>Ubicada en el corazón de Facatativá, esta propiedad combina amplitud, versatilidad y diseño colonial, perfecta para diversos usos: institucionales, comerciales o congregaciones religiosas.</p>
<p> Área construida: 297 m².<br />
 Área de lote: 456 m².<br />
 Espacios: 8 alcobas o salones, 1 baño, 1 garaje y 1 cuarto depósito.</p>
<p>Descripción destacada:</p>
<p> Amplio patio central cubierto con marquesina en vidrio, ideal para reuniones o actividades múltiples.<br />
 Espacio abierto para adecuar una zona de esparcimiento o jardín.<br />
 Recientemente remodelada con cambio de pisos y mejoras en su estructura.<br />
 Cuenta con bodega para almacenamiento.</p>
<p>Arriendo únicamente con aseguradora.</p>
<p>Ubicación estratégica: Cerca de transporte público, vías principales, comercio y centros de salud.</p>

6874MS377. Se arrienda Casa Colonial en el Centro de Facatativá...
