{"id":304136,"date":"2026-02-17T11:30:46","date_gmt":"2026-02-17T16:30:46","guid":{"rendered":"https:\/\/arriendo.com\/co\/%es_type%\/%address_city%\/%neighborhood%\/envigado-las-antillas-apartamento-en-arriendo-en-6c1d18\/"},"modified":"2026-02-17T11:30:46","modified_gmt":"2026-02-17T16:30:46","slug":"AR-304136","status":"publish","type":"properties","link":"https:\/\/arriendo.com\/co\/apartamentos\/envigado\/las-antillas\/AR-304136\/","title":{"rendered":"Apartamento en Arriendo en Las antillas, Envigado"},"content":{"rendered":"<p>Apartamento en envigado las Antillas, en Unidad cerrada con porter\u00eda 24 horas con piscina, sal\u00f3n social, juegos infantiles, parqueadero de visitantes.<\/p>\n<p>Apartamento ubicado en piso 12 con ascensor, tiene un \u00e1rea de 66 m2, cuenta con 3 habitaciones, 2 ba\u00f1os, Sala comedor, Cocina integral abierta con ventana a balc\u00f3n, Balc\u00f3n, Zona de ropas independiente, parqueadero y cuarto \u00fatil.<\/p>\n","protected":false},"excerpt":{"rendered":"Apartamento en envigado las Antillas, en Unidad cerrada con porter\u00eda...","protected":false},"author":7547,"featured_media":304139,"template":"","es_locations":[79,511,1170],"es_categories":[124],"es_types":[114],"es_rent_periods":[],"es_labels":[],"es_statuses":[],"es_parkings":[],"es_roofs":[],"es_exterior_materials":[],"es_basements":[],"es_floor_coverings":[],"es_features":[131,132,2145,2146,2148,2149,145,2132,2180,2133,2182,2150,2136,2152,2204],"es_amenities":[152,2186,2153,2155,2157,2159,2160,2140,157,158,159,2161,2143,2162,2209],"es_neighborhoods":[],"es_tags":[],"class_list":["post-304136","properties","type-properties","status-publish","has-post-thumbnail","hentry","es_location-antioquia","es_location-envigado","es_location-las-antillas","es_category-arriendo","es_type-apartamentos","es_feature-ascensor","es_feature-balcon","es_feature-calentador","es_feature-cocina-integral","es_feature-colegios-universidades","es_feature-garajes","es_feature-instalacion-de-gas","es_feature-parques-cercanos","es_feature-piscina","es_feature-porteria-recepcion","es_feature-salon-comunal","es_feature-supermercados-c-comerciales","es_feature-trans-publico-cercano","es_feature-zona-residencial","es_feature-zonas-verdes","es_amenity-ascensor-privado","es_amenity-balcon","es_amenity-calentador","es_amenity-cocina-integral","es_amenity-colegios-universidades","es_amenity-garajes","es_amenity-instalacion-de-gas","es_amenity-parques-cercanos","es_amenity-piscina","es_amenity-porteria-recepcion","es_amenity-salon-comunal","es_amenity-supermercados-c-comerciales","es_amenity-trans-publico-cercano","es_amenity-zona-residencial","es_amenity-zonas-verdes","es-post-entity"],"_links":{"self":[{"href":"https:\/\/arriendo.com\/co\/wp-json\/wp\/v2\/properties\/304136","targetHints":{"allow":["GET"]}}],"collection":[{"href":"https:\/\/arriendo.com\/co\/wp-json\/wp\/v2\/properties"}],"about":[{"href":"https:\/\/arriendo.com\/co\/wp-json\/wp\/v2\/types\/properties"}],"author":[{"embeddable":true,"href":"https:\/\/arriendo.com\/co\/wp-json\/wp\/v2\/users\/7547"}],"version-history":[{"count":0,"href":"https:\/\/arriendo.com\/co\/wp-json\/wp\/v2\/properties\/304136\/revisions"}],"wp:featuredmedia":[{"embeddable":true,"href":"https:\/\/arriendo.com\/co\/wp-json\/wp\/v2\/media\/304139"}],"wp:attachment":[{"href":"https:\/\/arriendo.com\/co\/wp-json\/wp\/v2\/media?parent=304136"}],"wp:term":[{"taxonomy":"es_location","embeddable":true,"href":"https:\/\/arriendo.com\/co\/wp-json\/wp\/v2\/es_locations?post=304136"},{"taxonomy":"es_category","embeddable":true,"href":"https:\/\/arriendo.com\/co\/wp-json\/wp\/v2\/es_categories?post=304136"},{"taxonomy":"es_type","embeddable":true,"href":"https:\/\/arriendo.com\/co\/wp-json\/wp\/v2\/es_types?post=304136"},{"taxonomy":"es_rent_period","embeddable":true,"href":"https:\/\/arriendo.com\/co\/wp-json\/wp\/v2\/es_rent_periods?post=304136"},{"taxonomy":"es_label","embeddable":true,"href":"https:\/\/arriendo.com\/co\/wp-json\/wp\/v2\/es_labels?post=304136"},{"taxonomy":"es_status","embeddable":true,"href":"https:\/\/arriendo.com\/co\/wp-json\/wp\/v2\/es_statuses?post=304136"},{"taxonomy":"es_parking","embeddable":true,"href":"https:\/\/arriendo.com\/co\/wp-json\/wp\/v2\/es_parkings?post=304136"},{"taxonomy":"es_roof","embeddable":true,"href":"https:\/\/arriendo.com\/co\/wp-json\/wp\/v2\/es_roofs?post=304136"},{"taxonomy":"es_exterior_material","embeddable":true,"href":"https:\/\/arriendo.com\/co\/wp-json\/wp\/v2\/es_exterior_materials?post=304136"},{"taxonomy":"es_basement","embeddable":true,"href":"https:\/\/arriendo.com\/co\/wp-json\/wp\/v2\/es_basements?post=304136"},{"taxonomy":"es_floor_covering","embeddable":true,"href":"https:\/\/arriendo.com\/co\/wp-json\/wp\/v2\/es_floor_coverings?post=304136"},{"taxonomy":"es_feature","embeddable":true,"href":"https:\/\/arriendo.com\/co\/wp-json\/wp\/v2\/es_features?post=304136"},{"taxonomy":"es_amenity","embeddable":true,"href":"https:\/\/arriendo.com\/co\/wp-json\/wp\/v2\/es_amenities?post=304136"},{"taxonomy":"es_neighborhood","embeddable":true,"href":"https:\/\/arriendo.com\/co\/wp-json\/wp\/v2\/es_neighborhoods?post=304136"},{"taxonomy":"es_tag","embeddable":true,"href":"https:\/\/arriendo.com\/co\/wp-json\/wp\/v2\/es_tags?post=304136"}],"curies":[{"name":"wp","href":"https:\/\/api.w.org\/{rel}","templated":true}]}}

<p>Apartamento en envigado las Antillas, en Unidad cerrada con portería 24 horas con piscina, salón social, juegos infantiles, parqueadero de visitantes.</p>
<p>Apartamento ubicado en piso 12 con ascensor, tiene un área de 66 m2, cuenta con 3 habitaciones, 2 baños, Sala comedor, Cocina integral abierta con ventana a balcón, Balcón, Zona de ropas independiente, parqueadero y cuarto útil.</p>

Apartamento en envigado las Antillas, en Unidad cerrada con portería...
