{"id":304103,"date":"2026-02-17T11:30:17","date_gmt":"2026-02-17T16:30:17","guid":{"rendered":"https:\/\/arriendo.com\/co\/%es_type%\/%address_city%\/%neighborhood%\/envigado-la-cuenca-apartamento-en-arriendo-en-999e8f\/"},"modified":"2026-02-17T11:30:17","modified_gmt":"2026-02-17T16:30:17","slug":"AR-304103","status":"publish","type":"properties","link":"https:\/\/arriendo.com\/co\/apartamentos\/envigado\/la-cuenca\/AR-304103\/","title":{"rendered":"Apartamento en Arriendo en La Cuenca, Envigado"},"content":{"rendered":"<p>Se arriendo apartamento en envigado, ubicado en un piso nueve con ascensor, tiene un \u00e1rea de 62 m2, cuenta con 3 habitaciones, 2 ba\u00f1os, balc\u00f3n. Sala comedor, cocina integral, zona de ropas, parqueadero y cuarto \u00fatil.<\/p>\n","protected":false},"excerpt":{"rendered":"Se arriendo apartamento en envigado, ubicado en un piso nueve...","protected":false},"author":7547,"featured_media":304106,"template":"","es_locations":[79,511,3215],"es_categories":[124],"es_types":[114],"es_rent_periods":[],"es_labels":[],"es_statuses":[],"es_parkings":[],"es_roofs":[],"es_exterior_materials":[],"es_basements":[],"es_floor_coverings":[],"es_features":[131,132,2145,2146,151,145,2132,2133,2136,2152],"es_amenities":[152,2186,2153,2155,2270,2160,2140,158,2143,2162],"es_neighborhoods":[],"es_tags":[],"class_list":["post-304103","properties","type-properties","status-publish","has-post-thumbnail","hentry","es_location-antioquia","es_location-envigado","es_location-la-cuenca","es_category-arriendo","es_type-apartamentos","es_feature-ascensor","es_feature-balcon","es_feature-calentador","es_feature-cocina-integral","es_feature-deposito-bodega","es_feature-instalacion-de-gas","es_feature-parques-cercanos","es_feature-porteria-recepcion","es_feature-trans-publico-cercano","es_feature-zona-residencial","es_amenity-ascensor-privado","es_amenity-balcon","es_amenity-calentador","es_amenity-cocina-integral","es_amenity-deposito-bodega","es_amenity-instalacion-de-gas","es_amenity-parques-cercanos","es_amenity-porteria-recepcion","es_amenity-trans-publico-cercano","es_amenity-zona-residencial","es-post-entity"],"_links":{"self":[{"href":"https:\/\/arriendo.com\/co\/wp-json\/wp\/v2\/properties\/304103","targetHints":{"allow":["GET"]}}],"collection":[{"href":"https:\/\/arriendo.com\/co\/wp-json\/wp\/v2\/properties"}],"about":[{"href":"https:\/\/arriendo.com\/co\/wp-json\/wp\/v2\/types\/properties"}],"author":[{"embeddable":true,"href":"https:\/\/arriendo.com\/co\/wp-json\/wp\/v2\/users\/7547"}],"version-history":[{"count":0,"href":"https:\/\/arriendo.com\/co\/wp-json\/wp\/v2\/properties\/304103\/revisions"}],"wp:featuredmedia":[{"embeddable":true,"href":"https:\/\/arriendo.com\/co\/wp-json\/wp\/v2\/media\/304106"}],"wp:attachment":[{"href":"https:\/\/arriendo.com\/co\/wp-json\/wp\/v2\/media?parent=304103"}],"wp:term":[{"taxonomy":"es_location","embeddable":true,"href":"https:\/\/arriendo.com\/co\/wp-json\/wp\/v2\/es_locations?post=304103"},{"taxonomy":"es_category","embeddable":true,"href":"https:\/\/arriendo.com\/co\/wp-json\/wp\/v2\/es_categories?post=304103"},{"taxonomy":"es_type","embeddable":true,"href":"https:\/\/arriendo.com\/co\/wp-json\/wp\/v2\/es_types?post=304103"},{"taxonomy":"es_rent_period","embeddable":true,"href":"https:\/\/arriendo.com\/co\/wp-json\/wp\/v2\/es_rent_periods?post=304103"},{"taxonomy":"es_label","embeddable":true,"href":"https:\/\/arriendo.com\/co\/wp-json\/wp\/v2\/es_labels?post=304103"},{"taxonomy":"es_status","embeddable":true,"href":"https:\/\/arriendo.com\/co\/wp-json\/wp\/v2\/es_statuses?post=304103"},{"taxonomy":"es_parking","embeddable":true,"href":"https:\/\/arriendo.com\/co\/wp-json\/wp\/v2\/es_parkings?post=304103"},{"taxonomy":"es_roof","embeddable":true,"href":"https:\/\/arriendo.com\/co\/wp-json\/wp\/v2\/es_roofs?post=304103"},{"taxonomy":"es_exterior_material","embeddable":true,"href":"https:\/\/arriendo.com\/co\/wp-json\/wp\/v2\/es_exterior_materials?post=304103"},{"taxonomy":"es_basement","embeddable":true,"href":"https:\/\/arriendo.com\/co\/wp-json\/wp\/v2\/es_basements?post=304103"},{"taxonomy":"es_floor_covering","embeddable":true,"href":"https:\/\/arriendo.com\/co\/wp-json\/wp\/v2\/es_floor_coverings?post=304103"},{"taxonomy":"es_feature","embeddable":true,"href":"https:\/\/arriendo.com\/co\/wp-json\/wp\/v2\/es_features?post=304103"},{"taxonomy":"es_amenity","embeddable":true,"href":"https:\/\/arriendo.com\/co\/wp-json\/wp\/v2\/es_amenities?post=304103"},{"taxonomy":"es_neighborhood","embeddable":true,"href":"https:\/\/arriendo.com\/co\/wp-json\/wp\/v2\/es_neighborhoods?post=304103"},{"taxonomy":"es_tag","embeddable":true,"href":"https:\/\/arriendo.com\/co\/wp-json\/wp\/v2\/es_tags?post=304103"}],"curies":[{"name":"wp","href":"https:\/\/api.w.org\/{rel}","templated":true}]}}

<p>Se arriendo apartamento en envigado, ubicado en un piso nueve con ascensor, tiene un área de 62 m2, cuenta con 3 habitaciones, 2 baños, balcón. Sala comedor, cocina integral, zona de ropas, parqueadero y cuarto útil.</p>
