{"id":303989,"date":"2026-02-17T11:28:17","date_gmt":"2026-02-17T16:28:17","guid":{"rendered":"https:\/\/arriendo.com\/co\/%es_type%\/%address_city%\/%neighborhood%\/envigado-cumbres-apartamento-en-arriendo-en-1e3a0b\/"},"modified":"2026-02-17T11:28:17","modified_gmt":"2026-02-17T16:28:17","slug":"AR-303989","status":"publish","type":"properties","link":"https:\/\/arriendo.com\/co\/apartamentos\/envigado\/cumbres\/AR-303989\/","title":{"rendered":"Apartamento en Arriendo en Cumbres, Envigado"},"content":{"rendered":"<p>Apartamento en arriendo Envigado &#8211; Cumbres con \u00e1rea de 78 mts cuenta con sala comedor amplia, cocina integral, zona de ropas, balc\u00f3n, biblioteca, 2 alcobas, 2 ba\u00f1os terminados, parqueadero cubierto y cuarto \u00fatil. <\/p>\n<p>Unidad residencial con vigilancia 24 horas, juegos infantiles piscina para adultos y ni\u00f1os y zonas verdes. <\/p>\n<p>zona residencial tranquila, con acceso a rutas de transporte p\u00fablico y supermercados.<\/p>\n","protected":false},"excerpt":{"rendered":"Apartamento en arriendo Envigado &#8211; Cumbres con \u00e1rea de 78...","protected":false},"author":6907,"featured_media":303992,"template":"","es_locations":[79,1367,511],"es_categories":[124],"es_types":[114],"es_rent_periods":[],"es_labels":[],"es_statuses":[],"es_parkings":[],"es_roofs":[],"es_exterior_materials":[],"es_basements":[],"es_floor_coverings":[],"es_features":[131,132,2212,2145,2131,2146,2147,2196,136,145,2216,2132,2180,2272,2133,2182,2136,2152,2204],"es_amenities":[152,2186,2217,2153,2139,2155,2156,2197,2158,2160,156,2140,157,2273,158,159,2143,2162,2209],"es_neighborhoods":[],"es_tags":[],"class_list":["post-303989","properties","type-properties","status-publish","has-post-thumbnail","hentry","es_location-antioquia","es_location-cumbres","es_location-envigado","es_category-arriendo","es_type-apartamentos","es_feature-ascensor","es_feature-balcon","es_feature-bano-auxiliar","es_feature-calentador","es_feature-circuito-cerrado-de-tv","es_feature-cocina-integral","es_feature-cocina-tipo-americano","es_feature-en-conjunto-cerrado","es_feature-estudio","es_feature-instalacion-de-gas","es_feature-parqueadero-visitantes","es_feature-parques-cercanos","es_feature-piscina","es_feature-piso-en-baldosa-marmol","es_feature-porteria-recepcion","es_feature-salon-comunal","es_feature-trans-publico-cercano","es_feature-zona-residencial","es_feature-zonas-verdes","es_amenity-ascensor-privado","es_amenity-balcon","es_amenity-bano-auxiliar","es_amenity-calentador","es_amenity-circuito-cerrado-de-tv","es_amenity-cocina-integral","es_amenity-cocina-tipo-americano","es_amenity-en-conjunto-cerrado","es_amenity-estudio","es_amenity-instalacion-de-gas","es_amenity-parqueadero-visitantes","es_amenity-parques-cercanos","es_amenity-piscina","es_amenity-piso-en-baldosa-marmol","es_amenity-porteria-recepcion","es_amenity-salon-comunal","es_amenity-trans-publico-cercano","es_amenity-zona-residencial","es_amenity-zonas-verdes","es-post-entity"],"_links":{"self":[{"href":"https:\/\/arriendo.com\/co\/wp-json\/wp\/v2\/properties\/303989","targetHints":{"allow":["GET"]}}],"collection":[{"href":"https:\/\/arriendo.com\/co\/wp-json\/wp\/v2\/properties"}],"about":[{"href":"https:\/\/arriendo.com\/co\/wp-json\/wp\/v2\/types\/properties"}],"author":[{"embeddable":true,"href":"https:\/\/arriendo.com\/co\/wp-json\/wp\/v2\/users\/6907"}],"version-history":[{"count":0,"href":"https:\/\/arriendo.com\/co\/wp-json\/wp\/v2\/properties\/303989\/revisions"}],"wp:featuredmedia":[{"embeddable":true,"href":"https:\/\/arriendo.com\/co\/wp-json\/wp\/v2\/media\/303992"}],"wp:attachment":[{"href":"https:\/\/arriendo.com\/co\/wp-json\/wp\/v2\/media?parent=303989"}],"wp:term":[{"taxonomy":"es_location","embeddable":true,"href":"https:\/\/arriendo.com\/co\/wp-json\/wp\/v2\/es_locations?post=303989"},{"taxonomy":"es_category","embeddable":true,"href":"https:\/\/arriendo.com\/co\/wp-json\/wp\/v2\/es_categories?post=303989"},{"taxonomy":"es_type","embeddable":true,"href":"https:\/\/arriendo.com\/co\/wp-json\/wp\/v2\/es_types?post=303989"},{"taxonomy":"es_rent_period","embeddable":true,"href":"https:\/\/arriendo.com\/co\/wp-json\/wp\/v2\/es_rent_periods?post=303989"},{"taxonomy":"es_label","embeddable":true,"href":"https:\/\/arriendo.com\/co\/wp-json\/wp\/v2\/es_labels?post=303989"},{"taxonomy":"es_status","embeddable":true,"href":"https:\/\/arriendo.com\/co\/wp-json\/wp\/v2\/es_statuses?post=303989"},{"taxonomy":"es_parking","embeddable":true,"href":"https:\/\/arriendo.com\/co\/wp-json\/wp\/v2\/es_parkings?post=303989"},{"taxonomy":"es_roof","embeddable":true,"href":"https:\/\/arriendo.com\/co\/wp-json\/wp\/v2\/es_roofs?post=303989"},{"taxonomy":"es_exterior_material","embeddable":true,"href":"https:\/\/arriendo.com\/co\/wp-json\/wp\/v2\/es_exterior_materials?post=303989"},{"taxonomy":"es_basement","embeddable":true,"href":"https:\/\/arriendo.com\/co\/wp-json\/wp\/v2\/es_basements?post=303989"},{"taxonomy":"es_floor_covering","embeddable":true,"href":"https:\/\/arriendo.com\/co\/wp-json\/wp\/v2\/es_floor_coverings?post=303989"},{"taxonomy":"es_feature","embeddable":true,"href":"https:\/\/arriendo.com\/co\/wp-json\/wp\/v2\/es_features?post=303989"},{"taxonomy":"es_amenity","embeddable":true,"href":"https:\/\/arriendo.com\/co\/wp-json\/wp\/v2\/es_amenities?post=303989"},{"taxonomy":"es_neighborhood","embeddable":true,"href":"https:\/\/arriendo.com\/co\/wp-json\/wp\/v2\/es_neighborhoods?post=303989"},{"taxonomy":"es_tag","embeddable":true,"href":"https:\/\/arriendo.com\/co\/wp-json\/wp\/v2\/es_tags?post=303989"}],"curies":[{"name":"wp","href":"https:\/\/api.w.org\/{rel}","templated":true}]}}

<p>Apartamento en arriendo Envigado &#8211; Cumbres con área de 78 mts cuenta con sala comedor amplia, cocina integral, zona de ropas, balcón, biblioteca, 2 alcobas, 2 baños terminados, parqueadero cubierto y cuarto útil. </p>
<p>Unidad residencial con vigilancia 24 horas, juegos infantiles piscina para adultos y niños y zonas verdes. </p>
<p>zona residencial tranquila, con acceso a rutas de transporte público y supermercados.</p>

Apartamento en arriendo Envigado &#8211; Cumbres con área de 78...
