{"id":303957,"date":"2026-02-17T11:27:43","date_gmt":"2026-02-17T16:27:43","guid":{"rendered":"https:\/\/arriendo.com\/co\/%es_type%\/%address_city%\/%neighborhood%\/envigado-santa-maria-de-los-angeles-apartamento-en-arriendo-en-f7832b\/"},"modified":"2026-02-17T11:27:43","modified_gmt":"2026-02-17T16:27:43","slug":"AR-303957","status":"publish","type":"properties","link":"https:\/\/arriendo.com\/co\/apartamentos\/envigado\/santa-maria-de-los-angeles\/AR-303957\/","title":{"rendered":"Apartamento en Arriendo en Santa maria de los angeles, Envigado"},"content":{"rendered":"<p>Apartamento en arriendo en Santa Mar\u00eda de los \u00c1ngeles, de tres niveles, en su primer nivel cuenta con sala comedor, estudio, 2 patios, cocina Integral, en su segundo nivel 1 alcoba con closet, 1 ba\u00f1o cabinado, en su tercer nivel 2 alcobas y un ba\u00f1o cabinado, parqueadero y cuarto \u00fatil.<\/p>\n<p>Edificio con porter\u00eda 24 horas con acceso por avenida el poblado y avenida las vegas, zona residencial tranquila.<\/p>\n","protected":false},"excerpt":{"rendered":"Apartamento en arriendo en Santa Mar\u00eda de los \u00c1ngeles, de...","protected":false},"author":6907,"featured_media":303960,"template":"","es_locations":[79,511,1500],"es_categories":[124],"es_types":[114],"es_rent_periods":[],"es_labels":[],"es_statuses":[],"es_parkings":[],"es_roofs":[],"es_exterior_materials":[],"es_basements":[],"es_floor_coverings":[],"es_features":[131,132,2212,2145,2131,2146,2312,2196,136,145,2132,2220,2272,2133,2181,2136,2152],"es_amenities":[152,2186,2217,2153,2139,2155,2314,2197,2158,2160,2140,2221,2273,158,2143,161,2162],"es_neighborhoods":[],"es_tags":[],"class_list":["post-303957","properties","type-properties","status-publish","has-post-thumbnail","hentry","es_location-antioquia","es_location-envigado","es_location-santa-maria-de-los-angeles","es_category-arriendo","es_type-apartamentos","es_feature-ascensor","es_feature-balcon","es_feature-bano-auxiliar","es_feature-calentador","es_feature-circuito-cerrado-de-tv","es_feature-cocina-integral","es_feature-comedor-auxiliar","es_feature-en-conjunto-cerrado","es_feature-estudio","es_feature-instalacion-de-gas","es_feature-parques-cercanos","es_feature-patio","es_feature-piso-en-baldosa-marmol","es_feature-porteria-recepcion","es_feature-porteria-vigilancia","es_feature-trans-publico-cercano","es_feature-zona-residencial","es_amenity-ascensor-privado","es_amenity-balcon","es_amenity-bano-auxiliar","es_amenity-calentador","es_amenity-circuito-cerrado-de-tv","es_amenity-cocina-integral","es_amenity-comedor-auxiliar","es_amenity-en-conjunto-cerrado","es_amenity-estudio","es_amenity-instalacion-de-gas","es_amenity-parques-cercanos","es_amenity-patio","es_amenity-piso-en-baldosa-marmol","es_amenity-porteria-recepcion","es_amenity-trans-publico-cercano","es_amenity-vigilancia-24-7","es_amenity-zona-residencial","es-post-entity"],"_links":{"self":[{"href":"https:\/\/arriendo.com\/co\/wp-json\/wp\/v2\/properties\/303957","targetHints":{"allow":["GET"]}}],"collection":[{"href":"https:\/\/arriendo.com\/co\/wp-json\/wp\/v2\/properties"}],"about":[{"href":"https:\/\/arriendo.com\/co\/wp-json\/wp\/v2\/types\/properties"}],"author":[{"embeddable":true,"href":"https:\/\/arriendo.com\/co\/wp-json\/wp\/v2\/users\/6907"}],"version-history":[{"count":0,"href":"https:\/\/arriendo.com\/co\/wp-json\/wp\/v2\/properties\/303957\/revisions"}],"wp:featuredmedia":[{"embeddable":true,"href":"https:\/\/arriendo.com\/co\/wp-json\/wp\/v2\/media\/303960"}],"wp:attachment":[{"href":"https:\/\/arriendo.com\/co\/wp-json\/wp\/v2\/media?parent=303957"}],"wp:term":[{"taxonomy":"es_location","embeddable":true,"href":"https:\/\/arriendo.com\/co\/wp-json\/wp\/v2\/es_locations?post=303957"},{"taxonomy":"es_category","embeddable":true,"href":"https:\/\/arriendo.com\/co\/wp-json\/wp\/v2\/es_categories?post=303957"},{"taxonomy":"es_type","embeddable":true,"href":"https:\/\/arriendo.com\/co\/wp-json\/wp\/v2\/es_types?post=303957"},{"taxonomy":"es_rent_period","embeddable":true,"href":"https:\/\/arriendo.com\/co\/wp-json\/wp\/v2\/es_rent_periods?post=303957"},{"taxonomy":"es_label","embeddable":true,"href":"https:\/\/arriendo.com\/co\/wp-json\/wp\/v2\/es_labels?post=303957"},{"taxonomy":"es_status","embeddable":true,"href":"https:\/\/arriendo.com\/co\/wp-json\/wp\/v2\/es_statuses?post=303957"},{"taxonomy":"es_parking","embeddable":true,"href":"https:\/\/arriendo.com\/co\/wp-json\/wp\/v2\/es_parkings?post=303957"},{"taxonomy":"es_roof","embeddable":true,"href":"https:\/\/arriendo.com\/co\/wp-json\/wp\/v2\/es_roofs?post=303957"},{"taxonomy":"es_exterior_material","embeddable":true,"href":"https:\/\/arriendo.com\/co\/wp-json\/wp\/v2\/es_exterior_materials?post=303957"},{"taxonomy":"es_basement","embeddable":true,"href":"https:\/\/arriendo.com\/co\/wp-json\/wp\/v2\/es_basements?post=303957"},{"taxonomy":"es_floor_covering","embeddable":true,"href":"https:\/\/arriendo.com\/co\/wp-json\/wp\/v2\/es_floor_coverings?post=303957"},{"taxonomy":"es_feature","embeddable":true,"href":"https:\/\/arriendo.com\/co\/wp-json\/wp\/v2\/es_features?post=303957"},{"taxonomy":"es_amenity","embeddable":true,"href":"https:\/\/arriendo.com\/co\/wp-json\/wp\/v2\/es_amenities?post=303957"},{"taxonomy":"es_neighborhood","embeddable":true,"href":"https:\/\/arriendo.com\/co\/wp-json\/wp\/v2\/es_neighborhoods?post=303957"},{"taxonomy":"es_tag","embeddable":true,"href":"https:\/\/arriendo.com\/co\/wp-json\/wp\/v2\/es_tags?post=303957"}],"curies":[{"name":"wp","href":"https:\/\/api.w.org\/{rel}","templated":true}]}}

<p>Apartamento en arriendo en Santa María de los Ángeles, de tres niveles, en su primer nivel cuenta con sala comedor, estudio, 2 patios, cocina Integral, en su segundo nivel 1 alcoba con closet, 1 baño cabinado, en su tercer nivel 2 alcobas y un baño cabinado, parqueadero y cuarto útil.</p>
<p>Edificio con portería 24 horas con acceso por avenida el poblado y avenida las vegas, zona residencial tranquila.</p>

Apartamento en arriendo en Santa María de los Ángeles, de...
