{"id":303301,"date":"2026-02-17T11:09:57","date_gmt":"2026-02-17T16:09:57","guid":{"rendered":"https:\/\/arriendo.com\/co\/%es_type%\/%address_city%\/%neighborhood%\/guarne-el-salado-finca-en-arriendo-en-5cd1f2\/"},"modified":"2026-02-17T11:09:57","modified_gmt":"2026-02-17T16:09:57","slug":"AR-303301","status":"publish","type":"properties","link":"https:\/\/arriendo.com\/co\/fincas\/guarne\/el-salado\/AR-303301\/","title":{"rendered":"Finca en Arriendo en El salado, Guarne"},"content":{"rendered":"<p>**Finca para Inversi\u00f3n en Guarne, Antioquia: Eco-Tur\u00edstica con Cascada y Opci\u00f3n de Renta Corta.**  _x000D_<br \/>\nExclusiva finca ubicada en la vereda Batea Seca, a minutos del centro urbano y con f\u00e1cil acceso desde la autopista Medell\u00edn\u2013Bogot\u00e1. Combina confort moderno con la belleza natural de Antioquia.  _x000D_<br \/>\n_x000D_<br \/>\n**Espacios principales:** _x000D_<br \/>\nCasa principal de dos niveles con 4 habitaciones (ba\u00f1o privado en la principal), 3 ba\u00f1os sociales, chimenea, deck panor\u00e1mico, amplia terraza y sala de TV. Alojamiento adicional con casa de mayordomo y 2 glampings tipo A-frame, cada uno con ba\u00f1o privado, cama c\u00f3moda y kitchenette. Cocina integrada y comedor al aire libre.  _x000D_<br \/>\n_x000D_<br \/>\n**Atractivos:**  _x000D_<br \/>\nCascada natural dentro de la finca, jacuzzi exterior, zonas de picnic y fogata, amplias \u00e1reas verdes con jardines y vegetaci\u00f3n nativa. Parqueadero para 5 veh\u00edculos. Servicios completos: agua caliente, gas y electricidad._x000D_<br \/>\nIdeal para residencia, inversi\u00f3n eco-tur\u00edstica o retiro, cerca a comercios y servicios en Guarne.<\/p>\n","protected":false},"excerpt":{"rendered":"**Finca para Inversi\u00f3n en Guarne, Antioquia: Eco-Tur\u00edstica con Cascada y...","protected":false},"author":8420,"featured_media":303304,"template":"","es_locations":[79,3166,766],"es_categories":[124],"es_types":[118],"es_rent_periods":[],"es_labels":[],"es_statuses":[],"es_parkings":[],"es_roofs":[],"es_exterior_materials":[],"es_basements":[],"es_floor_coverings":[],"es_features":[149,2230,132,2145,134,2166,2331,2202,2918,2216,2400,2167,2445,2227,2135,2463,143,2228,144,2376,2204],"es_amenities":[2329,2243,2186,2153,2313,2189,2332,2207,2919,156,2403,2171,2447,2255,2142,2465,2290,2258,2289,2377,2209],"es_neighborhoods":[],"es_tags":[],"class_list":["post-303301","properties","type-properties","status-publish","has-post-thumbnail","hentry","es_location-antioquia","es_location-el-salado","es_location-guarne","es_category-arriendo","es_type-fincas","es_feature-aire-acondicionado","es_feature-alcantarillado","es_feature-balcon","es_feature-calentador","es_feature-chimenea","es_feature-closet","es_feature-cuarto-de-servicio","es_feature-garaje-parqueaderos","es_feature-invernadero","es_feature-parqueadero-visitantes","es_feature-piso-en-alfombra","es_feature-sauna-turco-jacuzzi","es_feature-senderos-ecologicos","es_feature-shut-de-basura","es_feature-sobre-via-principal","es_feature-tanques-de-agua","es_feature-terraza","es_feature-ventilacion-natural","es_feature-vista-panoramica","es_feature-vivienda-multifamiliar","es_feature-zonas-verdes","es_amenity-aire-acondicionado","es_amenity-alcantarillado","es_amenity-balcon","es_amenity-calentador","es_amenity-chimenea","es_amenity-closet","es_amenity-cuarto-de-servicio","es_amenity-garaje-parqueaderos","es_amenity-invernadero","es_amenity-parqueadero-visitantes","es_amenity-piso-en-alfombra","es_amenity-sauna-turco-jacuzzi","es_amenity-senderos-ecologicos","es_amenity-shut-de-basura","es_amenity-sobre-via-principal","es_amenity-tanques-de-agua","es_amenity-terraza","es_amenity-ventilacion-natural","es_amenity-vista-panoramica","es_amenity-vivienda-multifamiliar","es_amenity-zonas-verdes","es-post-entity"],"_links":{"self":[{"href":"https:\/\/arriendo.com\/co\/wp-json\/wp\/v2\/properties\/303301","targetHints":{"allow":["GET"]}}],"collection":[{"href":"https:\/\/arriendo.com\/co\/wp-json\/wp\/v2\/properties"}],"about":[{"href":"https:\/\/arriendo.com\/co\/wp-json\/wp\/v2\/types\/properties"}],"author":[{"embeddable":true,"href":"https:\/\/arriendo.com\/co\/wp-json\/wp\/v2\/users\/8420"}],"version-history":[{"count":0,"href":"https:\/\/arriendo.com\/co\/wp-json\/wp\/v2\/properties\/303301\/revisions"}],"wp:featuredmedia":[{"embeddable":true,"href":"https:\/\/arriendo.com\/co\/wp-json\/wp\/v2\/media\/303304"}],"wp:attachment":[{"href":"https:\/\/arriendo.com\/co\/wp-json\/wp\/v2\/media?parent=303301"}],"wp:term":[{"taxonomy":"es_location","embeddable":true,"href":"https:\/\/arriendo.com\/co\/wp-json\/wp\/v2\/es_locations?post=303301"},{"taxonomy":"es_category","embeddable":true,"href":"https:\/\/arriendo.com\/co\/wp-json\/wp\/v2\/es_categories?post=303301"},{"taxonomy":"es_type","embeddable":true,"href":"https:\/\/arriendo.com\/co\/wp-json\/wp\/v2\/es_types?post=303301"},{"taxonomy":"es_rent_period","embeddable":true,"href":"https:\/\/arriendo.com\/co\/wp-json\/wp\/v2\/es_rent_periods?post=303301"},{"taxonomy":"es_label","embeddable":true,"href":"https:\/\/arriendo.com\/co\/wp-json\/wp\/v2\/es_labels?post=303301"},{"taxonomy":"es_status","embeddable":true,"href":"https:\/\/arriendo.com\/co\/wp-json\/wp\/v2\/es_statuses?post=303301"},{"taxonomy":"es_parking","embeddable":true,"href":"https:\/\/arriendo.com\/co\/wp-json\/wp\/v2\/es_parkings?post=303301"},{"taxonomy":"es_roof","embeddable":true,"href":"https:\/\/arriendo.com\/co\/wp-json\/wp\/v2\/es_roofs?post=303301"},{"taxonomy":"es_exterior_material","embeddable":true,"href":"https:\/\/arriendo.com\/co\/wp-json\/wp\/v2\/es_exterior_materials?post=303301"},{"taxonomy":"es_basement","embeddable":true,"href":"https:\/\/arriendo.com\/co\/wp-json\/wp\/v2\/es_basements?post=303301"},{"taxonomy":"es_floor_covering","embeddable":true,"href":"https:\/\/arriendo.com\/co\/wp-json\/wp\/v2\/es_floor_coverings?post=303301"},{"taxonomy":"es_feature","embeddable":true,"href":"https:\/\/arriendo.com\/co\/wp-json\/wp\/v2\/es_features?post=303301"},{"taxonomy":"es_amenity","embeddable":true,"href":"https:\/\/arriendo.com\/co\/wp-json\/wp\/v2\/es_amenities?post=303301"},{"taxonomy":"es_neighborhood","embeddable":true,"href":"https:\/\/arriendo.com\/co\/wp-json\/wp\/v2\/es_neighborhoods?post=303301"},{"taxonomy":"es_tag","embeddable":true,"href":"https:\/\/arriendo.com\/co\/wp-json\/wp\/v2\/es_tags?post=303301"}],"curies":[{"name":"wp","href":"https:\/\/api.w.org\/{rel}","templated":true}]}}

<p>**Finca para Inversión en Guarne, Antioquia: Eco-Turística con Cascada y Opción de Renta Corta.**  _x000D_<br />
Exclusiva finca ubicada en la vereda Batea Seca, a minutos del centro urbano y con fácil acceso desde la autopista Medellín–Bogotá. Combina confort moderno con la belleza natural de Antioquia.  _x000D_<br />
_x000D_<br />
**Espacios principales:** _x000D_<br />
Casa principal de dos niveles con 4 habitaciones (baño privado en la principal), 3 baños sociales, chimenea, deck panorámico, amplia terraza y sala de TV. Alojamiento adicional con casa de mayordomo y 2 glampings tipo A-frame, cada uno con baño privado, cama cómoda y kitchenette. Cocina integrada y comedor al aire libre.  _x000D_<br />
_x000D_<br />
**Atractivos:**  _x000D_<br />
Cascada natural dentro de la finca, jacuzzi exterior, zonas de picnic y fogata, amplias áreas verdes con jardines y vegetación nativa. Parqueadero para 5 vehículos. Servicios completos: agua caliente, gas y electricidad._x000D_<br />
Ideal para residencia, inversión eco-turística o retiro, cerca a comercios y servicios en Guarne.</p>

**Finca para Inversión en Guarne, Antioquia: Eco-Turística con Cascada y...
