{"id":302895,"date":"2026-02-17T11:02:35","date_gmt":"2026-02-17T16:02:35","guid":{"rendered":"https:\/\/arriendo.com\/co\/%es_type%\/%address_city%\/%neighborhood%\/piedecuesta-barro-blanco-apartamento-en-arriendo-b9d8b3\/"},"modified":"2026-02-17T11:02:35","modified_gmt":"2026-02-17T16:02:35","slug":"AR-302895","status":"publish","type":"properties","link":"https:\/\/arriendo.com\/co\/apartamentos\/piedecuesta\/barro-blanco\/AR-302895\/","title":{"rendered":"Apartamento en  Arriendo en Barro blanco, Piedecuesta"},"content":{"rendered":"<p>Apartamento en arriendo barrio barro blanco Piedecuesta. Ubicaci\u00f3n interior, d\u00e9cimo piso, 50 metros cuadrados. Cuenta con 3 alcobas con 2 closet, 1 ba\u00f1o principal y 1 ba\u00f1o auxiliar con divisiones de ducha en acr\u00edlico, cocina integral con estufa y extractor, sin horno, sin calentador, zona de ropas, sala comedor, parqueadero comunal. Pisos en cer\u00e1mica y pintura color blanco tipo 1. porter\u00eda, recepci\u00f3n, cit\u00f3fono, ascensor, vigilancia 7&#215;24, circuito cerrado de tv, piscina, juegos infantiles, 2 salones sociales, cancha m\u00faltiple, zonas verdes, sendero para mascotas. 702-5756<\/p>\n","protected":false},"excerpt":{"rendered":"Apartamento en arriendo barrio barro blanco Piedecuesta. Ubicaci\u00f3n interior, d\u00e9cimo...","protected":false},"author":7428,"featured_media":302898,"template":"","es_locations":[1675,1636,104],"es_categories":[124],"es_types":[114],"es_rent_periods":[],"es_labels":[],"es_statuses":[],"es_parkings":[],"es_roofs":[],"es_exterior_materials":[],"es_basements":[],"es_floor_coverings":[],"es_features":[2230,2168,2212,2233,2131,133,2166,2146,2213,2296,2176,2149,145,2272,2181,2237,2134,2239,2136,2228,2241,2242,2151,2152],"es_amenities":[2243,2195,2217,2248,2139,2154,2189,2155,2218,2298,2191,2159,2160,2273,2194,160,2141,2256,2143,2258,2259,2260,162,2162],"es_neighborhoods":[],"es_tags":[],"class_list":["post-302895","properties","type-properties","status-publish","has-post-thumbnail","hentry","es_location-barro-blanco","es_location-piedecuesta","es_location-santander","es_category-arriendo","es_type-apartamentos","es_feature-alcantarillado","es_feature-area-urbana","es_feature-bano-auxiliar","es_feature-cerca-de-zona-urbana","es_feature-circuito-cerrado-de-tv","es_feature-citofono","es_feature-closet","es_feature-cocina-integral","es_feature-comedor","es_feature-en-edificio","es_feature-en-zona-residencial","es_feature-garajes","es_feature-instalacion-de-gas","es_feature-piso-en-baldosa-marmol","es_feature-porteria-vigilancia","es_feature-seguridad","es_feature-servicios-publicos","es_feature-sobre-via-secundaria","es_feature-trans-publico-cercano","es_feature-ventilacion-natural","es_feature-vigilancia-24x7","es_feature-vigilancia-privada-247","es_feature-zona-de-lavanderia","es_feature-zona-residencial","es_amenity-alcantarillado","es_amenity-area-urbana","es_amenity-bano-auxiliar","es_amenity-cerca-de-zona-urbana","es_amenity-circuito-cerrado-de-tv","es_amenity-citofono","es_amenity-closet","es_amenity-cocina-integral","es_amenity-comedor","es_amenity-en-edificio","es_amenity-en-zona-residencial","es_amenity-garajes","es_amenity-instalacion-de-gas","es_amenity-piso-en-baldosa-marmol","es_amenity-porteria-vigilancia","es_amenity-seguridad-cctv","es_amenity-servicios-publicos","es_amenity-sobre-via-secundaria","es_amenity-trans-publico-cercano","es_amenity-ventilacion-natural","es_amenity-vigilancia-24x7","es_amenity-vigilancia-privada-247","es_amenity-zona-de-lavanderia","es_amenity-zona-residencial","es-post-entity"],"_links":{"self":[{"href":"https:\/\/arriendo.com\/co\/wp-json\/wp\/v2\/properties\/302895","targetHints":{"allow":["GET"]}}],"collection":[{"href":"https:\/\/arriendo.com\/co\/wp-json\/wp\/v2\/properties"}],"about":[{"href":"https:\/\/arriendo.com\/co\/wp-json\/wp\/v2\/types\/properties"}],"author":[{"embeddable":true,"href":"https:\/\/arriendo.com\/co\/wp-json\/wp\/v2\/users\/7428"}],"version-history":[{"count":0,"href":"https:\/\/arriendo.com\/co\/wp-json\/wp\/v2\/properties\/302895\/revisions"}],"wp:featuredmedia":[{"embeddable":true,"href":"https:\/\/arriendo.com\/co\/wp-json\/wp\/v2\/media\/302898"}],"wp:attachment":[{"href":"https:\/\/arriendo.com\/co\/wp-json\/wp\/v2\/media?parent=302895"}],"wp:term":[{"taxonomy":"es_location","embeddable":true,"href":"https:\/\/arriendo.com\/co\/wp-json\/wp\/v2\/es_locations?post=302895"},{"taxonomy":"es_category","embeddable":true,"href":"https:\/\/arriendo.com\/co\/wp-json\/wp\/v2\/es_categories?post=302895"},{"taxonomy":"es_type","embeddable":true,"href":"https:\/\/arriendo.com\/co\/wp-json\/wp\/v2\/es_types?post=302895"},{"taxonomy":"es_rent_period","embeddable":true,"href":"https:\/\/arriendo.com\/co\/wp-json\/wp\/v2\/es_rent_periods?post=302895"},{"taxonomy":"es_label","embeddable":true,"href":"https:\/\/arriendo.com\/co\/wp-json\/wp\/v2\/es_labels?post=302895"},{"taxonomy":"es_status","embeddable":true,"href":"https:\/\/arriendo.com\/co\/wp-json\/wp\/v2\/es_statuses?post=302895"},{"taxonomy":"es_parking","embeddable":true,"href":"https:\/\/arriendo.com\/co\/wp-json\/wp\/v2\/es_parkings?post=302895"},{"taxonomy":"es_roof","embeddable":true,"href":"https:\/\/arriendo.com\/co\/wp-json\/wp\/v2\/es_roofs?post=302895"},{"taxonomy":"es_exterior_material","embeddable":true,"href":"https:\/\/arriendo.com\/co\/wp-json\/wp\/v2\/es_exterior_materials?post=302895"},{"taxonomy":"es_basement","embeddable":true,"href":"https:\/\/arriendo.com\/co\/wp-json\/wp\/v2\/es_basements?post=302895"},{"taxonomy":"es_floor_covering","embeddable":true,"href":"https:\/\/arriendo.com\/co\/wp-json\/wp\/v2\/es_floor_coverings?post=302895"},{"taxonomy":"es_feature","embeddable":true,"href":"https:\/\/arriendo.com\/co\/wp-json\/wp\/v2\/es_features?post=302895"},{"taxonomy":"es_amenity","embeddable":true,"href":"https:\/\/arriendo.com\/co\/wp-json\/wp\/v2\/es_amenities?post=302895"},{"taxonomy":"es_neighborhood","embeddable":true,"href":"https:\/\/arriendo.com\/co\/wp-json\/wp\/v2\/es_neighborhoods?post=302895"},{"taxonomy":"es_tag","embeddable":true,"href":"https:\/\/arriendo.com\/co\/wp-json\/wp\/v2\/es_tags?post=302895"}],"curies":[{"name":"wp","href":"https:\/\/api.w.org\/{rel}","templated":true}]}}

<p>Apartamento en arriendo barrio barro blanco Piedecuesta. Ubicación interior, décimo piso, 50 metros cuadrados. Cuenta con 3 alcobas con 2 closet, 1 baño principal y 1 baño auxiliar con divisiones de ducha en acrílico, cocina integral con estufa y extractor, sin horno, sin calentador, zona de ropas, sala comedor, parqueadero comunal. Pisos en cerámica y pintura color blanco tipo 1. portería, recepción, citófono, ascensor, vigilancia 7&#215;24, circuito cerrado de tv, piscina, juegos infantiles, 2 salones sociales, cancha múltiple, zonas verdes, sendero para mascotas. 702-5756</p>

Apartamento en arriendo barrio barro blanco Piedecuesta. Ubicación interior, décimo...
