{"id":302640,"date":"2026-02-17T10:12:55","date_gmt":"2026-02-17T15:12:55","guid":{"rendered":"https:\/\/arriendo.com\/co\/%es_type%\/%address_city%\/%neighborhood%\/sabaneta-mayorca-apartamento-en-arriendo-en-790f77\/"},"modified":"2026-02-17T10:12:55","modified_gmt":"2026-02-17T15:12:55","slug":"AR-302640","status":"publish","type":"properties","link":"https:\/\/arriendo.com\/co\/apartamentos\/sabaneta\/mayorca\/AR-302640\/","title":{"rendered":"Apartamento en Arriendo en Mayorca, Sabaneta"},"content":{"rendered":"<p>COMODIDADES: 2 habitaciones con closet, habitaci\u00f3n principal con ba\u00f1o, 2 ba\u00f1os, zona social amplia y amplio balc\u00f3n con hermosa vista, cocina integral, parqueadero privado cubierto, red de gas, electricidadSERVICIOS DE LA UNIDAD:Piscina familiar, juegos infantiles, senderos, zonas verdes, cancha polideportiva, sal\u00f3n social, parqueaderos visitantes, f\u00e1cil acceso personas con movilidad reducida.UBICACION: PRIVILEGIADA: con excelente ubicaci\u00f3n, muy cerca al Centro Comercial Mayorca, Se comunica con Parque de Sabaneta, parque de Envigado, parque de Itag\u00fc\u00ed, Cl\u00ednica Ces, Movistar Arena, Con todas las redes de servicios, estaci\u00f3n metro muy cerca, EPS, rutas de transporte, avenidas Vegas y Poblado.El apartamento ubicado en nivel 7, con hermosa vista hacia Sabaneta, lugar arborizado, fresco.<\/p>\n","protected":false},"excerpt":{"rendered":"COMODIDADES: 2 habitaciones con closet, habitaci\u00f3n principal con ba\u00f1o, 2...","protected":false},"author":7405,"featured_media":302643,"template":"","es_locations":[79,1844,473],"es_categories":[124],"es_types":[114],"es_rent_periods":[],"es_labels":[],"es_statuses":[],"es_parkings":[],"es_roofs":[],"es_exterior_materials":[],"es_basements":[],"es_floor_coverings":[],"es_features":[132,2164,2166,2175,2146,2296,2177,2149,145,2297],"es_amenities":[2186,2187,2189,2190,2155,2298,2192,2159,2160,2299],"es_neighborhoods":[],"es_tags":[],"class_list":["post-302640","properties","type-properties","status-publish","has-post-thumbnail","hentry","es_location-antioquia","es_location-mayorca","es_location-sabaneta","es_category-arriendo","es_type-apartamentos","es_feature-balcon","es_feature-bano-independiente","es_feature-closet","es_feature-cochera","es_feature-cocina-integral","es_feature-en-edificio","es_feature-finca-cafetera","es_feature-garajes","es_feature-instalacion-de-gas","es_feature-ubicada-en-edificio","es_amenity-balcon","es_amenity-bano-independiente","es_amenity-closet","es_amenity-cochera","es_amenity-cocina-integral","es_amenity-en-edificio","es_amenity-finca-cafetera","es_amenity-garajes","es_amenity-instalacion-de-gas","es_amenity-ubicada-en-edificio","es-post-entity"],"_links":{"self":[{"href":"https:\/\/arriendo.com\/co\/wp-json\/wp\/v2\/properties\/302640","targetHints":{"allow":["GET"]}}],"collection":[{"href":"https:\/\/arriendo.com\/co\/wp-json\/wp\/v2\/properties"}],"about":[{"href":"https:\/\/arriendo.com\/co\/wp-json\/wp\/v2\/types\/properties"}],"author":[{"embeddable":true,"href":"https:\/\/arriendo.com\/co\/wp-json\/wp\/v2\/users\/7405"}],"version-history":[{"count":0,"href":"https:\/\/arriendo.com\/co\/wp-json\/wp\/v2\/properties\/302640\/revisions"}],"wp:featuredmedia":[{"embeddable":true,"href":"https:\/\/arriendo.com\/co\/wp-json\/wp\/v2\/media\/302643"}],"wp:attachment":[{"href":"https:\/\/arriendo.com\/co\/wp-json\/wp\/v2\/media?parent=302640"}],"wp:term":[{"taxonomy":"es_location","embeddable":true,"href":"https:\/\/arriendo.com\/co\/wp-json\/wp\/v2\/es_locations?post=302640"},{"taxonomy":"es_category","embeddable":true,"href":"https:\/\/arriendo.com\/co\/wp-json\/wp\/v2\/es_categories?post=302640"},{"taxonomy":"es_type","embeddable":true,"href":"https:\/\/arriendo.com\/co\/wp-json\/wp\/v2\/es_types?post=302640"},{"taxonomy":"es_rent_period","embeddable":true,"href":"https:\/\/arriendo.com\/co\/wp-json\/wp\/v2\/es_rent_periods?post=302640"},{"taxonomy":"es_label","embeddable":true,"href":"https:\/\/arriendo.com\/co\/wp-json\/wp\/v2\/es_labels?post=302640"},{"taxonomy":"es_status","embeddable":true,"href":"https:\/\/arriendo.com\/co\/wp-json\/wp\/v2\/es_statuses?post=302640"},{"taxonomy":"es_parking","embeddable":true,"href":"https:\/\/arriendo.com\/co\/wp-json\/wp\/v2\/es_parkings?post=302640"},{"taxonomy":"es_roof","embeddable":true,"href":"https:\/\/arriendo.com\/co\/wp-json\/wp\/v2\/es_roofs?post=302640"},{"taxonomy":"es_exterior_material","embeddable":true,"href":"https:\/\/arriendo.com\/co\/wp-json\/wp\/v2\/es_exterior_materials?post=302640"},{"taxonomy":"es_basement","embeddable":true,"href":"https:\/\/arriendo.com\/co\/wp-json\/wp\/v2\/es_basements?post=302640"},{"taxonomy":"es_floor_covering","embeddable":true,"href":"https:\/\/arriendo.com\/co\/wp-json\/wp\/v2\/es_floor_coverings?post=302640"},{"taxonomy":"es_feature","embeddable":true,"href":"https:\/\/arriendo.com\/co\/wp-json\/wp\/v2\/es_features?post=302640"},{"taxonomy":"es_amenity","embeddable":true,"href":"https:\/\/arriendo.com\/co\/wp-json\/wp\/v2\/es_amenities?post=302640"},{"taxonomy":"es_neighborhood","embeddable":true,"href":"https:\/\/arriendo.com\/co\/wp-json\/wp\/v2\/es_neighborhoods?post=302640"},{"taxonomy":"es_tag","embeddable":true,"href":"https:\/\/arriendo.com\/co\/wp-json\/wp\/v2\/es_tags?post=302640"}],"curies":[{"name":"wp","href":"https:\/\/api.w.org\/{rel}","templated":true}]}}

<p>COMODIDADES: 2 habitaciones con closet, habitación principal con baño, 2 baños, zona social amplia y amplio balcón con hermosa vista, cocina integral, parqueadero privado cubierto, red de gas, electricidadSERVICIOS DE LA UNIDAD:Piscina familiar, juegos infantiles, senderos, zonas verdes, cancha polideportiva, salón social, parqueaderos visitantes, fácil acceso personas con movilidad reducida.UBICACION: PRIVILEGIADA: con excelente ubicación, muy cerca al Centro Comercial Mayorca, Se comunica con Parque de Sabaneta, parque de Envigado, parque de Itagüí, Clínica Ces, Movistar Arena, Con todas las redes de servicios, estación metro muy cerca, EPS, rutas de transporte, avenidas Vegas y Poblado.El apartamento ubicado en nivel 7, con hermosa vista hacia Sabaneta, lugar arborizado, fresco.</p>

COMODIDADES: 2 habitaciones con closet, habitación principal con baño, 2...
