{"id":302537,"date":"2026-02-17T10:11:31","date_gmt":"2026-02-17T15:11:31","guid":{"rendered":"https:\/\/arriendo.com\/co\/%es_type%\/%address_city%\/%neighborhood%\/envigado-loma-del-barro-apartamento-en-arriendo-en-3e625c\/"},"modified":"2026-02-17T10:11:32","modified_gmt":"2026-02-17T15:11:32","slug":"AR-302537","status":"publish","type":"properties","link":"https:\/\/arriendo.com\/co\/apartamentos\/envigado\/loma-del-barro\/AR-302537\/","title":{"rendered":"Apartamento en Arriendo en Loma del barro, Envigado"},"content":{"rendered":"<p>Apartamento para estrenar en arriendo ubicado en el sector de la cuenca en Envigado,  unidad cerrada, cuenta con un \u00e1rea de 63mts distribuidos en sala comedor, cocina integral, 3 habitaciones, la principal con ba\u00f1o privado y ba\u00f1o social, zona de ropas, parqueadero.<br \/>\nte permite tener f\u00e1cil movilidad hacia corredores viales importantes de la ciudad como la Avenida El Poblado y Las Vegas. Cerca con m\u00faltiples servicios como el C.C Mayorca, cl\u00ednica de la polic\u00eda, polideportivo sur.Buenas rutas de transporte publico e integrados del metro.<\/p>\n","protected":false},"excerpt":{"rendered":"Apartamento para estrenar en arriendo ubicado en el sector de...","protected":false},"author":7405,"featured_media":302540,"template":"","es_locations":[79,511,678],"es_categories":[124],"es_types":[114],"es_rent_periods":[],"es_labels":[],"es_statuses":[],"es_parkings":[],"es_roofs":[],"es_exterior_materials":[],"es_basements":[],"es_floor_coverings":[],"es_features":[2292,2168,131,132,2212,2164,2165,2145,2293,2166,2148,2296,2176,2177,2202,145,2216,2133,2181,2135,2150,2136,2297,2151,2152],"es_amenities":[2294,2195,152,2186,2217,2187,2188,2153,2295,2189,2157,2298,2191,2192,2207,2160,156,158,2194,2142,2161,2143,2299,162,2162],"es_neighborhoods":[],"es_tags":[],"class_list":["post-302537","properties","type-properties","status-publish","has-post-thumbnail","hentry","es_location-antioquia","es_location-envigado","es_location-loma-del-barro","es_category-arriendo","es_type-apartamentos","es_feature-acceso-pavimentado","es_feature-area-urbana","es_feature-ascensor","es_feature-balcon","es_feature-bano-auxiliar","es_feature-bano-independiente","es_feature-caldera","es_feature-calentador","es_feature-cerca-centro-comercial","es_feature-closet","es_feature-colegios-universidades","es_feature-en-edificio","es_feature-en-zona-residencial","es_feature-finca-cafetera","es_feature-garaje-parqueaderos","es_feature-instalacion-de-gas","es_feature-parqueadero-visitantes","es_feature-porteria-recepcion","es_feature-porteria-vigilancia","es_feature-sobre-via-principal","es_feature-supermercados-c-comerciales","es_feature-trans-publico-cercano","es_feature-ubicada-en-edificio","es_feature-zona-de-lavanderia","es_feature-zona-residencial","es_amenity-acceso-pavimentado","es_amenity-area-urbana","es_amenity-ascensor-privado","es_amenity-balcon","es_amenity-bano-auxiliar","es_amenity-bano-independiente","es_amenity-caldera","es_amenity-calentador","es_amenity-cerca-centro-comercial","es_amenity-closet","es_amenity-colegios-universidades","es_amenity-en-edificio","es_amenity-en-zona-residencial","es_amenity-finca-cafetera","es_amenity-garaje-parqueaderos","es_amenity-instalacion-de-gas","es_amenity-parqueadero-visitantes","es_amenity-porteria-recepcion","es_amenity-porteria-vigilancia","es_amenity-sobre-via-principal","es_amenity-supermercados-c-comerciales","es_amenity-trans-publico-cercano","es_amenity-ubicada-en-edificio","es_amenity-zona-de-lavanderia","es_amenity-zona-residencial","es-post-entity"],"_links":{"self":[{"href":"https:\/\/arriendo.com\/co\/wp-json\/wp\/v2\/properties\/302537","targetHints":{"allow":["GET"]}}],"collection":[{"href":"https:\/\/arriendo.com\/co\/wp-json\/wp\/v2\/properties"}],"about":[{"href":"https:\/\/arriendo.com\/co\/wp-json\/wp\/v2\/types\/properties"}],"author":[{"embeddable":true,"href":"https:\/\/arriendo.com\/co\/wp-json\/wp\/v2\/users\/7405"}],"version-history":[{"count":0,"href":"https:\/\/arriendo.com\/co\/wp-json\/wp\/v2\/properties\/302537\/revisions"}],"wp:featuredmedia":[{"embeddable":true,"href":"https:\/\/arriendo.com\/co\/wp-json\/wp\/v2\/media\/302540"}],"wp:attachment":[{"href":"https:\/\/arriendo.com\/co\/wp-json\/wp\/v2\/media?parent=302537"}],"wp:term":[{"taxonomy":"es_location","embeddable":true,"href":"https:\/\/arriendo.com\/co\/wp-json\/wp\/v2\/es_locations?post=302537"},{"taxonomy":"es_category","embeddable":true,"href":"https:\/\/arriendo.com\/co\/wp-json\/wp\/v2\/es_categories?post=302537"},{"taxonomy":"es_type","embeddable":true,"href":"https:\/\/arriendo.com\/co\/wp-json\/wp\/v2\/es_types?post=302537"},{"taxonomy":"es_rent_period","embeddable":true,"href":"https:\/\/arriendo.com\/co\/wp-json\/wp\/v2\/es_rent_periods?post=302537"},{"taxonomy":"es_label","embeddable":true,"href":"https:\/\/arriendo.com\/co\/wp-json\/wp\/v2\/es_labels?post=302537"},{"taxonomy":"es_status","embeddable":true,"href":"https:\/\/arriendo.com\/co\/wp-json\/wp\/v2\/es_statuses?post=302537"},{"taxonomy":"es_parking","embeddable":true,"href":"https:\/\/arriendo.com\/co\/wp-json\/wp\/v2\/es_parkings?post=302537"},{"taxonomy":"es_roof","embeddable":true,"href":"https:\/\/arriendo.com\/co\/wp-json\/wp\/v2\/es_roofs?post=302537"},{"taxonomy":"es_exterior_material","embeddable":true,"href":"https:\/\/arriendo.com\/co\/wp-json\/wp\/v2\/es_exterior_materials?post=302537"},{"taxonomy":"es_basement","embeddable":true,"href":"https:\/\/arriendo.com\/co\/wp-json\/wp\/v2\/es_basements?post=302537"},{"taxonomy":"es_floor_covering","embeddable":true,"href":"https:\/\/arriendo.com\/co\/wp-json\/wp\/v2\/es_floor_coverings?post=302537"},{"taxonomy":"es_feature","embeddable":true,"href":"https:\/\/arriendo.com\/co\/wp-json\/wp\/v2\/es_features?post=302537"},{"taxonomy":"es_amenity","embeddable":true,"href":"https:\/\/arriendo.com\/co\/wp-json\/wp\/v2\/es_amenities?post=302537"},{"taxonomy":"es_neighborhood","embeddable":true,"href":"https:\/\/arriendo.com\/co\/wp-json\/wp\/v2\/es_neighborhoods?post=302537"},{"taxonomy":"es_tag","embeddable":true,"href":"https:\/\/arriendo.com\/co\/wp-json\/wp\/v2\/es_tags?post=302537"}],"curies":[{"name":"wp","href":"https:\/\/api.w.org\/{rel}","templated":true}]}}

<p>Apartamento para estrenar en arriendo ubicado en el sector de la cuenca en Envigado,  unidad cerrada, cuenta con un área de 63mts distribuidos en sala comedor, cocina integral, 3 habitaciones, la principal con baño privado y baño social, zona de ropas, parqueadero.<br />
te permite tener fácil movilidad hacia corredores viales importantes de la ciudad como la Avenida El Poblado y Las Vegas. Cerca con múltiples servicios como el C.C Mayorca, clínica de la policía, polideportivo sur.Buenas rutas de transporte publico e integrados del metro.</p>
