{"id":302223,"date":"2026-02-17T09:47:55","date_gmt":"2026-02-17T14:47:55","guid":{"rendered":"https:\/\/arriendo.com\/co\/%es_type%\/%address_city%\/%neighborhood%\/cucuta-caobos-local-en-arriendo-en-b63504\/"},"modified":"2026-02-17T09:47:55","modified_gmt":"2026-02-17T14:47:55","slug":"AR-302223","status":"publish","type":"properties","link":"https:\/\/arriendo.com\/co\/locales\/cucuta\/caobos\/AR-302223\/","title":{"rendered":"Local en Arriendo en Caobos, C\u00facuta"},"content":{"rendered":"<p>Se arrienda Local de dos pisos sobre la avenida 0 con calle 13 en el sector de Caobos, Excelente ubicaci\u00f3n y cuenta con: <\/p>\n<p>\u2705 4 Ba\u00f1os<br \/>\n\u2705 espacios amplios<br \/>\n\u2705 Zona comercial<br \/>\n\u2705 2 cuartos de Aseo<br \/>\n\u2705 2 pisos<br \/>\n\u2705 Cocina<br \/>\n\u2705 Terraza<br \/>\n\u2705 Balc\u00f3n <\/p>\n<p>Agenda tu cita hoy mismo. Cont\u00e1ctanos al 3173395232 y te brindaremos toda la informaci\u00f3n que necesitas en tu b\u00fasqueda.<\/p>\n","protected":false},"excerpt":{"rendered":"Se arrienda Local de dos pisos sobre la avenida 0...","protected":false},"author":4102,"featured_media":302226,"template":"","es_locations":[3263,1760,99],"es_categories":[124],"es_types":[117],"es_rent_periods":[],"es_labels":[],"es_statuses":[],"es_parkings":[],"es_roofs":[],"es_exterior_materials":[],"es_basements":[],"es_floor_coverings":[],"es_features":[2265,2302,151,2201,2132,2440,2135,2137],"es_amenities":[2268,2303,2270,2206,2140,2441,2142,2144],"es_neighborhoods":[],"es_tags":[],"class_list":["post-302223","properties","type-properties","status-publish","has-post-thumbnail","hentry","es_location-caobos","es_location-cucuta","es_location-norte-de-santander","es_category-arriendo","es_type-locales","es_feature-bahia-exterior-de-parqueo","es_feature-cocineta","es_feature-deposito-bodega","es_feature-en-zona-comercial","es_feature-parques-cercanos","es_feature-patio-interno","es_feature-sobre-via-principal","es_feature-zona-comercial","es_amenity-bahia-exterior-de-parqueo","es_amenity-cocineta","es_amenity-deposito-bodega","es_amenity-en-zona-comercial","es_amenity-parques-cercanos","es_amenity-patio-interno","es_amenity-sobre-via-principal","es_amenity-zona-comercial","es-post-entity"],"_links":{"self":[{"href":"https:\/\/arriendo.com\/co\/wp-json\/wp\/v2\/properties\/302223","targetHints":{"allow":["GET"]}}],"collection":[{"href":"https:\/\/arriendo.com\/co\/wp-json\/wp\/v2\/properties"}],"about":[{"href":"https:\/\/arriendo.com\/co\/wp-json\/wp\/v2\/types\/properties"}],"author":[{"embeddable":true,"href":"https:\/\/arriendo.com\/co\/wp-json\/wp\/v2\/users\/4102"}],"version-history":[{"count":0,"href":"https:\/\/arriendo.com\/co\/wp-json\/wp\/v2\/properties\/302223\/revisions"}],"wp:featuredmedia":[{"embeddable":true,"href":"https:\/\/arriendo.com\/co\/wp-json\/wp\/v2\/media\/302226"}],"wp:attachment":[{"href":"https:\/\/arriendo.com\/co\/wp-json\/wp\/v2\/media?parent=302223"}],"wp:term":[{"taxonomy":"es_location","embeddable":true,"href":"https:\/\/arriendo.com\/co\/wp-json\/wp\/v2\/es_locations?post=302223"},{"taxonomy":"es_category","embeddable":true,"href":"https:\/\/arriendo.com\/co\/wp-json\/wp\/v2\/es_categories?post=302223"},{"taxonomy":"es_type","embeddable":true,"href":"https:\/\/arriendo.com\/co\/wp-json\/wp\/v2\/es_types?post=302223"},{"taxonomy":"es_rent_period","embeddable":true,"href":"https:\/\/arriendo.com\/co\/wp-json\/wp\/v2\/es_rent_periods?post=302223"},{"taxonomy":"es_label","embeddable":true,"href":"https:\/\/arriendo.com\/co\/wp-json\/wp\/v2\/es_labels?post=302223"},{"taxonomy":"es_status","embeddable":true,"href":"https:\/\/arriendo.com\/co\/wp-json\/wp\/v2\/es_statuses?post=302223"},{"taxonomy":"es_parking","embeddable":true,"href":"https:\/\/arriendo.com\/co\/wp-json\/wp\/v2\/es_parkings?post=302223"},{"taxonomy":"es_roof","embeddable":true,"href":"https:\/\/arriendo.com\/co\/wp-json\/wp\/v2\/es_roofs?post=302223"},{"taxonomy":"es_exterior_material","embeddable":true,"href":"https:\/\/arriendo.com\/co\/wp-json\/wp\/v2\/es_exterior_materials?post=302223"},{"taxonomy":"es_basement","embeddable":true,"href":"https:\/\/arriendo.com\/co\/wp-json\/wp\/v2\/es_basements?post=302223"},{"taxonomy":"es_floor_covering","embeddable":true,"href":"https:\/\/arriendo.com\/co\/wp-json\/wp\/v2\/es_floor_coverings?post=302223"},{"taxonomy":"es_feature","embeddable":true,"href":"https:\/\/arriendo.com\/co\/wp-json\/wp\/v2\/es_features?post=302223"},{"taxonomy":"es_amenity","embeddable":true,"href":"https:\/\/arriendo.com\/co\/wp-json\/wp\/v2\/es_amenities?post=302223"},{"taxonomy":"es_neighborhood","embeddable":true,"href":"https:\/\/arriendo.com\/co\/wp-json\/wp\/v2\/es_neighborhoods?post=302223"},{"taxonomy":"es_tag","embeddable":true,"href":"https:\/\/arriendo.com\/co\/wp-json\/wp\/v2\/es_tags?post=302223"}],"curies":[{"name":"wp","href":"https:\/\/api.w.org\/{rel}","templated":true}]}}

Local en Arriendo en Caobos, Cúcuta

<p>Se arrienda Local de dos pisos sobre la avenida 0 con calle 13 en el sector de Caobos, Excelente ubicación y cuenta con: </p>
<p>✅ 4 Baños<br />
✅ espacios amplios<br />
✅ Zona comercial<br />
✅ 2 cuartos de Aseo<br />
✅ 2 pisos<br />
✅ Cocina<br />
✅ Terraza<br />
✅ Balcón </p>
<p>Agenda tu cita hoy mismo. Contáctanos al 3173395232 y te brindaremos toda la información que necesitas en tu búsqueda.</p>
