{"id":301049,"date":"2026-02-17T09:25:43","date_gmt":"2026-02-17T14:25:43","guid":{"rendered":"https:\/\/arriendo.com\/co\/%es_type%\/%address_city%\/%neighborhood%\/jerico-belen-lote-en-venta-en-7c1552\/"},"modified":"2026-02-17T09:25:43","modified_gmt":"2026-02-17T14:25:43","slug":"AR-301049","status":"publish","type":"properties","link":"https:\/\/arriendo.com\/co\/lotes\/jerico\/belen\/AR-301049\/","title":{"rendered":"Lote en Venta en Bel\u00e9n, Jeric\u00f3"},"content":{"rendered":"<p>Se vende d\u00fao de lotes en Jeric\u00f3 con un \u00e1rea total de 14.163 m y 628 m construidos. La propiedad incluye una casa principal, dos caba\u00f1as, s\u00f3tano con zona de ropas, oratorio, cuarto \u00fatil, kiosko, sendero en piedra, muro y malla de cerramiento, adem\u00e1s de puertas automatizadas. El precio total del d\u00fao es de $2.500.000.000 COP, con posibilidad de negociar el valor de cada lote por separado. Ideal para proyectos tur\u00edsticos, familiares o de inversi\u00f3n en una de las zonas m\u00e1s atractivas del suroeste antioque\u00f1o. 912-1191<\/p>\n","protected":false},"excerpt":{"rendered":"Se vende d\u00fao de lotes en Jeric\u00f3 con un \u00e1rea...","protected":false},"author":7999,"featured_media":301052,"template":"","es_locations":[79,645,3258],"es_categories":[124],"es_types":[120],"es_rent_periods":[],"es_labels":[],"es_statuses":[],"es_parkings":[],"es_roofs":[],"es_exterior_materials":[],"es_basements":[],"es_floor_coverings":[],"es_features":[2229,2212,2232,2200,2233,2146,2148,2150,2228,2151],"es_amenities":[2261,2217,2246,2205,2248,2155,2157,2161,2258,162],"es_neighborhoods":[],"es_tags":[],"class_list":["post-301049","properties","type-properties","status-publish","has-post-thumbnail","hentry","es_location-antioquia","es_location-belen","es_location-jerico","es_category-arriendo","es_type-lotes","es_feature-arboles-frutales","es_feature-bano-auxiliar","es_feature-bosque-nativo","es_feature-cerca-a-sector-comercial","es_feature-cerca-de-zona-urbana","es_feature-cocina-integral","es_feature-colegios-universidades","es_feature-supermercados-c-comerciales","es_feature-ventilacion-natural","es_feature-zona-de-lavanderia","es_amenity-arboles-frutales","es_amenity-bano-auxiliar","es_amenity-bosque-nativo","es_amenity-cerca-a-sector-comercial","es_amenity-cerca-de-zona-urbana","es_amenity-cocina-integral","es_amenity-colegios-universidades","es_amenity-supermercados-c-comerciales","es_amenity-ventilacion-natural","es_amenity-zona-de-lavanderia","es-post-entity"],"_links":{"self":[{"href":"https:\/\/arriendo.com\/co\/wp-json\/wp\/v2\/properties\/301049","targetHints":{"allow":["GET"]}}],"collection":[{"href":"https:\/\/arriendo.com\/co\/wp-json\/wp\/v2\/properties"}],"about":[{"href":"https:\/\/arriendo.com\/co\/wp-json\/wp\/v2\/types\/properties"}],"author":[{"embeddable":true,"href":"https:\/\/arriendo.com\/co\/wp-json\/wp\/v2\/users\/7999"}],"version-history":[{"count":0,"href":"https:\/\/arriendo.com\/co\/wp-json\/wp\/v2\/properties\/301049\/revisions"}],"wp:featuredmedia":[{"embeddable":true,"href":"https:\/\/arriendo.com\/co\/wp-json\/wp\/v2\/media\/301052"}],"wp:attachment":[{"href":"https:\/\/arriendo.com\/co\/wp-json\/wp\/v2\/media?parent=301049"}],"wp:term":[{"taxonomy":"es_location","embeddable":true,"href":"https:\/\/arriendo.com\/co\/wp-json\/wp\/v2\/es_locations?post=301049"},{"taxonomy":"es_category","embeddable":true,"href":"https:\/\/arriendo.com\/co\/wp-json\/wp\/v2\/es_categories?post=301049"},{"taxonomy":"es_type","embeddable":true,"href":"https:\/\/arriendo.com\/co\/wp-json\/wp\/v2\/es_types?post=301049"},{"taxonomy":"es_rent_period","embeddable":true,"href":"https:\/\/arriendo.com\/co\/wp-json\/wp\/v2\/es_rent_periods?post=301049"},{"taxonomy":"es_label","embeddable":true,"href":"https:\/\/arriendo.com\/co\/wp-json\/wp\/v2\/es_labels?post=301049"},{"taxonomy":"es_status","embeddable":true,"href":"https:\/\/arriendo.com\/co\/wp-json\/wp\/v2\/es_statuses?post=301049"},{"taxonomy":"es_parking","embeddable":true,"href":"https:\/\/arriendo.com\/co\/wp-json\/wp\/v2\/es_parkings?post=301049"},{"taxonomy":"es_roof","embeddable":true,"href":"https:\/\/arriendo.com\/co\/wp-json\/wp\/v2\/es_roofs?post=301049"},{"taxonomy":"es_exterior_material","embeddable":true,"href":"https:\/\/arriendo.com\/co\/wp-json\/wp\/v2\/es_exterior_materials?post=301049"},{"taxonomy":"es_basement","embeddable":true,"href":"https:\/\/arriendo.com\/co\/wp-json\/wp\/v2\/es_basements?post=301049"},{"taxonomy":"es_floor_covering","embeddable":true,"href":"https:\/\/arriendo.com\/co\/wp-json\/wp\/v2\/es_floor_coverings?post=301049"},{"taxonomy":"es_feature","embeddable":true,"href":"https:\/\/arriendo.com\/co\/wp-json\/wp\/v2\/es_features?post=301049"},{"taxonomy":"es_amenity","embeddable":true,"href":"https:\/\/arriendo.com\/co\/wp-json\/wp\/v2\/es_amenities?post=301049"},{"taxonomy":"es_neighborhood","embeddable":true,"href":"https:\/\/arriendo.com\/co\/wp-json\/wp\/v2\/es_neighborhoods?post=301049"},{"taxonomy":"es_tag","embeddable":true,"href":"https:\/\/arriendo.com\/co\/wp-json\/wp\/v2\/es_tags?post=301049"}],"curies":[{"name":"wp","href":"https:\/\/api.w.org\/{rel}","templated":true}]}}

Lote en Venta en Belén, Jericó

<p>Se vende dúo de lotes en Jericó con un área total de 14.163 m y 628 m construidos. La propiedad incluye una casa principal, dos cabañas, sótano con zona de ropas, oratorio, cuarto útil, kiosko, sendero en piedra, muro y malla de cerramiento, además de puertas automatizadas. El precio total del dúo es de $2.500.000.000 COP, con posibilidad de negociar el valor de cada lote por separado. Ideal para proyectos turísticos, familiares o de inversión en una de las zonas más atractivas del suroeste antioqueño. 912-1191</p>

Se vende dúo de lotes en Jericó con un área...
