{"id":300789,"date":"2026-02-17T09:19:56","date_gmt":"2026-02-17T14:19:56","guid":{"rendered":"https:\/\/arriendo.com\/co\/%es_type%\/%address_city%\/%neighborhood%\/chia-delicias-sur-sector-la-balsa-apartamento-en-arriendo-en-c78541\/"},"modified":"2026-02-17T09:19:56","modified_gmt":"2026-02-17T14:19:56","slug":"AR-300789","status":"publish","type":"properties","link":"https:\/\/arriendo.com\/co\/apartamentos\/chia\/delicias-sur-sector-la-balsa\/AR-300789\/","title":{"rendered":"Apartamento en Arriendo en Delicias sur sector la balsa, Ch\u00eda"},"content":{"rendered":"<p>Hermoso apartamento para estrenar en el coraz\u00f3n de Ch\u00eda!<br \/>\nUbicado en un moderno conjunto residencial, este acogedor apartamento te ofrece la comodidad y el estilo de vida que est\u00e1s buscando. Disfruta de completas zonas sociales, \u00e1rea infantil, vigilancia 24\/7, recepci\u00f3n, oficina de administraci\u00f3n y f\u00e1cil acceso a transporte p\u00fablico. Vive cerca de todo, con la tranquilidad y seguridad que mereces.<\/p>\n","protected":false},"excerpt":{"rendered":"Hermoso apartamento para estrenar en el coraz\u00f3n de Ch\u00eda! Ubicado...","protected":false},"author":7502,"featured_media":300792,"template":"","es_locations":[203,91,3253],"es_categories":[124],"es_types":[114],"es_rent_periods":[],"es_labels":[],"es_statuses":[],"es_parkings":[],"es_roofs":[],"es_exterior_materials":[],"es_basements":[],"es_floor_coverings":[],"es_features":[131,2147,2179,2203,2182,2136,144,2185,2152],"es_amenities":[152,2156,154,2208,159,2143,2289,2173,2162],"es_neighborhoods":[],"es_tags":[],"class_list":["post-300789","properties","type-properties","status-publish","has-post-thumbnail","hentry","es_location-chia","es_location-cundinamarca","es_location-delicias-sur-sector-la-balsa","es_category-arriendo","es_type-apartamentos","es_feature-ascensor","es_feature-cocina-tipo-americano","es_feature-gimnasio","es_feature-jardines-exteriores","es_feature-salon-comunal","es_feature-trans-publico-cercano","es_feature-vista-panoramica","es_feature-zona-infantil","es_feature-zona-residencial","es_amenity-ascensor-privado","es_amenity-cocina-tipo-americano","es_amenity-gimnasio","es_amenity-jardines-exteriores","es_amenity-salon-comunal","es_amenity-trans-publico-cercano","es_amenity-vista-panoramica","es_amenity-zona-infantil","es_amenity-zona-residencial","es-post-entity"],"_links":{"self":[{"href":"https:\/\/arriendo.com\/co\/wp-json\/wp\/v2\/properties\/300789","targetHints":{"allow":["GET"]}}],"collection":[{"href":"https:\/\/arriendo.com\/co\/wp-json\/wp\/v2\/properties"}],"about":[{"href":"https:\/\/arriendo.com\/co\/wp-json\/wp\/v2\/types\/properties"}],"author":[{"embeddable":true,"href":"https:\/\/arriendo.com\/co\/wp-json\/wp\/v2\/users\/7502"}],"version-history":[{"count":0,"href":"https:\/\/arriendo.com\/co\/wp-json\/wp\/v2\/properties\/300789\/revisions"}],"wp:featuredmedia":[{"embeddable":true,"href":"https:\/\/arriendo.com\/co\/wp-json\/wp\/v2\/media\/300792"}],"wp:attachment":[{"href":"https:\/\/arriendo.com\/co\/wp-json\/wp\/v2\/media?parent=300789"}],"wp:term":[{"taxonomy":"es_location","embeddable":true,"href":"https:\/\/arriendo.com\/co\/wp-json\/wp\/v2\/es_locations?post=300789"},{"taxonomy":"es_category","embeddable":true,"href":"https:\/\/arriendo.com\/co\/wp-json\/wp\/v2\/es_categories?post=300789"},{"taxonomy":"es_type","embeddable":true,"href":"https:\/\/arriendo.com\/co\/wp-json\/wp\/v2\/es_types?post=300789"},{"taxonomy":"es_rent_period","embeddable":true,"href":"https:\/\/arriendo.com\/co\/wp-json\/wp\/v2\/es_rent_periods?post=300789"},{"taxonomy":"es_label","embeddable":true,"href":"https:\/\/arriendo.com\/co\/wp-json\/wp\/v2\/es_labels?post=300789"},{"taxonomy":"es_status","embeddable":true,"href":"https:\/\/arriendo.com\/co\/wp-json\/wp\/v2\/es_statuses?post=300789"},{"taxonomy":"es_parking","embeddable":true,"href":"https:\/\/arriendo.com\/co\/wp-json\/wp\/v2\/es_parkings?post=300789"},{"taxonomy":"es_roof","embeddable":true,"href":"https:\/\/arriendo.com\/co\/wp-json\/wp\/v2\/es_roofs?post=300789"},{"taxonomy":"es_exterior_material","embeddable":true,"href":"https:\/\/arriendo.com\/co\/wp-json\/wp\/v2\/es_exterior_materials?post=300789"},{"taxonomy":"es_basement","embeddable":true,"href":"https:\/\/arriendo.com\/co\/wp-json\/wp\/v2\/es_basements?post=300789"},{"taxonomy":"es_floor_covering","embeddable":true,"href":"https:\/\/arriendo.com\/co\/wp-json\/wp\/v2\/es_floor_coverings?post=300789"},{"taxonomy":"es_feature","embeddable":true,"href":"https:\/\/arriendo.com\/co\/wp-json\/wp\/v2\/es_features?post=300789"},{"taxonomy":"es_amenity","embeddable":true,"href":"https:\/\/arriendo.com\/co\/wp-json\/wp\/v2\/es_amenities?post=300789"},{"taxonomy":"es_neighborhood","embeddable":true,"href":"https:\/\/arriendo.com\/co\/wp-json\/wp\/v2\/es_neighborhoods?post=300789"},{"taxonomy":"es_tag","embeddable":true,"href":"https:\/\/arriendo.com\/co\/wp-json\/wp\/v2\/es_tags?post=300789"}],"curies":[{"name":"wp","href":"https:\/\/api.w.org\/{rel}","templated":true}]}}

Apartamento en Arriendo en Delicias sur sector la balsa, Chía

<p>Hermoso apartamento para estrenar en el corazón de Chía!<br />
Ubicado en un moderno conjunto residencial, este acogedor apartamento te ofrece la comodidad y el estilo de vida que estás buscando. Disfruta de completas zonas sociales, área infantil, vigilancia 24/7, recepción, oficina de administración y fácil acceso a transporte público. Vive cerca de todo, con la tranquilidad y seguridad que mereces.</p>

Hermoso apartamento para estrenar en el corazón de Chía! Ubicado...
