{"id":300594,"date":"2026-02-17T09:15:47","date_gmt":"2026-02-17T14:15:47","guid":{"rendered":"https:\/\/arriendo.com\/co\/%es_type%\/%address_city%\/%neighborhood%\/santa-marta-pozos-colorados-apartamento-en-arriendo-en-37fccd\/"},"modified":"2026-02-17T09:15:47","modified_gmt":"2026-02-17T14:15:47","slug":"AR-300594","status":"publish","type":"properties","link":"https:\/\/arriendo.com\/co\/apartamentos\/santa-marta\/pozos-colorados\/AR-300594\/","title":{"rendered":"Apartamento en Arriendo en Pozos Colorados, Santa marta"},"content":{"rendered":"<p>Vive en un ambiente exclusivo y c\u00f3modo con este hermoso apartamento para alquiler ubicado en el sector de Pozos Colorados, una de las zonas m\u00e1s privilegiadas y de alta valorizaci\u00f3n de la ciudad de Santa Marta, Colombia.<\/p>\n<p>El apartamento cuenta con un \u00e1rea total de 66.0 metros cuadrados, de los cuales 59.0 son de uso privado. Con una distribuci\u00f3n adecuada, este espacio brinda una sensaci\u00f3n de amplitud y luminosidad en cada uno de sus ambientes.<\/p>\n<p>El inmueble cuenta con 2 alcobas totalmente amobladas, ideal para una familia peque\u00f1a o una pareja que desee tener un espacio extra. Adem\u00e1s, dispone de 2 ba\u00f1os completos con acabados modernos y de alta calidad, ideal para garantizar el confort y funcionalidad en cada momento del d\u00eda.<\/p>\n<p>Para tu comodidad, el apartamento cuenta con 1 cupo de garaje cubierto, donde podr\u00e1s guardar tu veh\u00edculo de forma segura y protegida. Adem\u00e1s, cuenta con otras caracter\u00edsticas internas que te permitir\u00e1n disfrutar de tus actividades diarias sin preocupaciones, como aire acondicionado, cocina integral y piso laminado.<\/p>\n<p>Si eres amante de las mascotas, \u00a1este apartamento es perfecto para ti! Ya que admite la compa\u00f1\u00eda de tus peludos amigos en tu hogar. Para tu relajaci\u00f3n, cuenta con un balc\u00f3n con una hermosa vista panor\u00e1mica de la ciudad, que te permitir\u00e1 disfrutar de un agradable momento al aire libre.<\/p>\n<p>Disfruta de un espacio de paz y tranquilidad, gracias a sus caracter\u00edsticas externas como acceso pavimentado, club house, piscina y ter<\/p>\n","protected":false},"excerpt":{"rendered":"Vive en un ambiente exclusivo y c\u00f3modo con este hermoso...","protected":false},"author":7451,"featured_media":300597,"template":"","es_locations":[96,393,234],"es_categories":[124],"es_types":[114],"es_rent_periods":[],"es_labels":[],"es_statuses":[],"es_parkings":[],"es_roofs":[],"es_exterior_materials":[],"es_basements":[],"es_floor_coverings":[],"es_features":[2292,149,2262,132,2164,133,2146,145,2180,2181,143,144],"es_amenities":[2294,2329,2267,2186,2187,2154,2155,2160,157,2290,161,2289],"es_neighborhoods":[],"es_tags":[],"class_list":["post-300594","properties","type-properties","status-publish","has-post-thumbnail","hentry","es_location-magdalena","es_location-pozos-colorados","es_location-santa-marta","es_category-arriendo","es_type-apartamentos","es_feature-acceso-pavimentado","es_feature-aire-acondicionado","es_feature-amoblado","es_feature-balcon","es_feature-bano-independiente","es_feature-citofono","es_feature-cocina-integral","es_feature-instalacion-de-gas","es_feature-piscina","es_feature-porteria-vigilancia","es_feature-terraza","es_feature-vista-panoramica","es_amenity-acceso-pavimentado","es_amenity-aire-acondicionado","es_amenity-amoblado","es_amenity-balcon","es_amenity-bano-independiente","es_amenity-citofono","es_amenity-cocina-integral","es_amenity-instalacion-de-gas","es_amenity-piscina","es_amenity-terraza","es_amenity-vigilancia-24-7","es_amenity-vista-panoramica","es-post-entity"],"_links":{"self":[{"href":"https:\/\/arriendo.com\/co\/wp-json\/wp\/v2\/properties\/300594","targetHints":{"allow":["GET"]}}],"collection":[{"href":"https:\/\/arriendo.com\/co\/wp-json\/wp\/v2\/properties"}],"about":[{"href":"https:\/\/arriendo.com\/co\/wp-json\/wp\/v2\/types\/properties"}],"author":[{"embeddable":true,"href":"https:\/\/arriendo.com\/co\/wp-json\/wp\/v2\/users\/7451"}],"version-history":[{"count":0,"href":"https:\/\/arriendo.com\/co\/wp-json\/wp\/v2\/properties\/300594\/revisions"}],"wp:featuredmedia":[{"embeddable":true,"href":"https:\/\/arriendo.com\/co\/wp-json\/wp\/v2\/media\/300597"}],"wp:attachment":[{"href":"https:\/\/arriendo.com\/co\/wp-json\/wp\/v2\/media?parent=300594"}],"wp:term":[{"taxonomy":"es_location","embeddable":true,"href":"https:\/\/arriendo.com\/co\/wp-json\/wp\/v2\/es_locations?post=300594"},{"taxonomy":"es_category","embeddable":true,"href":"https:\/\/arriendo.com\/co\/wp-json\/wp\/v2\/es_categories?post=300594"},{"taxonomy":"es_type","embeddable":true,"href":"https:\/\/arriendo.com\/co\/wp-json\/wp\/v2\/es_types?post=300594"},{"taxonomy":"es_rent_period","embeddable":true,"href":"https:\/\/arriendo.com\/co\/wp-json\/wp\/v2\/es_rent_periods?post=300594"},{"taxonomy":"es_label","embeddable":true,"href":"https:\/\/arriendo.com\/co\/wp-json\/wp\/v2\/es_labels?post=300594"},{"taxonomy":"es_status","embeddable":true,"href":"https:\/\/arriendo.com\/co\/wp-json\/wp\/v2\/es_statuses?post=300594"},{"taxonomy":"es_parking","embeddable":true,"href":"https:\/\/arriendo.com\/co\/wp-json\/wp\/v2\/es_parkings?post=300594"},{"taxonomy":"es_roof","embeddable":true,"href":"https:\/\/arriendo.com\/co\/wp-json\/wp\/v2\/es_roofs?post=300594"},{"taxonomy":"es_exterior_material","embeddable":true,"href":"https:\/\/arriendo.com\/co\/wp-json\/wp\/v2\/es_exterior_materials?post=300594"},{"taxonomy":"es_basement","embeddable":true,"href":"https:\/\/arriendo.com\/co\/wp-json\/wp\/v2\/es_basements?post=300594"},{"taxonomy":"es_floor_covering","embeddable":true,"href":"https:\/\/arriendo.com\/co\/wp-json\/wp\/v2\/es_floor_coverings?post=300594"},{"taxonomy":"es_feature","embeddable":true,"href":"https:\/\/arriendo.com\/co\/wp-json\/wp\/v2\/es_features?post=300594"},{"taxonomy":"es_amenity","embeddable":true,"href":"https:\/\/arriendo.com\/co\/wp-json\/wp\/v2\/es_amenities?post=300594"},{"taxonomy":"es_neighborhood","embeddable":true,"href":"https:\/\/arriendo.com\/co\/wp-json\/wp\/v2\/es_neighborhoods?post=300594"},{"taxonomy":"es_tag","embeddable":true,"href":"https:\/\/arriendo.com\/co\/wp-json\/wp\/v2\/es_tags?post=300594"}],"curies":[{"name":"wp","href":"https:\/\/api.w.org\/{rel}","templated":true}]}}

<p>Vive en un ambiente exclusivo y cómodo con este hermoso apartamento para alquiler ubicado en el sector de Pozos Colorados, una de las zonas más privilegiadas y de alta valorización de la ciudad de Santa Marta, Colombia.</p>
<p>El apartamento cuenta con un área total de 66.0 metros cuadrados, de los cuales 59.0 son de uso privado. Con una distribución adecuada, este espacio brinda una sensación de amplitud y luminosidad en cada uno de sus ambientes.</p>
<p>El inmueble cuenta con 2 alcobas totalmente amobladas, ideal para una familia pequeña o una pareja que desee tener un espacio extra. Además, dispone de 2 baños completos con acabados modernos y de alta calidad, ideal para garantizar el confort y funcionalidad en cada momento del día.</p>
<p>Para tu comodidad, el apartamento cuenta con 1 cupo de garaje cubierto, donde podrás guardar tu vehículo de forma segura y protegida. Además, cuenta con otras características internas que te permitirán disfrutar de tus actividades diarias sin preocupaciones, como aire acondicionado, cocina integral y piso laminado.</p>
<p>Si eres amante de las mascotas, ¡este apartamento es perfecto para ti! Ya que admite la compañía de tus peludos amigos en tu hogar. Para tu relajación, cuenta con un balcón con una hermosa vista panorámica de la ciudad, que te permitirá disfrutar de un agradable momento al aire libre.</p>
<p>Disfruta de un espacio de paz y tranquilidad, gracias a sus características externas como acceso pavimentado, club house, piscina y ter</p>

Vive en un ambiente exclusivo y cómodo con este hermoso...
