{"id":299628,"date":"2026-02-16T16:16:38","date_gmt":"2026-02-16T21:16:38","guid":{"rendered":"https:\/\/arriendo.com\/co\/%es_type%\/%address_city%\/%neighborhood%\/bello-centro-apartamento-en-arriendo-en-6226ba\/"},"modified":"2026-02-16T16:16:38","modified_gmt":"2026-02-16T21:16:38","slug":"AR-299628","status":"publish","type":"properties","link":"https:\/\/arriendo.com\/co\/apartamentos\/bello\/centro\/AR-299628\/","title":{"rendered":"Apartamento en Arriendo en Centro, Bello"},"content":{"rendered":"<p>Apartamento en Arriendo El Carretero Bello<br \/>\nApartamento en ARRIENDO  piso 6. \u00c1rea aprox: 72 M2. Con las siguientes comodidades: Sala comedor, balc\u00f3n con vista panor\u00e1mica, cocina Integral con estufa a gas, red de gas, 2 alcobas, 1 closet, 1 vestier,  2 ba\u00f1os cabinados, zona de ropas, piso en cer\u00e1mica, parqueadero. El edificio cuenta con ascensor.Ubicado cerca mercados OR, d\u00f3lar City y Gimnasio Smarfit. Cuenta con c\u00f3modas v\u00edas de acceso a trav\u00e9s de las diferentes rutas de buses del transporte p\u00fablico,<\/p>\n","protected":false},"excerpt":{"rendered":"Apartamento en Arriendo El Carretero Bello Apartamento en ARRIENDO piso...","protected":false},"author":6945,"featured_media":299631,"template":"","es_locations":[79,538,505],"es_categories":[124],"es_types":[114],"es_rent_periods":[],"es_labels":[],"es_statuses":[],"es_parkings":[],"es_roofs":[],"es_exterior_materials":[],"es_basements":[],"es_floor_coverings":[],"es_features":[2292,131,132,2164,2166,2175,2146,2148,2296,2177,2149,145,2132,2150,2136,2297,2151],"es_amenities":[2294,152,2186,2187,2189,2190,2155,2157,2298,2192,2159,2160,2140,2161,2143,2299,162],"es_neighborhoods":[],"es_tags":[],"class_list":["post-299628","properties","type-properties","status-publish","has-post-thumbnail","hentry","es_location-antioquia","es_location-bello","es_location-centro","es_category-arriendo","es_type-apartamentos","es_feature-acceso-pavimentado","es_feature-ascensor","es_feature-balcon","es_feature-bano-independiente","es_feature-closet","es_feature-cochera","es_feature-cocina-integral","es_feature-colegios-universidades","es_feature-en-edificio","es_feature-finca-cafetera","es_feature-garajes","es_feature-instalacion-de-gas","es_feature-parques-cercanos","es_feature-supermercados-c-comerciales","es_feature-trans-publico-cercano","es_feature-ubicada-en-edificio","es_feature-zona-de-lavanderia","es_amenity-acceso-pavimentado","es_amenity-ascensor-privado","es_amenity-balcon","es_amenity-bano-independiente","es_amenity-closet","es_amenity-cochera","es_amenity-cocina-integral","es_amenity-colegios-universidades","es_amenity-en-edificio","es_amenity-finca-cafetera","es_amenity-garajes","es_amenity-instalacion-de-gas","es_amenity-parques-cercanos","es_amenity-supermercados-c-comerciales","es_amenity-trans-publico-cercano","es_amenity-ubicada-en-edificio","es_amenity-zona-de-lavanderia","es-post-entity"],"_links":{"self":[{"href":"https:\/\/arriendo.com\/co\/wp-json\/wp\/v2\/properties\/299628","targetHints":{"allow":["GET"]}}],"collection":[{"href":"https:\/\/arriendo.com\/co\/wp-json\/wp\/v2\/properties"}],"about":[{"href":"https:\/\/arriendo.com\/co\/wp-json\/wp\/v2\/types\/properties"}],"author":[{"embeddable":true,"href":"https:\/\/arriendo.com\/co\/wp-json\/wp\/v2\/users\/6945"}],"version-history":[{"count":0,"href":"https:\/\/arriendo.com\/co\/wp-json\/wp\/v2\/properties\/299628\/revisions"}],"wp:featuredmedia":[{"embeddable":true,"href":"https:\/\/arriendo.com\/co\/wp-json\/wp\/v2\/media\/299631"}],"wp:attachment":[{"href":"https:\/\/arriendo.com\/co\/wp-json\/wp\/v2\/media?parent=299628"}],"wp:term":[{"taxonomy":"es_location","embeddable":true,"href":"https:\/\/arriendo.com\/co\/wp-json\/wp\/v2\/es_locations?post=299628"},{"taxonomy":"es_category","embeddable":true,"href":"https:\/\/arriendo.com\/co\/wp-json\/wp\/v2\/es_categories?post=299628"},{"taxonomy":"es_type","embeddable":true,"href":"https:\/\/arriendo.com\/co\/wp-json\/wp\/v2\/es_types?post=299628"},{"taxonomy":"es_rent_period","embeddable":true,"href":"https:\/\/arriendo.com\/co\/wp-json\/wp\/v2\/es_rent_periods?post=299628"},{"taxonomy":"es_label","embeddable":true,"href":"https:\/\/arriendo.com\/co\/wp-json\/wp\/v2\/es_labels?post=299628"},{"taxonomy":"es_status","embeddable":true,"href":"https:\/\/arriendo.com\/co\/wp-json\/wp\/v2\/es_statuses?post=299628"},{"taxonomy":"es_parking","embeddable":true,"href":"https:\/\/arriendo.com\/co\/wp-json\/wp\/v2\/es_parkings?post=299628"},{"taxonomy":"es_roof","embeddable":true,"href":"https:\/\/arriendo.com\/co\/wp-json\/wp\/v2\/es_roofs?post=299628"},{"taxonomy":"es_exterior_material","embeddable":true,"href":"https:\/\/arriendo.com\/co\/wp-json\/wp\/v2\/es_exterior_materials?post=299628"},{"taxonomy":"es_basement","embeddable":true,"href":"https:\/\/arriendo.com\/co\/wp-json\/wp\/v2\/es_basements?post=299628"},{"taxonomy":"es_floor_covering","embeddable":true,"href":"https:\/\/arriendo.com\/co\/wp-json\/wp\/v2\/es_floor_coverings?post=299628"},{"taxonomy":"es_feature","embeddable":true,"href":"https:\/\/arriendo.com\/co\/wp-json\/wp\/v2\/es_features?post=299628"},{"taxonomy":"es_amenity","embeddable":true,"href":"https:\/\/arriendo.com\/co\/wp-json\/wp\/v2\/es_amenities?post=299628"},{"taxonomy":"es_neighborhood","embeddable":true,"href":"https:\/\/arriendo.com\/co\/wp-json\/wp\/v2\/es_neighborhoods?post=299628"},{"taxonomy":"es_tag","embeddable":true,"href":"https:\/\/arriendo.com\/co\/wp-json\/wp\/v2\/es_tags?post=299628"}],"curies":[{"name":"wp","href":"https:\/\/api.w.org\/{rel}","templated":true}]}}

<p>Apartamento en Arriendo El Carretero Bello<br />
Apartamento en ARRIENDO  piso 6. Área aprox: 72 M2. Con las siguientes comodidades: Sala comedor, balcón con vista panorámica, cocina Integral con estufa a gas, red de gas, 2 alcobas, 1 closet, 1 vestier,  2 baños cabinados, zona de ropas, piso en cerámica, parqueadero. El edificio cuenta con ascensor.Ubicado cerca mercados OR, dólar City y Gimnasio Smarfit. Cuenta con cómodas vías de acceso a través de las diferentes rutas de buses del transporte público,</p>
