{"id":299521,"date":"2026-02-16T16:15:08","date_gmt":"2026-02-16T21:15:08","guid":{"rendered":"https:\/\/arriendo.com\/co\/%es_type%\/%address_city%\/%neighborhood%\/bello-centro-local-en-arriendo-en-c55100\/"},"modified":"2026-02-16T16:15:08","modified_gmt":"2026-02-16T21:15:08","slug":"AR-299521","status":"publish","type":"properties","link":"https:\/\/arriendo.com\/co\/locales\/bello\/centro\/AR-299521\/","title":{"rendered":"Local en arriendo en Centro, Bello"},"content":{"rendered":"<p>OFICINA LOCAL en ARRIENDO Piso 2, con buena ubicaci\u00f3n, cerca al parque de Bello, cuenta con un \u00e1rea 60 metros, 2 ba\u00f1os y pisos en cer\u00e1mica, cocina sencilla, cuarto \u00fatil, balc\u00f3n.<br \/>\nCerca de supermercados, colegios, centros comerciales y con f\u00e1cil acceso a trav\u00e9s de las diferentes rutas de transporte p\u00fablico.<\/p>\n","protected":false},"excerpt":{"rendered":"OFICINA LOCAL en ARRIENDO Piso 2, con buena ubicaci\u00f3n, cerca...","protected":false},"author":6945,"featured_media":299524,"template":"","es_locations":[79,538,505],"es_categories":[124],"es_types":[117],"es_rent_periods":[],"es_labels":[],"es_statuses":[],"es_parkings":[],"es_roofs":[],"es_exterior_materials":[],"es_basements":[],"es_floor_coverings":[],"es_features":[2164,2200,2293,2302,2148,2201,2132,2150,2136,2137],"es_amenities":[2187,2205,2295,2303,2157,2206,2140,2161,2143,2144],"es_neighborhoods":[],"es_tags":[],"class_list":["post-299521","properties","type-properties","status-publish","has-post-thumbnail","hentry","es_location-antioquia","es_location-bello","es_location-centro","es_category-arriendo","es_type-locales","es_feature-bano-independiente","es_feature-cerca-a-sector-comercial","es_feature-cerca-centro-comercial","es_feature-cocineta","es_feature-colegios-universidades","es_feature-en-zona-comercial","es_feature-parques-cercanos","es_feature-supermercados-c-comerciales","es_feature-trans-publico-cercano","es_feature-zona-comercial","es_amenity-bano-independiente","es_amenity-cerca-a-sector-comercial","es_amenity-cerca-centro-comercial","es_amenity-cocineta","es_amenity-colegios-universidades","es_amenity-en-zona-comercial","es_amenity-parques-cercanos","es_amenity-supermercados-c-comerciales","es_amenity-trans-publico-cercano","es_amenity-zona-comercial","es-post-entity"],"_links":{"self":[{"href":"https:\/\/arriendo.com\/co\/wp-json\/wp\/v2\/properties\/299521","targetHints":{"allow":["GET"]}}],"collection":[{"href":"https:\/\/arriendo.com\/co\/wp-json\/wp\/v2\/properties"}],"about":[{"href":"https:\/\/arriendo.com\/co\/wp-json\/wp\/v2\/types\/properties"}],"author":[{"embeddable":true,"href":"https:\/\/arriendo.com\/co\/wp-json\/wp\/v2\/users\/6945"}],"version-history":[{"count":0,"href":"https:\/\/arriendo.com\/co\/wp-json\/wp\/v2\/properties\/299521\/revisions"}],"wp:featuredmedia":[{"embeddable":true,"href":"https:\/\/arriendo.com\/co\/wp-json\/wp\/v2\/media\/299524"}],"wp:attachment":[{"href":"https:\/\/arriendo.com\/co\/wp-json\/wp\/v2\/media?parent=299521"}],"wp:term":[{"taxonomy":"es_location","embeddable":true,"href":"https:\/\/arriendo.com\/co\/wp-json\/wp\/v2\/es_locations?post=299521"},{"taxonomy":"es_category","embeddable":true,"href":"https:\/\/arriendo.com\/co\/wp-json\/wp\/v2\/es_categories?post=299521"},{"taxonomy":"es_type","embeddable":true,"href":"https:\/\/arriendo.com\/co\/wp-json\/wp\/v2\/es_types?post=299521"},{"taxonomy":"es_rent_period","embeddable":true,"href":"https:\/\/arriendo.com\/co\/wp-json\/wp\/v2\/es_rent_periods?post=299521"},{"taxonomy":"es_label","embeddable":true,"href":"https:\/\/arriendo.com\/co\/wp-json\/wp\/v2\/es_labels?post=299521"},{"taxonomy":"es_status","embeddable":true,"href":"https:\/\/arriendo.com\/co\/wp-json\/wp\/v2\/es_statuses?post=299521"},{"taxonomy":"es_parking","embeddable":true,"href":"https:\/\/arriendo.com\/co\/wp-json\/wp\/v2\/es_parkings?post=299521"},{"taxonomy":"es_roof","embeddable":true,"href":"https:\/\/arriendo.com\/co\/wp-json\/wp\/v2\/es_roofs?post=299521"},{"taxonomy":"es_exterior_material","embeddable":true,"href":"https:\/\/arriendo.com\/co\/wp-json\/wp\/v2\/es_exterior_materials?post=299521"},{"taxonomy":"es_basement","embeddable":true,"href":"https:\/\/arriendo.com\/co\/wp-json\/wp\/v2\/es_basements?post=299521"},{"taxonomy":"es_floor_covering","embeddable":true,"href":"https:\/\/arriendo.com\/co\/wp-json\/wp\/v2\/es_floor_coverings?post=299521"},{"taxonomy":"es_feature","embeddable":true,"href":"https:\/\/arriendo.com\/co\/wp-json\/wp\/v2\/es_features?post=299521"},{"taxonomy":"es_amenity","embeddable":true,"href":"https:\/\/arriendo.com\/co\/wp-json\/wp\/v2\/es_amenities?post=299521"},{"taxonomy":"es_neighborhood","embeddable":true,"href":"https:\/\/arriendo.com\/co\/wp-json\/wp\/v2\/es_neighborhoods?post=299521"},{"taxonomy":"es_tag","embeddable":true,"href":"https:\/\/arriendo.com\/co\/wp-json\/wp\/v2\/es_tags?post=299521"}],"curies":[{"name":"wp","href":"https:\/\/api.w.org\/{rel}","templated":true}]}}

<p>OFICINA LOCAL en ARRIENDO Piso 2, con buena ubicación, cerca al parque de Bello, cuenta con un área 60 metros, 2 baños y pisos en cerámica, cocina sencilla, cuarto útil, balcón.<br />
Cerca de supermercados, colegios, centros comerciales y con fácil acceso a través de las diferentes rutas de transporte público.</p>

OFICINA LOCAL en ARRIENDO Piso 2, con buena ubicación, cerca...
