{"id":299497,"date":"2026-02-16T16:14:46","date_gmt":"2026-02-16T21:14:46","guid":{"rendered":"https:\/\/arriendo.com\/co\/%es_type%\/%address_city%\/%neighborhood%\/bello-parque-tulio-ospina-local-en-arriendo-en-600e02\/"},"modified":"2026-02-16T16:14:46","modified_gmt":"2026-02-16T21:14:46","slug":"AR-299497","status":"publish","type":"properties","link":"https:\/\/arriendo.com\/co\/locales\/bello\/parque-tulio-ospina\/AR-299497\/","title":{"rendered":"Local en arriendo en Parque tulio ospina, Bello"},"content":{"rendered":"<p>Se ARRIENDA LOCAL DUPLEX a estrenar, cerca al  Parque Bello. \u00c1rea 215 M2 aproximadamente. Ubicado en un 5\u00b0 piso con ascensor, normatividad para descapacitados. El local tiene excelente vista panor\u00e1mica, red de gas, 2 ba\u00f1os, con instalaci\u00f3n para cocina y aires acondicionado, piso en cer\u00e1mica. Ubicado cerca de la Funeraria Los Olivos y f\u00e1cil acceso a trav\u00e9s de las diferentes rutas de transporte p\u00fablico. Cuenta con parqueaderos aldea\u00f1os<br \/>\nCanon $17.000.000 *** (IVA) TOTAL : $ ***<\/p>\n","protected":false},"excerpt":{"rendered":"Se ARRIENDA LOCAL DUPLEX a estrenar, cerca al Parque Bello....","protected":false},"author":6945,"featured_media":299500,"template":"","es_locations":[79,538,3241],"es_categories":[124],"es_types":[117],"es_rent_periods":[],"es_labels":[],"es_statuses":[],"es_parkings":[],"es_roofs":[],"es_exterior_materials":[],"es_basements":[],"es_floor_coverings":[],"es_features":[2292,131,2164,2148,145,2304,2150,2136,144],"es_amenities":[2294,152,2187,2157,2160,2307,2161,2143,2289],"es_neighborhoods":[],"es_tags":[],"class_list":["post-299497","properties","type-properties","status-publish","has-post-thumbnail","hentry","es_location-antioquia","es_location-bello","es_location-parque-tulio-ospina","es_category-arriendo","es_type-locales","es_feature-acceso-pavimentado","es_feature-ascensor","es_feature-bano-independiente","es_feature-colegios-universidades","es_feature-instalacion-de-gas","es_feature-panoramica-360o","es_feature-supermercados-c-comerciales","es_feature-trans-publico-cercano","es_feature-vista-panoramica","es_amenity-acceso-pavimentado","es_amenity-ascensor-privado","es_amenity-bano-independiente","es_amenity-colegios-universidades","es_amenity-instalacion-de-gas","es_amenity-panoramica-360o","es_amenity-supermercados-c-comerciales","es_amenity-trans-publico-cercano","es_amenity-vista-panoramica","es-post-entity"],"_links":{"self":[{"href":"https:\/\/arriendo.com\/co\/wp-json\/wp\/v2\/properties\/299497","targetHints":{"allow":["GET"]}}],"collection":[{"href":"https:\/\/arriendo.com\/co\/wp-json\/wp\/v2\/properties"}],"about":[{"href":"https:\/\/arriendo.com\/co\/wp-json\/wp\/v2\/types\/properties"}],"author":[{"embeddable":true,"href":"https:\/\/arriendo.com\/co\/wp-json\/wp\/v2\/users\/6945"}],"version-history":[{"count":0,"href":"https:\/\/arriendo.com\/co\/wp-json\/wp\/v2\/properties\/299497\/revisions"}],"wp:featuredmedia":[{"embeddable":true,"href":"https:\/\/arriendo.com\/co\/wp-json\/wp\/v2\/media\/299500"}],"wp:attachment":[{"href":"https:\/\/arriendo.com\/co\/wp-json\/wp\/v2\/media?parent=299497"}],"wp:term":[{"taxonomy":"es_location","embeddable":true,"href":"https:\/\/arriendo.com\/co\/wp-json\/wp\/v2\/es_locations?post=299497"},{"taxonomy":"es_category","embeddable":true,"href":"https:\/\/arriendo.com\/co\/wp-json\/wp\/v2\/es_categories?post=299497"},{"taxonomy":"es_type","embeddable":true,"href":"https:\/\/arriendo.com\/co\/wp-json\/wp\/v2\/es_types?post=299497"},{"taxonomy":"es_rent_period","embeddable":true,"href":"https:\/\/arriendo.com\/co\/wp-json\/wp\/v2\/es_rent_periods?post=299497"},{"taxonomy":"es_label","embeddable":true,"href":"https:\/\/arriendo.com\/co\/wp-json\/wp\/v2\/es_labels?post=299497"},{"taxonomy":"es_status","embeddable":true,"href":"https:\/\/arriendo.com\/co\/wp-json\/wp\/v2\/es_statuses?post=299497"},{"taxonomy":"es_parking","embeddable":true,"href":"https:\/\/arriendo.com\/co\/wp-json\/wp\/v2\/es_parkings?post=299497"},{"taxonomy":"es_roof","embeddable":true,"href":"https:\/\/arriendo.com\/co\/wp-json\/wp\/v2\/es_roofs?post=299497"},{"taxonomy":"es_exterior_material","embeddable":true,"href":"https:\/\/arriendo.com\/co\/wp-json\/wp\/v2\/es_exterior_materials?post=299497"},{"taxonomy":"es_basement","embeddable":true,"href":"https:\/\/arriendo.com\/co\/wp-json\/wp\/v2\/es_basements?post=299497"},{"taxonomy":"es_floor_covering","embeddable":true,"href":"https:\/\/arriendo.com\/co\/wp-json\/wp\/v2\/es_floor_coverings?post=299497"},{"taxonomy":"es_feature","embeddable":true,"href":"https:\/\/arriendo.com\/co\/wp-json\/wp\/v2\/es_features?post=299497"},{"taxonomy":"es_amenity","embeddable":true,"href":"https:\/\/arriendo.com\/co\/wp-json\/wp\/v2\/es_amenities?post=299497"},{"taxonomy":"es_neighborhood","embeddable":true,"href":"https:\/\/arriendo.com\/co\/wp-json\/wp\/v2\/es_neighborhoods?post=299497"},{"taxonomy":"es_tag","embeddable":true,"href":"https:\/\/arriendo.com\/co\/wp-json\/wp\/v2\/es_tags?post=299497"}],"curies":[{"name":"wp","href":"https:\/\/api.w.org\/{rel}","templated":true}]}}

<p>Se ARRIENDA LOCAL DUPLEX a estrenar, cerca al  Parque Bello. Área 215 M2 aproximadamente. Ubicado en un 5° piso con ascensor, normatividad para descapacitados. El local tiene excelente vista panorámica, red de gas, 2 baños, con instalación para cocina y aires acondicionado, piso en cerámica. Ubicado cerca de la Funeraria Los Olivos y fácil acceso a través de las diferentes rutas de transporte público. Cuenta con parqueaderos aldeaños<br />
Canon $17.000.000 *** (IVA) TOTAL : $ ***</p>
