{"id":299440,"date":"2026-02-16T16:14:01","date_gmt":"2026-02-16T21:14:01","guid":{"rendered":"https:\/\/arriendo.com\/co\/%es_type%\/%address_city%\/%neighborhood%\/bello-centro-local-en-arriendo-952d98\/"},"modified":"2026-02-16T16:14:01","modified_gmt":"2026-02-16T21:14:01","slug":"AR-299440","status":"publish","type":"properties","link":"https:\/\/arriendo.com\/co\/locales\/bello\/centro\/AR-299440\/","title":{"rendered":"Local en  Arriendo en Centro, Bello"},"content":{"rendered":"<p>LOCAL en ARRIENDO en Bello, sector parque con un \u00e1rea aproximada de 123 m2 aproximadamente, 2 ba\u00f1o, lavamanos,  cocineta, piso en cer\u00e1mica. Con buena ubicaci\u00f3n y f\u00e1cil acceso al transporte publico. Diagonal a la Notaria 1 de Bello y el banco Agrario.El valor del canon mas iva.<\/p>\n","protected":false},"excerpt":{"rendered":"LOCAL en ARRIENDO en Bello, sector parque con un \u00e1rea...","protected":false},"author":6945,"featured_media":299443,"template":"","es_locations":[79,538,505],"es_categories":[124],"es_types":[117],"es_rent_periods":[],"es_labels":[],"es_statuses":[],"es_parkings":[],"es_roofs":[],"es_exterior_materials":[],"es_basements":[],"es_floor_coverings":[],"es_features":[2164,2302,2220],"es_amenities":[2187,2303,2221],"es_neighborhoods":[],"es_tags":[],"class_list":["post-299440","properties","type-properties","status-publish","has-post-thumbnail","hentry","es_location-antioquia","es_location-bello","es_location-centro","es_category-arriendo","es_type-locales","es_feature-bano-independiente","es_feature-cocineta","es_feature-patio","es_amenity-bano-independiente","es_amenity-cocineta","es_amenity-patio","es-post-entity"],"_links":{"self":[{"href":"https:\/\/arriendo.com\/co\/wp-json\/wp\/v2\/properties\/299440","targetHints":{"allow":["GET"]}}],"collection":[{"href":"https:\/\/arriendo.com\/co\/wp-json\/wp\/v2\/properties"}],"about":[{"href":"https:\/\/arriendo.com\/co\/wp-json\/wp\/v2\/types\/properties"}],"author":[{"embeddable":true,"href":"https:\/\/arriendo.com\/co\/wp-json\/wp\/v2\/users\/6945"}],"version-history":[{"count":0,"href":"https:\/\/arriendo.com\/co\/wp-json\/wp\/v2\/properties\/299440\/revisions"}],"wp:featuredmedia":[{"embeddable":true,"href":"https:\/\/arriendo.com\/co\/wp-json\/wp\/v2\/media\/299443"}],"wp:attachment":[{"href":"https:\/\/arriendo.com\/co\/wp-json\/wp\/v2\/media?parent=299440"}],"wp:term":[{"taxonomy":"es_location","embeddable":true,"href":"https:\/\/arriendo.com\/co\/wp-json\/wp\/v2\/es_locations?post=299440"},{"taxonomy":"es_category","embeddable":true,"href":"https:\/\/arriendo.com\/co\/wp-json\/wp\/v2\/es_categories?post=299440"},{"taxonomy":"es_type","embeddable":true,"href":"https:\/\/arriendo.com\/co\/wp-json\/wp\/v2\/es_types?post=299440"},{"taxonomy":"es_rent_period","embeddable":true,"href":"https:\/\/arriendo.com\/co\/wp-json\/wp\/v2\/es_rent_periods?post=299440"},{"taxonomy":"es_label","embeddable":true,"href":"https:\/\/arriendo.com\/co\/wp-json\/wp\/v2\/es_labels?post=299440"},{"taxonomy":"es_status","embeddable":true,"href":"https:\/\/arriendo.com\/co\/wp-json\/wp\/v2\/es_statuses?post=299440"},{"taxonomy":"es_parking","embeddable":true,"href":"https:\/\/arriendo.com\/co\/wp-json\/wp\/v2\/es_parkings?post=299440"},{"taxonomy":"es_roof","embeddable":true,"href":"https:\/\/arriendo.com\/co\/wp-json\/wp\/v2\/es_roofs?post=299440"},{"taxonomy":"es_exterior_material","embeddable":true,"href":"https:\/\/arriendo.com\/co\/wp-json\/wp\/v2\/es_exterior_materials?post=299440"},{"taxonomy":"es_basement","embeddable":true,"href":"https:\/\/arriendo.com\/co\/wp-json\/wp\/v2\/es_basements?post=299440"},{"taxonomy":"es_floor_covering","embeddable":true,"href":"https:\/\/arriendo.com\/co\/wp-json\/wp\/v2\/es_floor_coverings?post=299440"},{"taxonomy":"es_feature","embeddable":true,"href":"https:\/\/arriendo.com\/co\/wp-json\/wp\/v2\/es_features?post=299440"},{"taxonomy":"es_amenity","embeddable":true,"href":"https:\/\/arriendo.com\/co\/wp-json\/wp\/v2\/es_amenities?post=299440"},{"taxonomy":"es_neighborhood","embeddable":true,"href":"https:\/\/arriendo.com\/co\/wp-json\/wp\/v2\/es_neighborhoods?post=299440"},{"taxonomy":"es_tag","embeddable":true,"href":"https:\/\/arriendo.com\/co\/wp-json\/wp\/v2\/es_tags?post=299440"}],"curies":[{"name":"wp","href":"https:\/\/api.w.org\/{rel}","templated":true}]}}

<p>LOCAL en ARRIENDO en Bello, sector parque con un área aproximada de 123 m2 aproximadamente, 2 baño, lavamanos,  cocineta, piso en cerámica. Con buena ubicación y fácil acceso al transporte publico. Diagonal a la Notaria 1 de Bello y el banco Agrario.El valor del canon mas iva.</p>

LOCAL en ARRIENDO en Bello, sector parque con un área...
