{"id":299168,"date":"2026-02-16T15:58:46","date_gmt":"2026-02-16T20:58:46","guid":{"rendered":"https:\/\/arriendo.com\/co\/%es_type%\/%address_city%\/%neighborhood%\/itagui-centro-local-en-arriendo-en-608d08\/"},"modified":"2026-02-16T15:58:46","modified_gmt":"2026-02-16T20:58:46","slug":"AR-299168","status":"publish","type":"properties","link":"https:\/\/arriendo.com\/co\/locales\/itagui\/centro\/AR-299168\/","title":{"rendered":"Local en Arriendo en Centro, Itagu\u00ed"},"content":{"rendered":"<p>Local el alquiler y venta Itag\u00fc\u00ed Las Margaritas &#8211; Centro Comercial Itag\u00fc\u00ed Plaza; 1\u00b0 piso cuenta con de \u00e1rea 42Mts2 aproximadamente, piso en porcelanato, cerca al Parque Principal de Itag\u00fc\u00ed, Comfama, Parroquia Nuestra Se\u00f1ora del Rosario; comercio cercano, restaurantes. Rutas integrales del metro y transporte p\u00fablico general. Mayor informaci\u00f3n: (604)322.87.20 &#8211; 300.371.71.89 &#8211; 314.586.28.83.<\/p>\n","protected":false},"excerpt":{"rendered":"Local el alquiler y venta Itag\u00fc\u00ed Las Margaritas &#8211; Centro...","protected":false},"author":4102,"featured_media":299171,"template":"","es_locations":[79,505,475],"es_categories":[124],"es_types":[117],"es_rent_periods":[],"es_labels":[],"es_statuses":[],"es_parkings":[],"es_roofs":[],"es_exterior_materials":[],"es_basements":[],"es_floor_coverings":[],"es_features":[131,2265,2131,2454,2201,2385,2216,2132,2272,2181,2135,2228,2241,2137],"es_amenities":[152,2268,2139,2456,2206,2386,156,2140,2273,2142,2258,161,2259,2144],"es_neighborhoods":[],"es_tags":[],"class_list":["post-299168","properties","type-properties","status-publish","has-post-thumbnail","hentry","es_location-antioquia","es_location-centro","es_location-itagui","es_category-arriendo","es_type-locales","es_feature-ascensor","es_feature-bahia-exterior-de-parqueo","es_feature-circuito-cerrado-de-tv","es_feature-en-centro-comercial","es_feature-en-zona-comercial","es_feature-local-exterior","es_feature-parqueadero-visitantes","es_feature-parques-cercanos","es_feature-piso-en-baldosa-marmol","es_feature-porteria-vigilancia","es_feature-sobre-via-principal","es_feature-ventilacion-natural","es_feature-vigilancia-24x7","es_feature-zona-comercial","es_amenity-ascensor-privado","es_amenity-bahia-exterior-de-parqueo","es_amenity-circuito-cerrado-de-tv","es_amenity-en-centro-comercial","es_amenity-en-zona-comercial","es_amenity-local-exterior","es_amenity-parqueadero-visitantes","es_amenity-parques-cercanos","es_amenity-piso-en-baldosa-marmol","es_amenity-sobre-via-principal","es_amenity-ventilacion-natural","es_amenity-vigilancia-24-7","es_amenity-vigilancia-24x7","es_amenity-zona-comercial","es-post-entity"],"_links":{"self":[{"href":"https:\/\/arriendo.com\/co\/wp-json\/wp\/v2\/properties\/299168","targetHints":{"allow":["GET"]}}],"collection":[{"href":"https:\/\/arriendo.com\/co\/wp-json\/wp\/v2\/properties"}],"about":[{"href":"https:\/\/arriendo.com\/co\/wp-json\/wp\/v2\/types\/properties"}],"author":[{"embeddable":true,"href":"https:\/\/arriendo.com\/co\/wp-json\/wp\/v2\/users\/4102"}],"version-history":[{"count":0,"href":"https:\/\/arriendo.com\/co\/wp-json\/wp\/v2\/properties\/299168\/revisions"}],"wp:featuredmedia":[{"embeddable":true,"href":"https:\/\/arriendo.com\/co\/wp-json\/wp\/v2\/media\/299171"}],"wp:attachment":[{"href":"https:\/\/arriendo.com\/co\/wp-json\/wp\/v2\/media?parent=299168"}],"wp:term":[{"taxonomy":"es_location","embeddable":true,"href":"https:\/\/arriendo.com\/co\/wp-json\/wp\/v2\/es_locations?post=299168"},{"taxonomy":"es_category","embeddable":true,"href":"https:\/\/arriendo.com\/co\/wp-json\/wp\/v2\/es_categories?post=299168"},{"taxonomy":"es_type","embeddable":true,"href":"https:\/\/arriendo.com\/co\/wp-json\/wp\/v2\/es_types?post=299168"},{"taxonomy":"es_rent_period","embeddable":true,"href":"https:\/\/arriendo.com\/co\/wp-json\/wp\/v2\/es_rent_periods?post=299168"},{"taxonomy":"es_label","embeddable":true,"href":"https:\/\/arriendo.com\/co\/wp-json\/wp\/v2\/es_labels?post=299168"},{"taxonomy":"es_status","embeddable":true,"href":"https:\/\/arriendo.com\/co\/wp-json\/wp\/v2\/es_statuses?post=299168"},{"taxonomy":"es_parking","embeddable":true,"href":"https:\/\/arriendo.com\/co\/wp-json\/wp\/v2\/es_parkings?post=299168"},{"taxonomy":"es_roof","embeddable":true,"href":"https:\/\/arriendo.com\/co\/wp-json\/wp\/v2\/es_roofs?post=299168"},{"taxonomy":"es_exterior_material","embeddable":true,"href":"https:\/\/arriendo.com\/co\/wp-json\/wp\/v2\/es_exterior_materials?post=299168"},{"taxonomy":"es_basement","embeddable":true,"href":"https:\/\/arriendo.com\/co\/wp-json\/wp\/v2\/es_basements?post=299168"},{"taxonomy":"es_floor_covering","embeddable":true,"href":"https:\/\/arriendo.com\/co\/wp-json\/wp\/v2\/es_floor_coverings?post=299168"},{"taxonomy":"es_feature","embeddable":true,"href":"https:\/\/arriendo.com\/co\/wp-json\/wp\/v2\/es_features?post=299168"},{"taxonomy":"es_amenity","embeddable":true,"href":"https:\/\/arriendo.com\/co\/wp-json\/wp\/v2\/es_amenities?post=299168"},{"taxonomy":"es_neighborhood","embeddable":true,"href":"https:\/\/arriendo.com\/co\/wp-json\/wp\/v2\/es_neighborhoods?post=299168"},{"taxonomy":"es_tag","embeddable":true,"href":"https:\/\/arriendo.com\/co\/wp-json\/wp\/v2\/es_tags?post=299168"}],"curies":[{"name":"wp","href":"https:\/\/api.w.org\/{rel}","templated":true}]}}

Local en Arriendo en Centro, Itaguí

<p>Local el alquiler y venta Itagüí Las Margaritas &#8211; Centro Comercial Itagüí Plaza; 1° piso cuenta con de área 42Mts2 aproximadamente, piso en porcelanato, cerca al Parque Principal de Itagüí, Comfama, Parroquia Nuestra Señora del Rosario; comercio cercano, restaurantes. Rutas integrales del metro y transporte público general. Mayor información: (604)322.87.20 &#8211; 300.371.71.89 &#8211; 314.586.28.83.</p>

Local el alquiler y venta Itagüí Las Margaritas &#8211; Centro...
