{"id":299089,"date":"2026-02-16T15:57:31","date_gmt":"2026-02-16T20:57:31","guid":{"rendered":"https:\/\/arriendo.com\/co\/%es_type%\/%address_city%\/%neighborhood%\/itagui-san-isidro-local-en-arriendo-en-b2272d\/"},"modified":"2026-02-16T15:57:31","modified_gmt":"2026-02-16T20:57:31","slug":"AR-299089","status":"publish","type":"properties","link":"https:\/\/arriendo.com\/co\/locales\/itagui\/san-isidro\/AR-299089\/","title":{"rendered":"Local en Arriendo en San isidro, Itagu\u00ed"},"content":{"rendered":"<p>Local en alquiler nuevo sector Itag\u00fc\u00ed San isidro de 42.33mt2 aproximadamente, cuenta, 1 ba\u00f1os, cocineta, red de gas, excelente ubicaci\u00f3n cerca de la Avenida Pilsen y Centro Comercial Plaza Arrayanes, Cerveceria Union (Bavaria), Exito de Itagui, Via San antonio de Prado, zona residencial supermercados, rutas de transporte integradas, Estaci\u00f3n del Metro de Sabaneta. Mayor informaci\u00f3n. (604)322.87.20 &#8211; 314.586.28.83 -300.371.71.89.<\/p>\n","protected":false},"excerpt":{"rendered":"Local en alquiler nuevo sector Itag\u00fc\u00ed San isidro de 42.33mt2...","protected":false},"author":4102,"featured_media":299092,"template":"","es_locations":[79,475,1810],"es_categories":[124],"es_types":[117],"es_rent_periods":[],"es_labels":[],"es_statuses":[],"es_parkings":[],"es_roofs":[],"es_exterior_materials":[],"es_basements":[],"es_floor_coverings":[],"es_features":[2131,2302,2296,2385,2132,2272,2610,2135,2239,2228,2137,2152],"es_amenities":[2139,2303,2298,2386,2140,2273,2611,2142,2256,2258,2144,2162],"es_neighborhoods":[],"es_tags":[],"class_list":["post-299089","properties","type-properties","status-publish","has-post-thumbnail","hentry","es_location-antioquia","es_location-itagui","es_location-san-isidro","es_category-arriendo","es_type-locales","es_feature-circuito-cerrado-de-tv","es_feature-cocineta","es_feature-en-edificio","es_feature-local-exterior","es_feature-parques-cercanos","es_feature-piso-en-baldosa-marmol","es_feature-sensor-de-movimiento","es_feature-sobre-via-principal","es_feature-sobre-via-secundaria","es_feature-ventilacion-natural","es_feature-zona-comercial","es_feature-zona-residencial","es_amenity-circuito-cerrado-de-tv","es_amenity-cocineta","es_amenity-en-edificio","es_amenity-local-exterior","es_amenity-parques-cercanos","es_amenity-piso-en-baldosa-marmol","es_amenity-sensor-de-movimiento","es_amenity-sobre-via-principal","es_amenity-sobre-via-secundaria","es_amenity-ventilacion-natural","es_amenity-zona-comercial","es_amenity-zona-residencial","es-post-entity"],"_links":{"self":[{"href":"https:\/\/arriendo.com\/co\/wp-json\/wp\/v2\/properties\/299089","targetHints":{"allow":["GET"]}}],"collection":[{"href":"https:\/\/arriendo.com\/co\/wp-json\/wp\/v2\/properties"}],"about":[{"href":"https:\/\/arriendo.com\/co\/wp-json\/wp\/v2\/types\/properties"}],"author":[{"embeddable":true,"href":"https:\/\/arriendo.com\/co\/wp-json\/wp\/v2\/users\/4102"}],"version-history":[{"count":0,"href":"https:\/\/arriendo.com\/co\/wp-json\/wp\/v2\/properties\/299089\/revisions"}],"wp:featuredmedia":[{"embeddable":true,"href":"https:\/\/arriendo.com\/co\/wp-json\/wp\/v2\/media\/299092"}],"wp:attachment":[{"href":"https:\/\/arriendo.com\/co\/wp-json\/wp\/v2\/media?parent=299089"}],"wp:term":[{"taxonomy":"es_location","embeddable":true,"href":"https:\/\/arriendo.com\/co\/wp-json\/wp\/v2\/es_locations?post=299089"},{"taxonomy":"es_category","embeddable":true,"href":"https:\/\/arriendo.com\/co\/wp-json\/wp\/v2\/es_categories?post=299089"},{"taxonomy":"es_type","embeddable":true,"href":"https:\/\/arriendo.com\/co\/wp-json\/wp\/v2\/es_types?post=299089"},{"taxonomy":"es_rent_period","embeddable":true,"href":"https:\/\/arriendo.com\/co\/wp-json\/wp\/v2\/es_rent_periods?post=299089"},{"taxonomy":"es_label","embeddable":true,"href":"https:\/\/arriendo.com\/co\/wp-json\/wp\/v2\/es_labels?post=299089"},{"taxonomy":"es_status","embeddable":true,"href":"https:\/\/arriendo.com\/co\/wp-json\/wp\/v2\/es_statuses?post=299089"},{"taxonomy":"es_parking","embeddable":true,"href":"https:\/\/arriendo.com\/co\/wp-json\/wp\/v2\/es_parkings?post=299089"},{"taxonomy":"es_roof","embeddable":true,"href":"https:\/\/arriendo.com\/co\/wp-json\/wp\/v2\/es_roofs?post=299089"},{"taxonomy":"es_exterior_material","embeddable":true,"href":"https:\/\/arriendo.com\/co\/wp-json\/wp\/v2\/es_exterior_materials?post=299089"},{"taxonomy":"es_basement","embeddable":true,"href":"https:\/\/arriendo.com\/co\/wp-json\/wp\/v2\/es_basements?post=299089"},{"taxonomy":"es_floor_covering","embeddable":true,"href":"https:\/\/arriendo.com\/co\/wp-json\/wp\/v2\/es_floor_coverings?post=299089"},{"taxonomy":"es_feature","embeddable":true,"href":"https:\/\/arriendo.com\/co\/wp-json\/wp\/v2\/es_features?post=299089"},{"taxonomy":"es_amenity","embeddable":true,"href":"https:\/\/arriendo.com\/co\/wp-json\/wp\/v2\/es_amenities?post=299089"},{"taxonomy":"es_neighborhood","embeddable":true,"href":"https:\/\/arriendo.com\/co\/wp-json\/wp\/v2\/es_neighborhoods?post=299089"},{"taxonomy":"es_tag","embeddable":true,"href":"https:\/\/arriendo.com\/co\/wp-json\/wp\/v2\/es_tags?post=299089"}],"curies":[{"name":"wp","href":"https:\/\/api.w.org\/{rel}","templated":true}]}}

Local en Arriendo en San isidro, Itaguí

<p>Local en alquiler nuevo sector Itagüí San isidro de 42.33mt2 aproximadamente, cuenta, 1 baños, cocineta, red de gas, excelente ubicación cerca de la Avenida Pilsen y Centro Comercial Plaza Arrayanes, Cerveceria Union (Bavaria), Exito de Itagui, Via San antonio de Prado, zona residencial supermercados, rutas de transporte integradas, Estación del Metro de Sabaneta. Mayor información. (604)322.87.20 &#8211; 314.586.28.83 -300.371.71.89.</p>

Local en alquiler nuevo sector Itagüí San isidro de 42.33mt2...
