{"id":298697,"date":"2026-02-16T15:38:34","date_gmt":"2026-02-16T20:38:34","guid":{"rendered":"https:\/\/arriendo.com\/co\/%es_type%\/%address_city%\/%neighborhood%\/madrid-san-pedro-apartamento-en-arriendo-en-a40719\/"},"modified":"2026-02-16T15:38:34","modified_gmt":"2026-02-16T20:38:34","slug":"AR-298697","status":"publish","type":"properties","link":"https:\/\/arriendo.com\/co\/apartamentos\/madrid\/san-pedro\/AR-298697\/","title":{"rendered":"Apartamento en Arriendo en San pedro, Madrid"},"content":{"rendered":"<p>MADRID- sector  la finca &#8211; san pedro &#8211; Descubra este encantador y s\u00faper acogedor apartamento en Madrid, estrat\u00e9gicamente ubicado para ofrecerle la m\u00e1xima comodidad y accesibilidad. Disfrute de la proximidad a instituciones educativas de prestigio como el Colegio San Pedro, as\u00ed como a centros de ocio y deporte como el Club Deportivo de Madrid. Su excelente ubicaci\u00f3n tambi\u00e9n le permite un acceso r\u00e1pido a importantes v\u00edas y a reconocidas empresas como Ajover y Postob\u00f3n, facilitando su d\u00eda a d\u00eda.<\/p>\n<p>Este luminoso apartamento cuenta con dos amplias alcobas, ambas equipadas con pr\u00e1cticos cl\u00f3sets que optimizan el espacio de almacenamiento. La sala comedor, dise\u00f1ada para el confort, es el lugar ideal para relajarse o compartir momentos especiales. Dispone de un ba\u00f1o completo y una moderna cocina integral a gas, completamente equipada para satisfacer todas sus necesidades culinarias. Adem\u00e1s, incluye un calentador a gas que asegura agua caliente al instante. Uno de los grandes atractivos es su patio con domo corredizo, un espacio vers\u00e1til perfecto para disfrutar al aire libre en cualquier momento. Los pisos de cer\u00e1mica aportan un toque de elegancia y son de f\u00e1cil mantenimiento, y todas las ventanas est\u00e1n elegantemente encortinadas, brindando privacidad y un ambiente acogedor. Los excelentes acabados en cada rinc\u00f3n de la propiedad reflejan la calidad y el cuidado en su dise\u00f1o.<\/p>\n<p>Las zonas comunes del conjunto residencial complementan a la perfecci\u00f3n esta oferta, proporcionando un estilo de vida completo y<\/p>\n","protected":false},"excerpt":{"rendered":"MADRID- sector la finca &#8211; san pedro &#8211; Descubra este...","protected":false},"author":7825,"featured_media":298714,"template":"","es_locations":[91,182,841],"es_categories":[124],"es_types":[114],"es_rent_periods":[],"es_labels":[],"es_statuses":[],"es_parkings":[],"es_roofs":[],"es_exterior_materials":[],"es_basements":[],"es_floor_coverings":[],"es_features":[2145,2131,2146,2196,145,2216,2220,2272,2133,2181,2182,2151,2152],"es_amenities":[2153,2139,2155,2197,2160,156,2221,2273,158,159,161,162,2162],"es_neighborhoods":[],"es_tags":[],"class_list":["post-298697","properties","type-properties","status-publish","has-post-thumbnail","hentry","es_location-cundinamarca","es_location-madrid","es_location-san-pedro","es_category-arriendo","es_type-apartamentos","es_feature-calentador","es_feature-circuito-cerrado-de-tv","es_feature-cocina-integral","es_feature-en-conjunto-cerrado","es_feature-instalacion-de-gas","es_feature-parqueadero-visitantes","es_feature-patio","es_feature-piso-en-baldosa-marmol","es_feature-porteria-recepcion","es_feature-porteria-vigilancia","es_feature-salon-comunal","es_feature-zona-de-lavanderia","es_feature-zona-residencial","es_amenity-calentador","es_amenity-circuito-cerrado-de-tv","es_amenity-cocina-integral","es_amenity-en-conjunto-cerrado","es_amenity-instalacion-de-gas","es_amenity-parqueadero-visitantes","es_amenity-patio","es_amenity-piso-en-baldosa-marmol","es_amenity-porteria-recepcion","es_amenity-salon-comunal","es_amenity-vigilancia-24-7","es_amenity-zona-de-lavanderia","es_amenity-zona-residencial","es-post-entity"],"_links":{"self":[{"href":"https:\/\/arriendo.com\/co\/wp-json\/wp\/v2\/properties\/298697","targetHints":{"allow":["GET"]}}],"collection":[{"href":"https:\/\/arriendo.com\/co\/wp-json\/wp\/v2\/properties"}],"about":[{"href":"https:\/\/arriendo.com\/co\/wp-json\/wp\/v2\/types\/properties"}],"author":[{"embeddable":true,"href":"https:\/\/arriendo.com\/co\/wp-json\/wp\/v2\/users\/7825"}],"version-history":[{"count":0,"href":"https:\/\/arriendo.com\/co\/wp-json\/wp\/v2\/properties\/298697\/revisions"}],"wp:featuredmedia":[{"embeddable":true,"href":"https:\/\/arriendo.com\/co\/wp-json\/wp\/v2\/media\/298714"}],"wp:attachment":[{"href":"https:\/\/arriendo.com\/co\/wp-json\/wp\/v2\/media?parent=298697"}],"wp:term":[{"taxonomy":"es_location","embeddable":true,"href":"https:\/\/arriendo.com\/co\/wp-json\/wp\/v2\/es_locations?post=298697"},{"taxonomy":"es_category","embeddable":true,"href":"https:\/\/arriendo.com\/co\/wp-json\/wp\/v2\/es_categories?post=298697"},{"taxonomy":"es_type","embeddable":true,"href":"https:\/\/arriendo.com\/co\/wp-json\/wp\/v2\/es_types?post=298697"},{"taxonomy":"es_rent_period","embeddable":true,"href":"https:\/\/arriendo.com\/co\/wp-json\/wp\/v2\/es_rent_periods?post=298697"},{"taxonomy":"es_label","embeddable":true,"href":"https:\/\/arriendo.com\/co\/wp-json\/wp\/v2\/es_labels?post=298697"},{"taxonomy":"es_status","embeddable":true,"href":"https:\/\/arriendo.com\/co\/wp-json\/wp\/v2\/es_statuses?post=298697"},{"taxonomy":"es_parking","embeddable":true,"href":"https:\/\/arriendo.com\/co\/wp-json\/wp\/v2\/es_parkings?post=298697"},{"taxonomy":"es_roof","embeddable":true,"href":"https:\/\/arriendo.com\/co\/wp-json\/wp\/v2\/es_roofs?post=298697"},{"taxonomy":"es_exterior_material","embeddable":true,"href":"https:\/\/arriendo.com\/co\/wp-json\/wp\/v2\/es_exterior_materials?post=298697"},{"taxonomy":"es_basement","embeddable":true,"href":"https:\/\/arriendo.com\/co\/wp-json\/wp\/v2\/es_basements?post=298697"},{"taxonomy":"es_floor_covering","embeddable":true,"href":"https:\/\/arriendo.com\/co\/wp-json\/wp\/v2\/es_floor_coverings?post=298697"},{"taxonomy":"es_feature","embeddable":true,"href":"https:\/\/arriendo.com\/co\/wp-json\/wp\/v2\/es_features?post=298697"},{"taxonomy":"es_amenity","embeddable":true,"href":"https:\/\/arriendo.com\/co\/wp-json\/wp\/v2\/es_amenities?post=298697"},{"taxonomy":"es_neighborhood","embeddable":true,"href":"https:\/\/arriendo.com\/co\/wp-json\/wp\/v2\/es_neighborhoods?post=298697"},{"taxonomy":"es_tag","embeddable":true,"href":"https:\/\/arriendo.com\/co\/wp-json\/wp\/v2\/es_tags?post=298697"}],"curies":[{"name":"wp","href":"https:\/\/api.w.org\/{rel}","templated":true}]}}

<p>MADRID- sector  la finca &#8211; san pedro &#8211; Descubra este encantador y súper acogedor apartamento en Madrid, estratégicamente ubicado para ofrecerle la máxima comodidad y accesibilidad. Disfrute de la proximidad a instituciones educativas de prestigio como el Colegio San Pedro, así como a centros de ocio y deporte como el Club Deportivo de Madrid. Su excelente ubicación también le permite un acceso rápido a importantes vías y a reconocidas empresas como Ajover y Postobón, facilitando su día a día.</p>
<p>Este luminoso apartamento cuenta con dos amplias alcobas, ambas equipadas con prácticos clósets que optimizan el espacio de almacenamiento. La sala comedor, diseñada para el confort, es el lugar ideal para relajarse o compartir momentos especiales. Dispone de un baño completo y una moderna cocina integral a gas, completamente equipada para satisfacer todas sus necesidades culinarias. Además, incluye un calentador a gas que asegura agua caliente al instante. Uno de los grandes atractivos es su patio con domo corredizo, un espacio versátil perfecto para disfrutar al aire libre en cualquier momento. Los pisos de cerámica aportan un toque de elegancia y son de fácil mantenimiento, y todas las ventanas están elegantemente encortinadas, brindando privacidad y un ambiente acogedor. Los excelentes acabados en cada rincón de la propiedad reflejan la calidad y el cuidado en su diseño.</p>
<p>Las zonas comunes del conjunto residencial complementan a la perfección esta oferta, proporcionando un estilo de vida completo y</p>
